-- https://www.phpmyadmin.net/
--

START TRANSACTION;



--
-- Database: `systemsolution`
--

-- --------------------------------------------------------

--
-- Table structure for table `ss_address`
--

CREATE TABLE `ss_address` (
  `address_id` int(11) NOT NULL,
  `customer_id` int(11) NOT NULL,
  `firstname` varchar(32) NOT NULL,
  `lastname` varchar(32) NOT NULL,
  `company` varchar(40) NOT NULL,
  `address_1` varchar(128) NOT NULL,
  `address_2` varchar(128) NOT NULL,
  `city` varchar(128) NOT NULL,
  `postcode` varchar(10) NOT NULL,
  `country_id` int(11) NOT NULL DEFAULT 0,
  `zone_id` int(11) NOT NULL DEFAULT 0,
  `custom_field` text NOT NULL
) ENGINE=MyISAM DEFAULT CHARSET=utf8;

--
-- Dumping data for table `ss_address`
--

INSERT INTO `ss_address` (`address_id`, `customer_id`, `firstname`, `lastname`, `company`, `address_1`, `address_2`, `city`, `postcode`, `country_id`, `zone_id`, `custom_field`) VALUES
(1, 1, 'Pramod Patil', '', 'abc.com', 'pune', '', 'pune', '411401', 99, 1493, '[]'),
(2, 2, 'Sumedh Saha', '', 'TachZyena soft soltuion', 'Magarpatta ,Pune', '', 'Pune', '401402', 99, 1493, '[]'),
(3, 1, 'Pramod Patil', '', 'abc.com', 'Lolhapur', '', 'Kolhapur', '411412', 99, 1493, '[]');

-- --------------------------------------------------------

--
-- Table structure for table `ss_api`
--

CREATE TABLE `ss_api` (
  `api_id` int(11) NOT NULL,
  `username` varchar(64) NOT NULL,
  `key` text NOT NULL,
  `status` tinyint(1) NOT NULL,
  `date_added` datetime NOT NULL,
  `date_modified` datetime NOT NULL
) ENGINE=MyISAM DEFAULT CHARSET=utf8;

--
-- Dumping data for table `ss_api`
--

INSERT INTO `ss_api` (`api_id`, `username`, `key`, `status`, `date_added`, `date_modified`) VALUES
(1, 'Default', 'TZtNtrRjNChFDot8YhespPQfAbMqxbiWYOHI5m7yITxKQ09H59tbZ8JjBmdXnkYM780HvUAzKFUNjkOvxGXYOqbsBsktnx6mg8NB94PFj1XJPD7YaWGP3LKzlwrMCcqFxjV9Nu8maStBxkh2HEbDDZZ1vuKsiCQ4zTRRfeX5iJtVhAMywcbn5W3xmt7SQbgmOGkXtpyXlcnW3jM7sUktznmYVk50OcYqwJznwKPhkhZiYYUEmICZZOR6jQeYqdbq', 1, '2020-10-03 13:17:48', '2020-10-03 13:17:48');

-- --------------------------------------------------------

--
-- Table structure for table `ss_api_ip`
--

CREATE TABLE `ss_api_ip` (
  `api_ip_id` int(11) NOT NULL,
  `api_id` int(11) NOT NULL,
  `ip` varchar(40) NOT NULL
) ENGINE=MyISAM DEFAULT CHARSET=utf8;

--
-- Dumping data for table `ss_api_ip`
--

INSERT INTO `ss_api_ip` (`api_ip_id`, `api_id`, `ip`) VALUES
(1, 1, '::1');

-- --------------------------------------------------------

--
-- Table structure for table `ss_api_session`
--

CREATE TABLE `ss_api_session` (
  `api_session_id` int(11) NOT NULL,
  `api_id` int(11) NOT NULL,
  `session_id` varchar(32) NOT NULL,
  `ip` varchar(40) NOT NULL,
  `date_added` datetime NOT NULL,
  `date_modified` datetime NOT NULL
) ENGINE=MyISAM DEFAULT CHARSET=utf8;

--
-- Dumping data for table `ss_api_session`
--

INSERT INTO `ss_api_session` (`api_session_id`, `api_id`, `session_id`, `ip`, `date_added`, `date_modified`) VALUES
(514, 1, 'c823528368df6a1430bc6169ac', '::1', '2020-10-17 10:19:28', '2020-10-17 10:19:28'),
(515, 1, '7bc2b908cd65eaf77dc7eeabd3', '::1', '2020-10-17 11:07:29', '2020-10-17 11:07:29'),
(511, 1, '8c93d420d81cf6cac9603969ad', '::1', '2020-10-17 10:13:55', '2020-10-17 10:13:55'),
(510, 1, '6aa2ab8e799140becfcc6cf60f', '::1', '2020-10-17 09:43:23', '2020-10-17 09:43:23'),
(513, 1, '1464a5d80dc2f9243cad7a744a', '::1', '2020-10-17 10:18:28', '2020-10-17 10:18:28'),
(512, 1, '5334b843ff14882e9c986041dc', '::1', '2020-10-17 10:16:38', '2020-10-17 10:16:38');

-- --------------------------------------------------------

--
-- Table structure for table `ss_attribute`
--

CREATE TABLE `ss_attribute` (
  `attribute_id` int(11) NOT NULL,
  `attribute_group_id` int(11) NOT NULL,
  `sort_order` int(3) NOT NULL
) ENGINE=MyISAM DEFAULT CHARSET=utf8;

--
-- Dumping data for table `ss_attribute`
--

INSERT INTO `ss_attribute` (`attribute_id`, `attribute_group_id`, `sort_order`) VALUES
(1, 6, 1),
(2, 6, 5),
(3, 6, 3),
(4, 3, 1),
(5, 3, 2),
(6, 3, 3),
(7, 3, 4),
(8, 3, 5),
(9, 3, 6),
(10, 3, 7),
(11, 3, 8);

-- --------------------------------------------------------

--
-- Table structure for table `ss_attribute_description`
--

CREATE TABLE `ss_attribute_description` (
  `attribute_id` int(11) NOT NULL,
  `language_id` int(11) NOT NULL,
  `name` varchar(64) NOT NULL
) ENGINE=MyISAM DEFAULT CHARSET=utf8;

--
-- Dumping data for table `ss_attribute_description`
--

INSERT INTO `ss_attribute_description` (`attribute_id`, `language_id`, `name`) VALUES
(1, 1, 'Description'),
(2, 1, 'No. of Cores'),
(4, 1, 'test 1'),
(5, 1, 'test 2'),
(6, 1, 'test 3'),
(7, 1, 'test 4'),
(8, 1, 'test 5'),
(9, 1, 'test 6'),
(10, 1, 'test 7'),
(11, 1, 'test 8'),
(3, 1, 'Clockspeed');

-- --------------------------------------------------------

--
-- Table structure for table `ss_attribute_group`
--

CREATE TABLE `ss_attribute_group` (
  `attribute_group_id` int(11) NOT NULL,
  `sort_order` int(3) NOT NULL
) ENGINE=MyISAM DEFAULT CHARSET=utf8;

--
-- Dumping data for table `ss_attribute_group`
--

INSERT INTO `ss_attribute_group` (`attribute_group_id`, `sort_order`) VALUES
(3, 2),
(4, 1),
(5, 3),
(6, 4);

-- --------------------------------------------------------

--
-- Table structure for table `ss_attribute_group_description`
--

CREATE TABLE `ss_attribute_group_description` (
  `attribute_group_id` int(11) NOT NULL,
  `language_id` int(11) NOT NULL,
  `name` varchar(64) NOT NULL
) ENGINE=MyISAM DEFAULT CHARSET=utf8;

--
-- Dumping data for table `ss_attribute_group_description`
--

INSERT INTO `ss_attribute_group_description` (`attribute_group_id`, `language_id`, `name`) VALUES
(3, 1, 'Memory'),
(4, 1, 'Technical'),
(5, 1, 'Motherboard'),
(6, 1, 'Processor');

-- --------------------------------------------------------

--
-- Table structure for table `ss_banner`
--

CREATE TABLE `ss_banner` (
  `banner_id` int(11) NOT NULL,
  `name` varchar(64) NOT NULL,
  `status` tinyint(1) NOT NULL
) ENGINE=MyISAM DEFAULT CHARSET=utf8;

--
-- Dumping data for table `ss_banner`
--

INSERT INTO `ss_banner` (`banner_id`, `name`, `status`) VALUES
(6, 'HP Products', 1),
(7, 'Home Page Slideshow', 1),
(8, 'Manufacturers', 1);

-- --------------------------------------------------------

--
-- Table structure for table `ss_banner_image`
--

CREATE TABLE `ss_banner_image` (
  `banner_image_id` int(11) NOT NULL,
  `banner_id` int(11) NOT NULL,
  `language_id` int(11) NOT NULL,
  `title` varchar(64) NOT NULL,
  `link` varchar(255) NOT NULL,
  `image` varchar(255) NOT NULL,
  `sort_order` int(3) NOT NULL DEFAULT 0
) ENGINE=MyISAM DEFAULT CHARSET=utf8;

--
-- Dumping data for table `ss_banner_image`
--

INSERT INTO `ss_banner_image` (`banner_image_id`, `banner_id`, `language_id`, `title`, `link`, `image`, `sort_order`) VALUES
(79, 7, 1, 'iPhone 6', 'index.php?route=product/product&amp;path=57&amp;product_id=49', 'catalog/demo/banners/iPhone6.jpg', 0),
(87, 6, 1, 'HP Banner', 'index.php?route=product/manufacturer/info&amp;manufacturer_id=7', 'catalog/demo/compaq_presario.jpg', 0),
(94, 8, 1, 'NFL', '', 'catalog/demo/manufacturer/nfl.png', 0),
(95, 8, 1, 'RedBull', '', 'catalog/demo/manufacturer/redbull.png', 0),
(96, 8, 1, 'Sony', '', 'catalog/demo/manufacturer/sony.png', 0),
(91, 8, 1, 'Coca Cola', '', 'catalog/demo/manufacturer/cocacola.png', 0),
(92, 8, 1, 'Burger King', '', 'catalog/demo/manufacturer/burgerking.png', 0),
(93, 8, 1, 'Canon', '', 'catalog/demo/manufacturer/canon.png', 0),
(88, 8, 1, 'Harley Davidson', '', 'catalog/demo/manufacturer/harley.png', 0),
(89, 8, 1, 'Dell', '', 'catalog/demo/manufacturer/dell.png', 0),
(90, 8, 1, 'Disney', '', 'catalog/demo/manufacturer/disney.png', 0),
(80, 7, 1, 'MacBookAir', '', 'catalog/demo/banners/MacBookAir.jpg', 0),
(97, 8, 1, 'Starbucks', '', 'catalog/demo/manufacturer/starbucks.png', 0),
(98, 8, 1, 'Nintendo', '', 'catalog/demo/manufacturer/nintendo.png', 0);

-- --------------------------------------------------------

--
-- Table structure for table `ss_cart`
--

CREATE TABLE `ss_cart` (
  `cart_id` int(11) UNSIGNED NOT NULL,
  `api_id` int(11) NOT NULL,
  `customer_id` int(11) NOT NULL,
  `session_id` varchar(32) NOT NULL,
  `product_id` int(11) NOT NULL,
  `price` float NOT NULL,
  `recurring_id` int(11) NOT NULL,
  `option` text NOT NULL,
  `quantity` int(5) NOT NULL,
  `date_added` datetime NOT NULL
) ENGINE=InnoDB DEFAULT CHARSET=utf8;

-- --------------------------------------------------------

--
-- Table structure for table `ss_category`
--

CREATE TABLE `ss_category` (
  `category_id` int(11) NOT NULL,
  `image` varchar(255) DEFAULT NULL,
  `parent_id` int(11) NOT NULL DEFAULT 0,
  `top` tinyint(1) NOT NULL,
  `column` int(3) NOT NULL,
  `sort_order` int(3) NOT NULL DEFAULT 0,
  `status` tinyint(1) NOT NULL,
  `date_added` datetime NOT NULL,
  `date_modified` datetime NOT NULL
) ENGINE=MyISAM DEFAULT CHARSET=utf8;

--
-- Dumping data for table `ss_category`
--

INSERT INTO `ss_category` (`category_id`, `image`, `parent_id`, `top`, `column`, `sort_order`, `status`, `date_added`, `date_modified`) VALUES
(25, '', 0, 1, 1, 3, 1, '2009-01-31 01:04:25', '2011-05-30 12:14:55'),
(27, '', 20, 0, 0, 2, 1, '2009-01-31 01:55:34', '2010-08-22 06:32:15'),
(20, 'catalog/demo/compaq_presario.jpg', 0, 1, 1, 1, 1, '2009-01-05 21:49:43', '2011-07-16 02:14:42'),
(24, '', 0, 1, 1, 5, 1, '2009-01-20 02:36:26', '2011-05-30 12:15:18'),
(18, 'catalog/demo/hp_2.jpg', 0, 1, 0, 2, 1, '2009-01-05 21:49:15', '2011-05-30 12:13:55'),
(17, '', 0, 1, 1, 4, 1, '2009-01-03 21:08:57', '2011-05-30 12:15:11'),
(28, '', 25, 0, 0, 1, 1, '2009-02-02 13:11:12', '2010-08-22 06:32:46'),
(26, '', 20, 0, 0, 1, 1, '2009-01-31 01:55:14', '2010-08-22 06:31:45'),
(29, '', 25, 0, 0, 1, 1, '2009-02-02 13:11:37', '2010-08-22 06:32:39'),
(30, '', 25, 0, 0, 1, 1, '2009-02-02 13:11:59', '2010-08-22 06:33:00'),
(31, '', 25, 0, 0, 1, 1, '2009-02-03 14:17:24', '2010-08-22 06:33:06'),
(32, '', 25, 0, 0, 1, 1, '2009-02-03 14:17:34', '2010-08-22 06:33:12'),
(33, '', 0, 1, 1, 6, 1, '2009-02-03 14:17:55', '2011-05-30 12:15:25'),
(34, 'catalog/demo/ipod_touch_4.jpg', 0, 1, 4, 7, 1, '2009-02-03 14:18:11', '2011-05-30 12:15:31'),
(35, '', 28, 0, 0, 0, 1, '2010-09-17 10:06:48', '2010-09-18 14:02:42'),
(36, '', 28, 0, 0, 0, 1, '2010-09-17 10:07:13', '2010-09-18 14:02:55'),
(37, '', 34, 0, 0, 0, 1, '2010-09-18 14:03:39', '2011-04-22 01:55:08'),
(38, '', 34, 0, 0, 0, 1, '2010-09-18 14:03:51', '2010-09-18 14:03:51'),
(39, '', 34, 0, 0, 0, 1, '2010-09-18 14:04:17', '2011-04-22 01:55:20'),
(40, '', 34, 0, 0, 0, 1, '2010-09-18 14:05:36', '2010-09-18 14:05:36'),
(41, '', 34, 0, 0, 0, 1, '2010-09-18 14:05:49', '2011-04-22 01:55:30'),
(42, '', 34, 0, 0, 0, 1, '2010-09-18 14:06:34', '2010-11-07 20:31:04'),
(43, '', 34, 0, 0, 0, 1, '2010-09-18 14:06:49', '2011-04-22 01:55:40'),
(44, '', 34, 0, 0, 0, 1, '2010-09-21 15:39:21', '2010-11-07 20:30:55'),
(45, '', 18, 0, 0, 0, 1, '2010-09-24 18:29:16', '2011-04-26 08:52:11'),
(46, '', 18, 0, 0, 0, 1, '2010-09-24 18:29:31', '2011-04-26 08:52:23'),
(47, '', 34, 0, 0, 0, 1, '2010-11-07 11:13:16', '2010-11-07 11:13:16'),
(48, '', 34, 0, 0, 0, 1, '2010-11-07 11:13:33', '2010-11-07 11:13:33'),
(49, '', 34, 0, 0, 0, 1, '2010-11-07 11:14:04', '2010-11-07 11:14:04'),
(50, '', 34, 0, 0, 0, 1, '2010-11-07 11:14:23', '2011-04-22 01:16:01'),
(51, '', 34, 0, 0, 0, 1, '2010-11-07 11:14:38', '2011-04-22 01:16:13'),
(52, '', 34, 0, 0, 0, 1, '2010-11-07 11:16:09', '2011-04-22 01:54:57'),
(53, '', 34, 0, 0, 0, 1, '2010-11-07 11:28:53', '2011-04-22 01:14:36'),
(54, '', 34, 0, 0, 0, 1, '2010-11-07 11:29:16', '2011-04-22 01:16:50'),
(55, '', 34, 0, 0, 0, 1, '2010-11-08 10:31:32', '2010-11-08 10:31:32'),
(56, '', 34, 0, 0, 0, 1, '2010-11-08 10:31:50', '2011-04-22 01:16:37'),
(57, '', 0, 1, 1, 3, 1, '2011-04-26 08:53:16', '2011-05-30 12:15:05'),
(58, '', 52, 0, 0, 0, 1, '2011-05-08 13:44:16', '2011-05-08 13:44:16');

-- --------------------------------------------------------

--
-- Table structure for table `ss_category_description`
--

CREATE TABLE `ss_category_description` (
  `category_id` int(11) NOT NULL,
  `language_id` int(11) NOT NULL,
  `name` varchar(255) NOT NULL,
  `description` text NOT NULL,
  `meta_title` varchar(255) NOT NULL,
  `meta_description` varchar(255) NOT NULL,
  `meta_keyword` varchar(255) NOT NULL
) ENGINE=MyISAM DEFAULT CHARSET=utf8;

--
-- Dumping data for table `ss_category_description`
--

INSERT INTO `ss_category_description` (`category_id`, `language_id`, `name`, `description`, `meta_title`, `meta_description`, `meta_keyword`) VALUES
(28, 1, 'Monitors', '', 'Monitors', '', ''),
(33, 1, 'Cameras', '', 'Cameras', '', ''),
(32, 1, 'Web Cameras', '', 'Web Cameras', '', ''),
(31, 1, 'Scanners', '', 'Scanners', '', ''),
(30, 1, 'Printers', '', 'Printers', '', ''),
(29, 1, 'Mice and Trackballs', '', 'Mice and Trackballs', '', ''),
(27, 1, 'Mac', '', 'Mac', '', ''),
(26, 1, 'PC', '', 'PC', '', ''),
(17, 1, 'Software', '', 'Software', '', ''),
(25, 1, 'Components', '', 'Components', '', ''),
(24, 1, 'Phones &amp; PDAs', '', 'Phones &amp; PDAs', '', ''),
(20, 1, 'Desktops', '&lt;p&gt;\r\n	Example of category description text&lt;/p&gt;\r\n', 'Desktops', 'Example of category description', ''),
(35, 1, 'test 1', '', 'test 1', '', ''),
(36, 1, 'test 2', '', 'test 2', '', ''),
(37, 1, 'test 5', '', 'test 5', '', ''),
(38, 1, 'test 4', '', 'test 4', '', ''),
(39, 1, 'test 6', '', 'test 6', '', ''),
(40, 1, 'test 7', '', 'test 7', '', ''),
(41, 1, 'test 8', '', 'test 8', '', ''),
(42, 1, 'test 9', '', 'test 9', '', ''),
(43, 1, 'test 11', '', 'test 11', '', ''),
(34, 1, 'MP3 Players', '&lt;p&gt;\r\n	Shop Laptop feature only the best laptop deals on the market. By comparing laptop deals from the likes of PC World, Comet, Dixons, The Link and Carphone Warehouse, Shop Laptop has the most comprehensive selection of laptops on the internet. At Shop Laptop, we pride ourselves on offering customers the very best laptop deals. From refurbished laptops to netbooks, Shop Laptop ensures that every laptop - in every colour, style, size and technical spec - is featured on the site at the lowest possible price.&lt;/p&gt;\r\n', 'MP3 Players', '', ''),
(18, 1, 'Laptops &amp; Notebooks', '&lt;p&gt;\r\n	Shop Laptop feature only the best laptop deals on the market. By comparing laptop deals from the likes of PC World, Comet, Dixons, The Link and Carphone Warehouse, Shop Laptop has the most comprehensive selection of laptops on the internet. At Shop Laptop, we pride ourselves on offering customers the very best laptop deals. From refurbished laptops to netbooks, Shop Laptop ensures that every laptop - in every colour, style, size and technical spec - is featured on the site at the lowest possible price.&lt;/p&gt;\r\n', 'Laptops &amp; Notebooks', '', ''),
(44, 1, 'test 12', '', 'test 12', '', ''),
(45, 1, 'Windows', '', 'Windows', '', ''),
(46, 1, 'Macs', '', 'Macs', '', ''),
(47, 1, 'test 15', '', 'test 15', '', ''),
(48, 1, 'test 16', '', 'test 16', '', ''),
(49, 1, 'test 17', '', 'test 17', '', ''),
(50, 1, 'test 18', '', 'test 18', '', ''),
(51, 1, 'test 19', '', 'test 19', '', ''),
(52, 1, 'test 20', '', 'test 20', '', ''),
(53, 1, 'test 21', '', 'test 21', '', ''),
(54, 1, 'test 22', '', 'test 22', '', ''),
(55, 1, 'test 23', '', 'test 23', '', ''),
(56, 1, 'test 24', '', 'test 24', '', ''),
(57, 1, 'Tablets', '', 'Tablets', '', ''),
(58, 1, 'test 25', '', 'test 25', '', '');

-- --------------------------------------------------------

--
-- Table structure for table `ss_category_filter`
--

CREATE TABLE `ss_category_filter` (
  `category_id` int(11) NOT NULL,
  `filter_id` int(11) NOT NULL
) ENGINE=MyISAM DEFAULT CHARSET=utf8;

-- --------------------------------------------------------

--
-- Table structure for table `ss_category_path`
--

CREATE TABLE `ss_category_path` (
  `category_id` int(11) NOT NULL,
  `path_id` int(11) NOT NULL,
  `level` int(11) NOT NULL
) ENGINE=MyISAM DEFAULT CHARSET=utf8;

--
-- Dumping data for table `ss_category_path`
--

INSERT INTO `ss_category_path` (`category_id`, `path_id`, `level`) VALUES
(25, 25, 0),
(28, 25, 0),
(28, 28, 1),
(35, 25, 0),
(35, 28, 1),
(35, 35, 2),
(36, 25, 0),
(36, 28, 1),
(36, 36, 2),
(29, 25, 0),
(29, 29, 1),
(30, 25, 0),
(30, 30, 1),
(31, 25, 0),
(31, 31, 1),
(32, 25, 0),
(32, 32, 1),
(20, 20, 0),
(27, 20, 0),
(27, 27, 1),
(26, 20, 0),
(26, 26, 1),
(24, 24, 0),
(18, 18, 0),
(45, 18, 0),
(45, 45, 1),
(46, 18, 0),
(46, 46, 1),
(17, 17, 0),
(33, 33, 0),
(34, 34, 0),
(37, 34, 0),
(37, 37, 1),
(38, 34, 0),
(38, 38, 1),
(39, 34, 0),
(39, 39, 1),
(40, 34, 0),
(40, 40, 1),
(41, 34, 0),
(41, 41, 1),
(42, 34, 0),
(42, 42, 1),
(43, 34, 0),
(43, 43, 1),
(44, 34, 0),
(44, 44, 1),
(47, 34, 0),
(47, 47, 1),
(48, 34, 0),
(48, 48, 1),
(49, 34, 0),
(49, 49, 1),
(50, 34, 0),
(50, 50, 1),
(51, 34, 0),
(51, 51, 1),
(52, 34, 0),
(52, 52, 1),
(58, 34, 0),
(58, 52, 1),
(58, 58, 2),
(53, 34, 0),
(53, 53, 1),
(54, 34, 0),
(54, 54, 1),
(55, 34, 0),
(55, 55, 1),
(56, 34, 0),
(56, 56, 1),
(57, 57, 0);

-- --------------------------------------------------------

--
-- Table structure for table `ss_category_to_layout`
--

CREATE TABLE `ss_category_to_layout` (
  `category_id` int(11) NOT NULL,
  `store_id` int(11) NOT NULL,
  `layout_id` int(11) NOT NULL
) ENGINE=MyISAM DEFAULT CHARSET=utf8;

-- --------------------------------------------------------

--
-- Table structure for table `ss_category_to_store`
--

CREATE TABLE `ss_category_to_store` (
  `category_id` int(11) NOT NULL,
  `store_id` int(11) NOT NULL
) ENGINE=MyISAM DEFAULT CHARSET=utf8;

--
-- Dumping data for table `ss_category_to_store`
--

INSERT INTO `ss_category_to_store` (`category_id`, `store_id`) VALUES
(17, 0),
(18, 0),
(20, 0),
(24, 0),
(25, 0),
(26, 0),
(27, 0),
(28, 0),
(29, 0),
(30, 0),
(31, 0),
(32, 0),
(33, 0),
(34, 0),
(35, 0),
(36, 0),
(37, 0),
(38, 0),
(39, 0),
(40, 0),
(41, 0),
(42, 0),
(43, 0),
(44, 0),
(45, 0),
(46, 0),
(47, 0),
(48, 0),
(49, 0),
(50, 0),
(51, 0),
(52, 0),
(53, 0),
(54, 0),
(55, 0),
(56, 0),
(57, 0),
(58, 0);

-- --------------------------------------------------------

--
-- Table structure for table `ss_country`
--

CREATE TABLE `ss_country` (
  `country_id` int(11) NOT NULL,
  `name` varchar(128) NOT NULL,
  `iso_code_2` varchar(2) NOT NULL,
  `iso_code_3` varchar(3) NOT NULL,
  `address_format` text NOT NULL,
  `postcode_required` tinyint(1) NOT NULL,
  `status` tinyint(1) NOT NULL DEFAULT 1
) ENGINE=MyISAM DEFAULT CHARSET=utf8;

--
-- Dumping data for table `ss_country`
--

INSERT INTO `ss_country` (`country_id`, `name`, `iso_code_2`, `iso_code_3`, `address_format`, `postcode_required`, `status`) VALUES
(1, 'Afghanistan', 'AF', 'AFG', '', 0, 1),
(2, 'Albania', 'AL', 'ALB', '', 0, 1),
(3, 'Algeria', 'DZ', 'DZA', '', 0, 1),
(4, 'American Samoa', 'AS', 'ASM', '', 0, 1),
(5, 'Andorra', 'AD', 'AND', '', 0, 1),
(6, 'Angola', 'AO', 'AGO', '', 0, 1),
(7, 'Anguilla', 'AI', 'AIA', '', 0, 1),
(8, 'Antarctica', 'AQ', 'ATA', '', 0, 1),
(9, 'Antigua and Barbuda', 'AG', 'ATG', '', 0, 1),
(10, 'Argentina', 'AR', 'ARG', '', 0, 1),
(11, 'Armenia', 'AM', 'ARM', '', 0, 1),
(12, 'Aruba', 'AW', 'ABW', '', 0, 1),
(13, 'Australia', 'AU', 'AUS', '', 0, 1),
(14, 'Austria', 'AT', 'AUT', '', 0, 1),
(15, 'Azerbaijan', 'AZ', 'AZE', '', 0, 1),
(16, 'Bahamas', 'BS', 'BHS', '', 0, 1),
(17, 'Bahrain', 'BH', 'BHR', '', 0, 1),
(18, 'Bangladesh', 'BD', 'BGD', '', 0, 1),
(19, 'Barbados', 'BB', 'BRB', '', 0, 1),
(20, 'Belarus', 'BY', 'BLR', '', 0, 1),
(21, 'Belgium', 'BE', 'BEL', '{firstname} {lastname}\r\n{company}\r\n{address_1}\r\n{address_2}\r\n{postcode} {city}\r\n{country}', 0, 1),
(22, 'Belize', 'BZ', 'BLZ', '', 0, 1),
(23, 'Benin', 'BJ', 'BEN', '', 0, 1),
(24, 'Bermuda', 'BM', 'BMU', '', 0, 1),
(25, 'Bhutan', 'BT', 'BTN', '', 0, 1),
(26, 'Bolivia', 'BO', 'BOL', '', 0, 1),
(27, 'Bosnia and Herzegovina', 'BA', 'BIH', '', 0, 1),
(28, 'Botswana', 'BW', 'BWA', '', 0, 1),
(29, 'Bouvet Island', 'BV', 'BVT', '', 0, 1),
(30, 'Brazil', 'BR', 'BRA', '', 0, 1),
(31, 'British Indian Ocean Territory', 'IO', 'IOT', '', 0, 1),
(32, 'Brunei Darussalam', 'BN', 'BRN', '', 0, 1),
(33, 'Bulgaria', 'BG', 'BGR', '', 0, 1),
(34, 'Burkina Faso', 'BF', 'BFA', '', 0, 1),
(35, 'Burundi', 'BI', 'BDI', '', 0, 1),
(36, 'Cambodia', 'KH', 'KHM', '', 0, 1),
(37, 'Cameroon', 'CM', 'CMR', '', 0, 1),
(38, 'Canada', 'CA', 'CAN', '', 0, 1),
(39, 'Cape Verde', 'CV', 'CPV', '', 0, 1),
(40, 'Cayman Islands', 'KY', 'CYM', '', 0, 1),
(41, 'Central African Republic', 'CF', 'CAF', '', 0, 1),
(42, 'Chad', 'TD', 'TCD', '', 0, 1),
(43, 'Chile', 'CL', 'CHL', '', 0, 1),
(44, 'China', 'CN', 'CHN', '', 0, 1),
(45, 'Christmas Island', 'CX', 'CXR', '', 0, 1),
(46, 'Cocos (Keeling) Islands', 'CC', 'CCK', '', 0, 1),
(47, 'Colombia', 'CO', 'COL', '', 0, 1),
(48, 'Comoros', 'KM', 'COM', '', 0, 1),
(49, 'Congo', 'CG', 'COG', '', 0, 1),
(50, 'Cook Islands', 'CK', 'COK', '', 0, 1),
(51, 'Costa Rica', 'CR', 'CRI', '', 0, 1),
(52, 'Cote D\'Ivoire', 'CI', 'CIV', '', 0, 1),
(53, 'Croatia', 'HR', 'HRV', '', 0, 1),
(54, 'Cuba', 'CU', 'CUB', '', 0, 1),
(55, 'Cyprus', 'CY', 'CYP', '', 0, 1),
(56, 'Czech Republic', 'CZ', 'CZE', '', 0, 1),
(57, 'Denmark', 'DK', 'DNK', '', 0, 1),
(58, 'Djibouti', 'DJ', 'DJI', '', 0, 1),
(59, 'Dominica', 'DM', 'DMA', '', 0, 1),
(60, 'Dominican Republic', 'DO', 'DOM', '', 0, 1),
(61, 'East Timor', 'TL', 'TLS', '', 0, 1),
(62, 'Ecuador', 'EC', 'ECU', '', 0, 1),
(63, 'Egypt', 'EG', 'EGY', '', 0, 1),
(64, 'El Salvador', 'SV', 'SLV', '', 0, 1),
(65, 'Equatorial Guinea', 'GQ', 'GNQ', '', 0, 1),
(66, 'Eritrea', 'ER', 'ERI', '', 0, 1),
(67, 'Estonia', 'EE', 'EST', '', 0, 1),
(68, 'Ethiopia', 'ET', 'ETH', '', 0, 1),
(69, 'Falkland Islands (Malvinas)', 'FK', 'FLK', '', 0, 1),
(70, 'Faroe Islands', 'FO', 'FRO', '', 0, 1),
(71, 'Fiji', 'FJ', 'FJI', '', 0, 1),
(72, 'Finland', 'FI', 'FIN', '', 0, 1),
(74, 'France, Metropolitan', 'FR', 'FRA', '{firstname} {lastname}\r\n{company}\r\n{address_1}\r\n{address_2}\r\n{postcode} {city}\r\n{country}', 1, 1),
(75, 'French Guiana', 'GF', 'GUF', '', 0, 1),
(76, 'French Polynesia', 'PF', 'PYF', '', 0, 1),
(77, 'French Southern Territories', 'TF', 'ATF', '', 0, 1),
(78, 'Gabon', 'GA', 'GAB', '', 0, 1),
(79, 'Gambia', 'GM', 'GMB', '', 0, 1),
(80, 'Georgia', 'GE', 'GEO', '', 0, 1),
(81, 'Germany', 'DE', 'DEU', '{company}\r\n{firstname} {lastname}\r\n{address_1}\r\n{address_2}\r\n{postcode} {city}\r\n{country}', 1, 1),
(82, 'Ghana', 'GH', 'GHA', '', 0, 1),
(83, 'Gibraltar', 'GI', 'GIB', '', 0, 1),
(84, 'Greece', 'GR', 'GRC', '', 0, 1),
(85, 'Greenland', 'GL', 'GRL', '', 0, 1),
(86, 'Grenada', 'GD', 'GRD', '', 0, 1),
(87, 'Guadeloupe', 'GP', 'GLP', '', 0, 1),
(88, 'Guam', 'GU', 'GUM', '', 0, 1),
(89, 'Guatemala', 'GT', 'GTM', '', 0, 1),
(90, 'Guinea', 'GN', 'GIN', '', 0, 1),
(91, 'Guinea-Bissau', 'GW', 'GNB', '', 0, 1),
(92, 'Guyana', 'GY', 'GUY', '', 0, 1),
(93, 'Haiti', 'HT', 'HTI', '', 0, 1),
(94, 'Heard and Mc Donald Islands', 'HM', 'HMD', '', 0, 1),
(95, 'Honduras', 'HN', 'HND', '', 0, 1),
(96, 'Hong Kong', 'HK', 'HKG', '', 0, 1),
(97, 'Hungary', 'HU', 'HUN', '', 0, 1),
(98, 'Iceland', 'IS', 'ISL', '', 0, 1),
(99, 'India', 'IN', 'IND', '', 0, 1),
(100, 'Indonesia', 'ID', 'IDN', '', 0, 1),
(101, 'Iran (Islamic Republic of)', 'IR', 'IRN', '', 0, 1),
(102, 'Iraq', 'IQ', 'IRQ', '', 0, 1),
(103, 'Ireland', 'IE', 'IRL', '', 0, 1),
(104, 'Israel', 'IL', 'ISR', '', 0, 1),
(105, 'Italy', 'IT', 'ITA', '', 0, 1),
(106, 'Jamaica', 'JM', 'JAM', '', 0, 1),
(107, 'Japan', 'JP', 'JPN', '', 0, 1),
(108, 'Jordan', 'JO', 'JOR', '', 0, 1),
(109, 'Kazakhstan', 'KZ', 'KAZ', '', 0, 1),
(110, 'Kenya', 'KE', 'KEN', '', 0, 1),
(111, 'Kiribati', 'KI', 'KIR', '', 0, 1),
(112, 'North Korea', 'KP', 'PRK', '', 0, 1),
(113, 'South Korea', 'KR', 'KOR', '', 0, 1),
(114, 'Kuwait', 'KW', 'KWT', '', 0, 1),
(115, 'Kyrgyzstan', 'KG', 'KGZ', '', 0, 1),
(116, 'Lao People\'s Democratic Republic', 'LA', 'LAO', '', 0, 1),
(117, 'Latvia', 'LV', 'LVA', '', 0, 1),
(118, 'Lebanon', 'LB', 'LBN', '', 0, 1),
(119, 'Lesotho', 'LS', 'LSO', '', 0, 1),
(120, 'Liberia', 'LR', 'LBR', '', 0, 1),
(121, 'Libyan Arab Jamahiriya', 'LY', 'LBY', '', 0, 1),
(122, 'Liechtenstein', 'LI', 'LIE', '', 0, 1),
(123, 'Lithuania', 'LT', 'LTU', '', 0, 1),
(124, 'Luxembourg', 'LU', 'LUX', '', 0, 1),
(125, 'Macau', 'MO', 'MAC', '', 0, 1),
(126, 'FYROM', 'MK', 'MKD', '', 0, 1),
(127, 'Madagascar', 'MG', 'MDG', '', 0, 1),
(128, 'Malawi', 'MW', 'MWI', '', 0, 1),
(129, 'Malaysia', 'MY', 'MYS', '', 0, 1),
(130, 'Maldives', 'MV', 'MDV', '', 0, 1),
(131, 'Mali', 'ML', 'MLI', '', 0, 1),
(132, 'Malta', 'MT', 'MLT', '', 0, 1),
(133, 'Marshall Islands', 'MH', 'MHL', '', 0, 1),
(134, 'Martinique', 'MQ', 'MTQ', '', 0, 1),
(135, 'Mauritania', 'MR', 'MRT', '', 0, 1),
(136, 'Mauritius', 'MU', 'MUS', '', 0, 1),
(137, 'Mayotte', 'YT', 'MYT', '', 0, 1),
(138, 'Mexico', 'MX', 'MEX', '', 0, 1),
(139, 'Micronesia, Federated States of', 'FM', 'FSM', '', 0, 1),
(140, 'Moldova, Republic of', 'MD', 'MDA', '', 0, 1),
(141, 'Monaco', 'MC', 'MCO', '', 0, 1),
(142, 'Mongolia', 'MN', 'MNG', '', 0, 1),
(143, 'Montserrat', 'MS', 'MSR', '', 0, 1),
(144, 'Morocco', 'MA', 'MAR', '', 0, 1),
(145, 'Mozambique', 'MZ', 'MOZ', '', 0, 1),
(146, 'Myanmar', 'MM', 'MMR', '', 0, 1),
(147, 'Namibia', 'NA', 'NAM', '', 0, 1),
(148, 'Nauru', 'NR', 'NRU', '', 0, 1),
(149, 'Nepal', 'NP', 'NPL', '', 0, 1),
(150, 'Netherlands', 'NL', 'NLD', '', 0, 1),
(151, 'Netherlands Antilles', 'AN', 'ANT', '', 0, 1),
(152, 'New Caledonia', 'NC', 'NCL', '', 0, 1),
(153, 'New Zealand', 'NZ', 'NZL', '', 0, 1),
(154, 'Nicaragua', 'NI', 'NIC', '', 0, 1),
(155, 'Niger', 'NE', 'NER', '', 0, 1),
(156, 'Nigeria', 'NG', 'NGA', '', 0, 1),
(157, 'Niue', 'NU', 'NIU', '', 0, 1),
(158, 'Norfolk Island', 'NF', 'NFK', '', 0, 1),
(159, 'Northern Mariana Islands', 'MP', 'MNP', '', 0, 1),
(160, 'Norway', 'NO', 'NOR', '', 0, 1),
(161, 'Oman', 'OM', 'OMN', '', 0, 1),
(162, 'Pakistan', 'PK', 'PAK', '', 0, 1),
(163, 'Palau', 'PW', 'PLW', '', 0, 1),
(164, 'Panama', 'PA', 'PAN', '', 0, 1),
(165, 'Papua New Guinea', 'PG', 'PNG', '', 0, 1),
(166, 'Paraguay', 'PY', 'PRY', '', 0, 1),
(167, 'Peru', 'PE', 'PER', '', 0, 1),
(168, 'Philippines', 'PH', 'PHL', '', 0, 1),
(169, 'Pitcairn', 'PN', 'PCN', '', 0, 1),
(170, 'Poland', 'PL', 'POL', '', 0, 1),
(171, 'Portugal', 'PT', 'PRT', '', 0, 1),
(172, 'Puerto Rico', 'PR', 'PRI', '', 0, 1),
(173, 'Qatar', 'QA', 'QAT', '', 0, 1),
(174, 'Reunion', 'RE', 'REU', '', 0, 1),
(175, 'Romania', 'RO', 'ROM', '', 0, 1),
(176, 'Russian Federation', 'RU', 'RUS', '', 0, 1),
(177, 'Rwanda', 'RW', 'RWA', '', 0, 1),
(178, 'Saint Kitts and Nevis', 'KN', 'KNA', '', 0, 1),
(179, 'Saint Lucia', 'LC', 'LCA', '', 0, 1),
(180, 'Saint Vincent and the Grenadines', 'VC', 'VCT', '', 0, 1),
(181, 'Samoa', 'WS', 'WSM', '', 0, 1),
(182, 'San Marino', 'SM', 'SMR', '', 0, 1),
(183, 'Sao Tome and Principe', 'ST', 'STP', '', 0, 1),
(184, 'Saudi Arabia', 'SA', 'SAU', '', 0, 1),
(185, 'Senegal', 'SN', 'SEN', '', 0, 1),
(186, 'Seychelles', 'SC', 'SYC', '', 0, 1),
(187, 'Sierra Leone', 'SL', 'SLE', '', 0, 1),
(188, 'Singapore', 'SG', 'SGP', '', 0, 1),
(189, 'Slovak Republic', 'SK', 'SVK', '{firstname} {lastname}\r\n{company}\r\n{address_1}\r\n{address_2}\r\n{city} {postcode}\r\n{zone}\r\n{country}', 0, 1),
(190, 'Slovenia', 'SI', 'SVN', '', 0, 1),
(191, 'Solomon Islands', 'SB', 'SLB', '', 0, 1),
(192, 'Somalia', 'SO', 'SOM', '', 0, 1),
(193, 'South Africa', 'ZA', 'ZAF', '', 0, 1),
(194, 'South Georgia &amp; South Sandwich Islands', 'GS', 'SGS', '', 0, 1),
(195, 'Spain', 'ES', 'ESP', '', 0, 1),
(196, 'Sri Lanka', 'LK', 'LKA', '', 0, 1),
(197, 'St. Helena', 'SH', 'SHN', '', 0, 1),
(198, 'St. Pierre and Miquelon', 'PM', 'SPM', '', 0, 1),
(199, 'Sudan', 'SD', 'SDN', '', 0, 1),
(200, 'Suriname', 'SR', 'SUR', '', 0, 1),
(201, 'Svalbard and Jan Mayen Islands', 'SJ', 'SJM', '', 0, 1),
(202, 'Swaziland', 'SZ', 'SWZ', '', 0, 1),
(203, 'Sweden', 'SE', 'SWE', '{company}\r\n{firstname} {lastname}\r\n{address_1}\r\n{address_2}\r\n{postcode} {city}\r\n{country}', 1, 1),
(204, 'Switzerland', 'CH', 'CHE', '', 0, 1),
(205, 'Syrian Arab Republic', 'SY', 'SYR', '', 0, 1),
(206, 'Taiwan', 'TW', 'TWN', '', 0, 1),
(207, 'Tajikistan', 'TJ', 'TJK', '', 0, 1),
(208, 'Tanzania, United Republic of', 'TZ', 'TZA', '', 0, 1),
(209, 'Thailand', 'TH', 'THA', '', 0, 1),
(210, 'Togo', 'TG', 'TGO', '', 0, 1),
(211, 'Tokelau', 'TK', 'TKL', '', 0, 1),
(212, 'Tonga', 'TO', 'TON', '', 0, 1),
(213, 'Trinidad and Tobago', 'TT', 'TTO', '', 0, 1),
(214, 'Tunisia', 'TN', 'TUN', '', 0, 1),
(215, 'Turkey', 'TR', 'TUR', '', 0, 1),
(216, 'Turkmenistan', 'TM', 'TKM', '', 0, 1),
(217, 'Turks and Caicos Islands', 'TC', 'TCA', '', 0, 1),
(218, 'Tuvalu', 'TV', 'TUV', '', 0, 1),
(219, 'Uganda', 'UG', 'UGA', '', 0, 1),
(220, 'Ukraine', 'UA', 'UKR', '', 0, 1),
(221, 'United Arab Emirates', 'AE', 'ARE', '', 0, 1),
(222, 'United Kingdom', 'GB', 'GBR', '', 1, 1),
(223, 'United States', 'US', 'USA', '{firstname} {lastname}\r\n{company}\r\n{address_1}\r\n{address_2}\r\n{city}, {zone} {postcode}\r\n{country}', 0, 1),
(224, 'United States Minor Outlying Islands', 'UM', 'UMI', '', 0, 1),
(225, 'Uruguay', 'UY', 'URY', '', 0, 1),
(226, 'Uzbekistan', 'UZ', 'UZB', '', 0, 1),
(227, 'Vanuatu', 'VU', 'VUT', '', 0, 1),
(228, 'Vatican City State (Holy See)', 'VA', 'VAT', '', 0, 1),
(229, 'Venezuela', 'VE', 'VEN', '', 0, 1),
(230, 'Viet Nam', 'VN', 'VNM', '', 0, 1),
(231, 'Virgin Islands (British)', 'VG', 'VGB', '', 0, 1),
(232, 'Virgin Islands (U.S.)', 'VI', 'VIR', '', 0, 1),
(233, 'Wallis and Futuna Islands', 'WF', 'WLF', '', 0, 1),
(234, 'Western Sahara', 'EH', 'ESH', '', 0, 1),
(235, 'Yemen', 'YE', 'YEM', '', 0, 1),
(237, 'Democratic Republic of Congo', 'CD', 'COD', '', 0, 1),
(238, 'Zambia', 'ZM', 'ZMB', '', 0, 1),
(239, 'Zimbabwe', 'ZW', 'ZWE', '', 0, 1),
(242, 'Montenegro', 'ME', 'MNE', '', 0, 1),
(243, 'Serbia', 'RS', 'SRB', '', 0, 1),
(244, 'Aaland Islands', 'AX', 'ALA', '', 0, 1),
(245, 'Bonaire, Sint Eustatius and Saba', 'BQ', 'BES', '', 0, 1),
(246, 'Curacao', 'CW', 'CUW', '', 0, 1),
(247, 'Palestinian Territory, Occupied', 'PS', 'PSE', '', 0, 1),
(248, 'South Sudan', 'SS', 'SSD', '', 0, 1),
(249, 'St. Barthelemy', 'BL', 'BLM', '', 0, 1),
(250, 'St. Martin (French part)', 'MF', 'MAF', '', 0, 1),
(251, 'Canary Islands', 'IC', 'ICA', '', 0, 1),
(252, 'Ascension Island (British)', 'AC', 'ASC', '', 0, 1),
(253, 'Kosovo, Republic of', 'XK', 'UNK', '', 0, 1),
(254, 'Isle of Man', 'IM', 'IMN', '', 0, 1),
(255, 'Tristan da Cunha', 'TA', 'SHN', '', 0, 1),
(256, 'Guernsey', 'GG', 'GGY', '', 0, 1),
(257, 'Jersey', 'JE', 'JEY', '', 0, 1);

-- --------------------------------------------------------

--
-- Table structure for table `ss_coupon`
--

CREATE TABLE `ss_coupon` (
  `coupon_id` int(11) NOT NULL,
  `name` varchar(128) NOT NULL,
  `code` varchar(20) NOT NULL,
  `type` char(1) NOT NULL,
  `discount` decimal(15,4) NOT NULL,
  `logged` tinyint(1) NOT NULL,
  `shipping` tinyint(1) NOT NULL,
  `total` decimal(15,4) NOT NULL,
  `date_start` date NOT NULL DEFAULT '0000-00-00',
  `date_end` date NOT NULL DEFAULT '0000-00-00',
  `uses_total` int(11) NOT NULL,
  `uses_customer` varchar(11) NOT NULL,
  `status` tinyint(1) NOT NULL,
  `date_added` datetime NOT NULL
) ENGINE=MyISAM DEFAULT CHARSET=utf8;

--
-- Dumping data for table `ss_coupon`
--

INSERT INTO `ss_coupon` (`coupon_id`, `name`, `code`, `type`, `discount`, `logged`, `shipping`, `total`, `date_start`, `date_end`, `uses_total`, `uses_customer`, `status`, `date_added`) VALUES
(4, '-10% Discount', '2222', 'P', '10.0000', 0, 0, '0.0000', '2014-01-01', '2020-01-01', 10, '10', 0, '2009-01-27 13:55:03'),
(5, 'Free Shipping', '3333', 'P', '0.0000', 0, 1, '100.0000', '2014-01-01', '2014-02-01', 10, '10', 0, '2009-03-14 21:13:53'),
(6, '-10.00 Discount', '1111', 'F', '10.0000', 0, 0, '10.0000', '2014-01-01', '2020-01-01', 100000, '10000', 0, '2009-03-14 21:15:18');

-- --------------------------------------------------------

--
-- Table structure for table `ss_coupon_category`
--

CREATE TABLE `ss_coupon_category` (
  `coupon_id` int(11) NOT NULL,
  `category_id` int(11) NOT NULL
) ENGINE=MyISAM DEFAULT CHARSET=utf8;

-- --------------------------------------------------------

--
-- Table structure for table `ss_coupon_history`
--

CREATE TABLE `ss_coupon_history` (
  `coupon_history_id` int(11) NOT NULL,
  `coupon_id` int(11) NOT NULL,
  `order_id` int(11) NOT NULL,
  `customer_id` int(11) NOT NULL,
  `amount` decimal(15,4) NOT NULL,
  `date_added` datetime NOT NULL
) ENGINE=MyISAM DEFAULT CHARSET=utf8;

-- --------------------------------------------------------

--
-- Table structure for table `ss_coupon_product`
--

CREATE TABLE `ss_coupon_product` (
  `coupon_product_id` int(11) NOT NULL,
  `coupon_id` int(11) NOT NULL,
  `product_id` int(11) NOT NULL
) ENGINE=MyISAM DEFAULT CHARSET=utf8;

-- --------------------------------------------------------

--
-- Table structure for table `ss_currency`
--

CREATE TABLE `ss_currency` (
  `currency_id` int(11) NOT NULL,
  `title` varchar(32) NOT NULL,
  `code` varchar(3) NOT NULL,
  `symbol_left` varchar(12) NOT NULL,
  `symbol_right` varchar(12) NOT NULL,
  `decimal_place` char(1) NOT NULL,
  `value` double(15,8) NOT NULL,
  `status` tinyint(1) NOT NULL,
  `date_modified` datetime NOT NULL
) ENGINE=MyISAM DEFAULT CHARSET=utf8;

--
-- Dumping data for table `ss_currency`
--

INSERT INTO `ss_currency` (`currency_id`, `title`, `code`, `symbol_left`, `symbol_right`, `decimal_place`, `value`, `status`, `date_modified`) VALUES
(1, 'Pound Sterling', 'GBP', '£', '', '2', 0.61250001, 1, '2014-09-25 14:40:00'),
(2, 'US Dollar', 'USD', '$', '', '2', 1.00000000, 1, '2020-10-03 09:18:56'),
(3, 'Euro', 'EUR', '', '€', '2', 0.78460002, 1, '2014-09-25 14:40:00'),
(4, 'Indian Rs', 'INR', '', 'Rs.', '2', 1.00000000, 1, '2020-10-17 05:39:51');

-- --------------------------------------------------------

--
-- Table structure for table `ss_customer`
--

CREATE TABLE `ss_customer` (
  `customer_id` int(11) NOT NULL,
  `customer_group_id` int(11) NOT NULL,
  `store_id` int(11) NOT NULL DEFAULT 0,
  `language_id` int(11) NOT NULL,
  `firstname` varchar(32) NOT NULL,
  `lastname` varchar(32) NOT NULL,
  `email` varchar(96) NOT NULL,
  `telephone` varchar(32) NOT NULL,
  `fax` varchar(32) NOT NULL,
  `password` varchar(40) NOT NULL,
  `salt` varchar(9) NOT NULL,
  `cart` text DEFAULT NULL,
  `wishlist` text DEFAULT NULL,
  `newsletter` tinyint(1) NOT NULL DEFAULT 0,
  `address_id` int(11) NOT NULL DEFAULT 0,
  `consignee_id` int(11) NOT NULL,
  `custom_field` text NOT NULL,
  `ip` varchar(40) NOT NULL,
  `status` tinyint(1) NOT NULL,
  `safe` tinyint(1) NOT NULL,
  `token` text NOT NULL,
  `code` varchar(40) NOT NULL,
  `date_added` datetime NOT NULL
) ENGINE=MyISAM DEFAULT CHARSET=utf8;

--
-- Dumping data for table `ss_customer`
--

INSERT INTO `ss_customer` (`customer_id`, `customer_group_id`, `store_id`, `language_id`, `firstname`, `lastname`, `email`, `telephone`, `fax`, `password`, `salt`, `cart`, `wishlist`, `newsletter`, `address_id`, `consignee_id`, `custom_field`, `ip`, `status`, `safe`, `token`, `code`, `date_added`) VALUES
(1, 1, 0, 1, 'Pramod Patil', '', 'pro.pramod.pune@gmail.com', '9730519575', '', '1d31aa84fc00057687ba248614475b9afc496cb0', 'wLPKWzTFY', NULL, NULL, 0, 3, 3, '{\"1\":\"\"}', '::1', 1, 1, '', '', '2020-10-05 11:57:30'),
(2, 1, 0, 0, 'Sumedh Saha', '', 'sumedh.saha@gmail.com', '9822266020', '', 'f67bd8cbc395c87cdab6ada2467e77b124e5aa27', '5NGkmsMUc', NULL, NULL, 0, 2, 2, '{\"1\":\"\"}', '', 1, 1, '', '', '2020-10-10 00:02:04');

-- --------------------------------------------------------

--
-- Table structure for table `ss_customer_activity`
--

CREATE TABLE `ss_customer_activity` (
  `customer_activity_id` int(11) NOT NULL,
  `customer_id` int(11) NOT NULL,
  `key` varchar(64) NOT NULL,
  `data` text NOT NULL,
  `ip` varchar(40) NOT NULL,
  `date_added` datetime NOT NULL
) ENGINE=MyISAM DEFAULT CHARSET=utf8;

-- --------------------------------------------------------

--
-- Table structure for table `ss_customer_affiliate`
--

CREATE TABLE `ss_customer_affiliate` (
  `customer_id` int(11) NOT NULL,
  `company` varchar(40) NOT NULL,
  `website` varchar(255) NOT NULL,
  `tracking` varchar(64) NOT NULL,
  `commission` decimal(4,2) NOT NULL DEFAULT 0.00,
  `contact_person` text NOT NULL,
  `tax` varchar(64) NOT NULL,
  `payment` varchar(6) NOT NULL,
  `cheque` varchar(100) NOT NULL,
  `paypal` varchar(64) NOT NULL,
  `bank_name` varchar(64) NOT NULL,
  `bank_branch_number` varchar(64) NOT NULL,
  `bank_swift_code` varchar(64) NOT NULL,
  `bank_account_name` varchar(64) NOT NULL,
  `bank_account_number` varchar(64) NOT NULL,
  `custom_field` text NOT NULL,
  `status` tinyint(1) NOT NULL,
  `date_added` datetime NOT NULL
) ENGINE=MyISAM DEFAULT CHARSET=utf8;

--
-- Dumping data for table `ss_customer_affiliate`
--

INSERT INTO `ss_customer_affiliate` (`customer_id`, `company`, `website`, `tracking`, `commission`, `contact_person`, `tax`, `payment`, `cheque`, `paypal`, `bank_name`, `bank_branch_number`, `bank_swift_code`, `bank_account_name`, `bank_account_number`, `custom_field`, `status`, `date_added`) VALUES
(1, 'abc.com', 'abc.com', '', '5.00', 'pramod patil', 'IN864399', 'cheque', 'hoiehdsfudhl', '', '', '', '', 'pro.pramod.pune@gmail.com', '', '', 1, '2020-10-12 23:22:02'),
(2, '', '', '', '5.00', '', '', 'cheque', '', '', '', '', '', '', '', '', 1, '2020-10-10 00:28:17');

-- --------------------------------------------------------

--
-- Table structure for table `ss_customer_approval`
--

CREATE TABLE `ss_customer_approval` (
  `customer_approval_id` int(11) NOT NULL,
  `customer_id` int(11) NOT NULL,
  `type` varchar(9) NOT NULL,
  `date_added` datetime NOT NULL
) ENGINE=MyISAM DEFAULT CHARSET=utf8;

-- --------------------------------------------------------

--
-- Table structure for table `ss_customer_group`
--

CREATE TABLE `ss_customer_group` (
  `customer_group_id` int(11) NOT NULL,
  `approval` int(1) NOT NULL,
  `sort_order` int(3) NOT NULL
) ENGINE=MyISAM DEFAULT CHARSET=utf8;

--
-- Dumping data for table `ss_customer_group`
--

INSERT INTO `ss_customer_group` (`customer_group_id`, `approval`, `sort_order`) VALUES
(1, 0, 1);

-- --------------------------------------------------------

--
-- Table structure for table `ss_customer_group_description`
--

CREATE TABLE `ss_customer_group_description` (
  `customer_group_id` int(11) NOT NULL,
  `language_id` int(11) NOT NULL,
  `name` varchar(32) NOT NULL,
  `description` text NOT NULL
) ENGINE=MyISAM DEFAULT CHARSET=utf8;

--
-- Dumping data for table `ss_customer_group_description`
--

INSERT INTO `ss_customer_group_description` (`customer_group_id`, `language_id`, `name`, `description`) VALUES
(1, 1, 'Default', 'test');

-- --------------------------------------------------------

--
-- Table structure for table `ss_customer_history`
--

CREATE TABLE `ss_customer_history` (
  `customer_history_id` int(11) NOT NULL,
  `customer_id` int(11) NOT NULL,
  `comment` text NOT NULL,
  `date_added` datetime NOT NULL
) ENGINE=MyISAM DEFAULT CHARSET=utf8;

-- --------------------------------------------------------

--
-- Table structure for table `ss_customer_ip`
--

CREATE TABLE `ss_customer_ip` (
  `customer_ip_id` int(11) NOT NULL,
  `customer_id` int(11) NOT NULL,
  `ip` varchar(40) NOT NULL,
  `date_added` datetime NOT NULL
) ENGINE=MyISAM DEFAULT CHARSET=utf8;

--
-- Dumping data for table `ss_customer_ip`
--

INSERT INTO `ss_customer_ip` (`customer_ip_id`, `customer_id`, `ip`, `date_added`) VALUES
(1, 1, '::1', '2020-10-05 11:58:18');

-- --------------------------------------------------------

--
-- Table structure for table `ss_customer_login`
--

CREATE TABLE `ss_customer_login` (
  `customer_login_id` int(11) NOT NULL,
  `email` varchar(96) NOT NULL,
  `ip` varchar(40) NOT NULL,
  `total` int(4) NOT NULL,
  `date_added` datetime NOT NULL,
  `date_modified` datetime NOT NULL
) ENGINE=MyISAM DEFAULT CHARSET=utf8;

-- --------------------------------------------------------

--
-- Table structure for table `ss_customer_online`
--

CREATE TABLE `ss_customer_online` (
  `ip` varchar(40) NOT NULL,
  `customer_id` int(11) NOT NULL,
  `url` text NOT NULL,
  `referer` text NOT NULL,
  `date_added` datetime NOT NULL
) ENGINE=MyISAM DEFAULT CHARSET=utf8;

-- --------------------------------------------------------

--
-- Table structure for table `ss_customer_reward`
--

CREATE TABLE `ss_customer_reward` (
  `customer_reward_id` int(11) NOT NULL,
  `customer_id` int(11) NOT NULL DEFAULT 0,
  `order_id` int(11) NOT NULL DEFAULT 0,
  `description` text NOT NULL,
  `points` int(8) NOT NULL DEFAULT 0,
  `date_added` datetime NOT NULL
) ENGINE=MyISAM DEFAULT CHARSET=utf8;

-- --------------------------------------------------------

--
-- Table structure for table `ss_customer_search`
--

CREATE TABLE `ss_customer_search` (
  `customer_search_id` int(11) NOT NULL,
  `store_id` int(11) NOT NULL,
  `language_id` int(11) NOT NULL,
  `customer_id` int(11) NOT NULL,
  `keyword` varchar(255) NOT NULL,
  `category_id` int(11) DEFAULT NULL,
  `sub_category` tinyint(1) NOT NULL,
  `description` tinyint(1) NOT NULL,
  `products` int(11) NOT NULL,
  `ip` varchar(40) NOT NULL,
  `date_added` datetime NOT NULL
) ENGINE=MyISAM DEFAULT CHARSET=utf8;

-- --------------------------------------------------------

--
-- Table structure for table `ss_customer_transaction`
--

CREATE TABLE `ss_customer_transaction` (
  `customer_transaction_id` int(11) NOT NULL,
  `customer_id` int(11) NOT NULL,
  `order_id` int(11) NOT NULL,
  `description` text NOT NULL,
  `amount` decimal(15,4) NOT NULL,
  `date_added` datetime NOT NULL
) ENGINE=MyISAM DEFAULT CHARSET=utf8;

-- --------------------------------------------------------

--
-- Table structure for table `ss_customer_wishlist`
--

CREATE TABLE `ss_customer_wishlist` (
  `customer_id` int(11) NOT NULL,
  `product_id` int(11) NOT NULL,
  `date_added` datetime NOT NULL
) ENGINE=MyISAM DEFAULT CHARSET=utf8;

-- --------------------------------------------------------

--
-- Table structure for table `ss_custom_field`
--

CREATE TABLE `ss_custom_field` (
  `custom_field_id` int(11) NOT NULL,
  `type` varchar(32) NOT NULL,
  `value` text NOT NULL,
  `validation` varchar(255) NOT NULL,
  `location` varchar(10) NOT NULL,
  `status` tinyint(1) NOT NULL,
  `sort_order` int(3) NOT NULL
) ENGINE=MyISAM DEFAULT CHARSET=utf8;

-- --------------------------------------------------------

--
-- Table structure for table `ss_custom_field_customer_group`
--

CREATE TABLE `ss_custom_field_customer_group` (
  `custom_field_id` int(11) NOT NULL,
  `customer_group_id` int(11) NOT NULL,
  `required` tinyint(1) NOT NULL
) ENGINE=MyISAM DEFAULT CHARSET=utf8;

-- --------------------------------------------------------

--
-- Table structure for table `ss_custom_field_description`
--

CREATE TABLE `ss_custom_field_description` (
  `custom_field_id` int(11) NOT NULL,
  `language_id` int(11) NOT NULL,
  `name` varchar(128) NOT NULL
) ENGINE=MyISAM DEFAULT CHARSET=utf8;

-- --------------------------------------------------------

--
-- Table structure for table `ss_custom_field_supplier_group`
--

CREATE TABLE `ss_custom_field_supplier_group` (
  `custom_field_id` int(11) NOT NULL,
  `supplier_group_id` int(11) NOT NULL,
  `required` tinyint(1) NOT NULL
) ENGINE=MyISAM DEFAULT CHARSET=utf8;

-- --------------------------------------------------------

--
-- Table structure for table `ss_custom_field_value`
--

CREATE TABLE `ss_custom_field_value` (
  `custom_field_value_id` int(11) NOT NULL,
  `custom_field_id` int(11) NOT NULL,
  `sort_order` int(3) NOT NULL
) ENGINE=MyISAM DEFAULT CHARSET=utf8;

-- --------------------------------------------------------

--
-- Table structure for table `ss_custom_field_value_description`
--

CREATE TABLE `ss_custom_field_value_description` (
  `custom_field_value_id` int(11) NOT NULL,
  `language_id` int(11) NOT NULL,
  `custom_field_id` int(11) NOT NULL,
  `name` varchar(128) NOT NULL
) ENGINE=MyISAM DEFAULT CHARSET=utf8;

-- --------------------------------------------------------

--
-- Table structure for table `ss_download`
--

CREATE TABLE `ss_download` (
  `download_id` int(11) NOT NULL,
  `filename` varchar(160) NOT NULL,
  `mask` varchar(128) NOT NULL,
  `date_added` datetime NOT NULL
) ENGINE=MyISAM DEFAULT CHARSET=utf8;

-- --------------------------------------------------------

--
-- Table structure for table `ss_download_description`
--

CREATE TABLE `ss_download_description` (
  `download_id` int(11) NOT NULL,
  `language_id` int(11) NOT NULL,
  `name` varchar(64) NOT NULL
) ENGINE=MyISAM DEFAULT CHARSET=utf8;

-- --------------------------------------------------------

--
-- Table structure for table `ss_event`
--

CREATE TABLE `ss_event` (
  `event_id` int(11) NOT NULL,
  `code` varchar(64) NOT NULL,
  `trigger` text NOT NULL,
  `action` text NOT NULL,
  `status` tinyint(1) NOT NULL,
  `sort_order` int(3) NOT NULL
) ENGINE=MyISAM DEFAULT CHARSET=utf8;

--
-- Dumping data for table `ss_event`
--

INSERT INTO `ss_event` (`event_id`, `code`, `trigger`, `action`, `status`, `sort_order`) VALUES
(1, 'activity_customer_add', 'catalog/model/account/customer/addCustomer/after', 'event/activity/addCustomer', 1, 0),
(2, 'activity_customer_edit', 'catalog/model/account/customer/editCustomer/after', 'event/activity/editCustomer', 1, 0),
(3, 'activity_customer_password', 'catalog/model/account/customer/editPassword/after', 'event/activity/editPassword', 1, 0),
(4, 'activity_customer_forgotten', 'catalog/model/account/customer/editCode/after', 'event/activity/forgotten', 1, 0),
(5, 'activity_transaction', 'catalog/model/account/customer/addTransaction/after', 'event/activity/addTransaction', 1, 0),
(6, 'activity_customer_login', 'catalog/model/account/customer/deleteLoginAttempts/after', 'event/activity/login', 1, 0),
(7, 'activity_address_add', 'catalog/model/account/address/addAddress/after', 'event/activity/addAddress', 1, 0),
(8, 'activity_address_edit', 'catalog/model/account/address/editAddress/after', 'event/activity/editAddress', 1, 0),
(9, 'activity_address_delete', 'catalog/model/account/address/deleteAddress/after', 'event/activity/deleteAddress', 1, 0),
(10, 'activity_affiliate_add', 'catalog/model/account/customer/addAffiliate/after', 'event/activity/addAffiliate', 1, 0),
(11, 'activity_affiliate_edit', 'catalog/model/account/customer/editAffiliate/after', 'event/activity/editAffiliate', 1, 0),
(12, 'activity_order_add', 'catalog/model/checkout/order/addOrderHistory/before', 'event/activity/addOrderHistory', 1, 0),
(13, 'activity_return_add', 'catalog/model/account/return/addReturn/after', 'event/activity/addReturn', 1, 0),
(14, 'mail_transaction', 'catalog/model/account/customer/addTransaction/after', 'mail/transaction', 1, 0),
(15, 'mail_forgotten', 'catalog/model/account/customer/editCode/after', 'mail/forgotten', 1, 0),
(16, 'mail_customer_add', 'catalog/model/account/customer/addCustomer/after', 'mail/register', 1, 0),
(17, 'mail_customer_alert', 'catalog/model/account/customer/addCustomer/after', 'mail/register/alert', 1, 0),
(18, 'mail_affiliate_add', 'catalog/model/account/customer/addAffiliate/after', 'mail/affiliate', 1, 0),
(19, 'mail_affiliate_alert', 'catalog/model/account/customer/addAffiliate/after', 'mail/affiliate/alert', 1, 0),
(20, 'mail_voucher', 'catalog/model/checkout/order/addOrderHistory/after', 'extension/total/voucher/send', 1, 0),
(21, 'mail_order_add', 'catalog/model/checkout/order/addOrderHistory/before', 'mail/order', 1, 0),
(22, 'mail_order_alert', 'catalog/model/checkout/order/addOrderHistory/before', 'mail/order/alert', 1, 0),
(23, 'statistics_review_add', 'catalog/model/catalog/review/addReview/after', 'event/statistics/addReview', 1, 0),
(24, 'statistics_return_add', 'catalog/model/account/return/addReturn/after', 'event/statistics/addReturn', 1, 0),
(25, 'statistics_order_history', 'catalog/model/checkout/order/addOrderHistory/after', 'event/statistics/addOrderHistory', 1, 0),
(26, 'admin_mail_affiliate_approve', 'admin/model/customer/customer_approval/approveAffiliate/after', 'mail/affiliate/approve', 1, 0),
(27, 'admin_mail_affiliate_deny', 'admin/model/customer/customer_approval/denyAffiliate/after', 'mail/affiliate/deny', 1, 0),
(28, 'admin_mail_customer_approve', 'admin/model/customer/customer_approval/approveCustomer/after', 'mail/customer/approve', 1, 0),
(29, 'admin_mail_customer_deny', 'admin/model/customer/customer_approval/denyCustomer/after', 'mail/customer/deny', 1, 0),
(30, 'admin_mail_reward', 'admin/model/customer/customer/addReward/after', 'mail/reward', 1, 0),
(31, 'admin_mail_transaction', 'admin/model/customer/customer/addTransaction/after', 'mail/transaction', 1, 0),
(32, 'admin_mail_return', 'admin/model/sale/return/addReturn/after', 'mail/return', 1, 0),
(33, 'admin_mail_forgotten', 'admin/model/user/user/editCode/after', 'mail/forgotten', 1, 0),
(34, 'advertise_google', 'admin/model/catalog/product/deleteProduct/after', 'extension/advertise/google/deleteProduct', 1, 0),
(35, 'advertise_google', 'admin/model/catalog/product/copyProduct/after', 'extension/advertise/google/copyProduct', 1, 0),
(36, 'advertise_google', 'admin/view/common/column_left/before', 'extension/advertise/google/admin_link', 1, 0),
(37, 'advertise_google', 'admin/model/catalog/product/addProduct/after', 'extension/advertise/google/addProduct', 1, 0),
(38, 'advertise_google', 'catalog/controller/checkout/success/before', 'extension/advertise/google/before_checkout_success', 1, 0),
(39, 'advertise_google', 'catalog/view/common/header/after', 'extension/advertise/google/google_global_site_tag', 1, 0),
(40, 'advertise_google', 'catalog/view/common/success/after', 'extension/advertise/google/google_dynamic_remarketing_purchase', 1, 0),
(41, 'advertise_google', 'catalog/view/product/product/after', 'extension/advertise/google/google_dynamic_remarketing_product', 1, 0),
(42, 'advertise_google', 'catalog/view/product/search/after', 'extension/advertise/google/google_dynamic_remarketing_searchresults', 1, 0),
(43, 'advertise_google', 'catalog/view/product/category/after', 'extension/advertise/google/google_dynamic_remarketing_category', 1, 0),
(44, 'advertise_google', 'catalog/view/common/home/after', 'extension/advertise/google/google_dynamic_remarketing_home', 1, 0),
(45, 'advertise_google', 'catalog/view/checkout/cart/after', 'extension/advertise/google/google_dynamic_remarketing_cart', 1, 0);

-- --------------------------------------------------------

--
-- Table structure for table `ss_extension`
--

CREATE TABLE `ss_extension` (
  `extension_id` int(11) NOT NULL,
  `type` varchar(32) NOT NULL,
  `code` varchar(32) NOT NULL
) ENGINE=MyISAM DEFAULT CHARSET=utf8;

--
-- Dumping data for table `ss_extension`
--

INSERT INTO `ss_extension` (`extension_id`, `type`, `code`) VALUES
(1, 'payment', 'cod'),
(2, 'total', 'shipping'),
(3, 'total', 'sub_total'),
(4, 'total', 'tax'),
(5, 'total', 'total'),
(6, 'module', 'banner'),
(7, 'module', 'carousel'),
(8, 'total', 'credit'),
(9, 'shipping', 'flat'),
(10, 'total', 'handling'),
(11, 'total', 'low_order_fee'),
(12, 'total', 'coupon'),
(13, 'module', 'category'),
(14, 'module', 'account'),
(15, 'total', 'reward'),
(16, 'total', 'voucher'),
(17, 'payment', 'free_checkout'),
(18, 'module', 'featured'),
(19, 'module', 'slideshow'),
(20, 'theme', 'default'),
(21, 'dashboard', 'activity'),
(22, 'dashboard', 'sale'),
(23, 'dashboard', 'recent'),
(24, 'dashboard', 'order'),
(25, 'dashboard', 'online'),
(26, 'dashboard', 'map'),
(27, 'dashboard', 'customer'),
(28, 'dashboard', 'chart'),
(29, 'report', 'sale_coupon'),
(31, 'report', 'customer_search'),
(32, 'report', 'customer_transaction'),
(33, 'report', 'product_purchased'),
(34, 'report', 'product_viewed'),
(35, 'report', 'sale_return'),
(36, 'report', 'sale_order'),
(37, 'report', 'sale_shipping'),
(38, 'report', 'sale_tax'),
(39, 'report', 'customer_activity'),
(40, 'report', 'customer_order'),
(41, 'report', 'customer_reward'),
(42, 'advertise', 'google'),
(43, 'shipping', 'free'),
(44, 'shipping', 'pickup'),
(45, 'payment', 'bank_transfer'),
(46, 'payment', 'cheque'),
(47, 'report', 'purchase_order');

-- --------------------------------------------------------

--
-- Table structure for table `ss_extension_install`
--

CREATE TABLE `ss_extension_install` (
  `extension_install_id` int(11) NOT NULL,
  `extension_download_id` int(11) NOT NULL,
  `filename` varchar(255) NOT NULL,
  `date_added` datetime NOT NULL
) ENGINE=MyISAM DEFAULT CHARSET=utf8;

--
-- Dumping data for table `ss_extension_install`
--

INSERT INTO `ss_extension_install` (`extension_install_id`, `extension_download_id`, `filename`, `date_added`) VALUES
(1, 0, 'kbmobileappbuilder.ocmod.zip', '2020-10-03 14:02:24'),
(2, 0, 'kbmobileappbuilder.ocmod.zip', '2020-10-03 14:04:27'),
(3, 0, 'kbmobileappbuilder.ocmod.zip', '2020-10-03 14:13:37'),
(4, 0, 'kbmobileappbuilder.ocmod.zip', '2020-10-03 14:15:15'),
(5, 0, 'kbmobileappbuilder.ocmod.zip', '2020-10-03 14:15:34'),
(6, 0, 'kbmobileappbuilder.ocmod.zip', '2020-10-03 14:19:15');

-- --------------------------------------------------------

--
-- Table structure for table `ss_extension_path`
--

CREATE TABLE `ss_extension_path` (
  `extension_path_id` int(11) NOT NULL,
  `extension_install_id` int(11) NOT NULL,
  `path` varchar(255) NOT NULL,
  `date_added` datetime NOT NULL
) ENGINE=MyISAM DEFAULT CHARSET=utf8;

-- --------------------------------------------------------

--
-- Table structure for table `ss_filter`
--

CREATE TABLE `ss_filter` (
  `filter_id` int(11) NOT NULL,
  `filter_group_id` int(11) NOT NULL,
  `sort_order` int(3) NOT NULL
) ENGINE=MyISAM DEFAULT CHARSET=utf8;

-- --------------------------------------------------------

--
-- Table structure for table `ss_filter_description`
--

CREATE TABLE `ss_filter_description` (
  `filter_id` int(11) NOT NULL,
  `language_id` int(11) NOT NULL,
  `filter_group_id` int(11) NOT NULL,
  `name` varchar(64) NOT NULL
) ENGINE=MyISAM DEFAULT CHARSET=utf8;

-- --------------------------------------------------------

--
-- Table structure for table `ss_filter_group`
--

CREATE TABLE `ss_filter_group` (
  `filter_group_id` int(11) NOT NULL,
  `sort_order` int(3) NOT NULL
) ENGINE=MyISAM DEFAULT CHARSET=utf8;

-- --------------------------------------------------------

--
-- Table structure for table `ss_filter_group_description`
--

CREATE TABLE `ss_filter_group_description` (
  `filter_group_id` int(11) NOT NULL,
  `language_id` int(11) NOT NULL,
  `name` varchar(64) NOT NULL
) ENGINE=MyISAM DEFAULT CHARSET=utf8;

-- --------------------------------------------------------

--
-- Table structure for table `ss_geo_zone`
--

CREATE TABLE `ss_geo_zone` (
  `geo_zone_id` int(11) NOT NULL,
  `name` varchar(32) NOT NULL,
  `description` varchar(255) NOT NULL,
  `date_added` datetime NOT NULL,
  `date_modified` datetime NOT NULL
) ENGINE=MyISAM DEFAULT CHARSET=utf8;

--
-- Dumping data for table `ss_geo_zone`
--

INSERT INTO `ss_geo_zone` (`geo_zone_id`, `name`, `description`, `date_added`, `date_modified`) VALUES
(3, 'UK VAT Zone', 'UK VAT', '2009-01-06 23:26:25', '2010-02-26 22:33:24'),
(4, 'UK Shipping', 'UK Shipping Zones', '2009-06-23 01:14:53', '2010-12-15 15:18:13'),
(5, 'India', 'India Shipping Zone', '2020-10-03 14:33:05', '0000-00-00 00:00:00');

-- --------------------------------------------------------

--
-- Table structure for table `ss_googleshopping_category`
--

CREATE TABLE `ss_googleshopping_category` (
  `google_product_category` varchar(10) NOT NULL,
  `store_id` int(11) NOT NULL DEFAULT 0,
  `category_id` int(11) NOT NULL
) ENGINE=MyISAM DEFAULT CHARSET=utf8;

-- --------------------------------------------------------

--
-- Table structure for table `ss_googleshopping_product`
--

CREATE TABLE `ss_googleshopping_product` (
  `product_advertise_google_id` int(11) UNSIGNED NOT NULL,
  `product_id` int(11) DEFAULT NULL,
  `store_id` int(11) NOT NULL DEFAULT 0,
  `has_issues` tinyint(1) DEFAULT NULL,
  `destination_status` enum('pending','approved','disapproved') NOT NULL DEFAULT 'pending',
  `impressions` int(11) NOT NULL DEFAULT 0,
  `clicks` int(11) NOT NULL DEFAULT 0,
  `conversions` int(11) NOT NULL DEFAULT 0,
  `cost` decimal(15,4) NOT NULL DEFAULT 0.0000,
  `conversion_value` decimal(15,4) NOT NULL DEFAULT 0.0000,
  `google_product_category` varchar(10) DEFAULT NULL,
  `condition` enum('new','refurbished','used') DEFAULT NULL,
  `adult` tinyint(1) DEFAULT NULL,
  `multipack` int(11) DEFAULT NULL,
  `is_bundle` tinyint(1) DEFAULT NULL,
  `age_group` enum('newborn','infant','toddler','kids','adult') DEFAULT NULL,
  `color` int(11) DEFAULT NULL,
  `gender` enum('male','female','unisex') DEFAULT NULL,
  `size_type` enum('regular','petite','plus','big and tall','maternity') DEFAULT NULL,
  `size_system` enum('AU','BR','CN','DE','EU','FR','IT','JP','MEX','UK','US') DEFAULT NULL,
  `size` int(11) DEFAULT NULL,
  `is_modified` tinyint(1) NOT NULL DEFAULT 0
) ENGINE=MyISAM DEFAULT CHARSET=utf8;

--
-- Dumping data for table `ss_googleshopping_product`
--

INSERT INTO `ss_googleshopping_product` (`product_advertise_google_id`, `product_id`, `store_id`, `has_issues`, `destination_status`, `impressions`, `clicks`, `conversions`, `cost`, `conversion_value`, `google_product_category`, `condition`, `adult`, `multipack`, `is_bundle`, `age_group`, `color`, `gender`, `size_type`, `size_system`, `size`, `is_modified`) VALUES
(1, 50, 0, NULL, 'pending', 0, 0, 0, '0.0000', '0.0000', NULL, NULL, NULL, NULL, NULL, NULL, NULL, NULL, NULL, NULL, NULL, 0);

-- --------------------------------------------------------

--
-- Table structure for table `ss_googleshopping_product_status`
--

CREATE TABLE `ss_googleshopping_product_status` (
  `product_id` int(11) NOT NULL DEFAULT 0,
  `store_id` int(11) NOT NULL DEFAULT 0,
  `product_variation_id` varchar(64) NOT NULL DEFAULT '',
  `destination_statuses` text NOT NULL,
  `data_quality_issues` text NOT NULL,
  `item_level_issues` text NOT NULL,
  `google_expiration_date` int(11) NOT NULL DEFAULT 0
) ENGINE=MyISAM DEFAULT CHARSET=utf8;

-- --------------------------------------------------------

--
-- Table structure for table `ss_googleshopping_product_target`
--

CREATE TABLE `ss_googleshopping_product_target` (
  `product_id` int(11) NOT NULL,
  `store_id` int(11) NOT NULL DEFAULT 0,
  `advertise_google_target_id` int(11) UNSIGNED NOT NULL
) ENGINE=MyISAM DEFAULT CHARSET=utf8;

-- --------------------------------------------------------

--
-- Table structure for table `ss_googleshopping_target`
--

CREATE TABLE `ss_googleshopping_target` (
  `advertise_google_target_id` int(11) UNSIGNED NOT NULL,
  `store_id` int(11) NOT NULL DEFAULT 0,
  `campaign_name` varchar(255) NOT NULL DEFAULT '',
  `country` varchar(2) NOT NULL DEFAULT '',
  `budget` decimal(15,4) NOT NULL DEFAULT 0.0000,
  `feeds` text NOT NULL,
  `status` enum('paused','active') NOT NULL DEFAULT 'paused',
  `date_added` date DEFAULT NULL,
  `roas` int(11) NOT NULL DEFAULT 0
) ENGINE=MyISAM DEFAULT CHARSET=utf8;

-- --------------------------------------------------------

--
-- Table structure for table `ss_information`
--

CREATE TABLE `ss_information` (
  `information_id` int(11) NOT NULL,
  `bottom` int(1) NOT NULL DEFAULT 0,
  `sort_order` int(3) NOT NULL DEFAULT 0,
  `status` tinyint(1) NOT NULL DEFAULT 1
) ENGINE=MyISAM DEFAULT CHARSET=utf8;

--
-- Dumping data for table `ss_information`
--

INSERT INTO `ss_information` (`information_id`, `bottom`, `sort_order`, `status`) VALUES
(3, 1, 3, 1),
(4, 1, 1, 1),
(5, 1, 4, 1),
(6, 1, 2, 1);

-- --------------------------------------------------------

--
-- Table structure for table `ss_information_description`
--

CREATE TABLE `ss_information_description` (
  `information_id` int(11) NOT NULL,
  `language_id` int(11) NOT NULL,
  `title` varchar(64) NOT NULL,
  `description` mediumtext NOT NULL,
  `meta_title` varchar(255) NOT NULL,
  `meta_description` varchar(255) NOT NULL,
  `meta_keyword` varchar(255) NOT NULL
) ENGINE=MyISAM DEFAULT CHARSET=utf8;

--
-- Dumping data for table `ss_information_description`
--

INSERT INTO `ss_information_description` (`information_id`, `language_id`, `title`, `description`, `meta_title`, `meta_description`, `meta_keyword`) VALUES
(4, 1, 'About Us', '&lt;p&gt;\r\n	About Us&lt;/p&gt;\r\n', 'About Us', '', ''),
(5, 1, 'Terms &amp; Conditions', '&lt;p&gt;\r\n	Terms &amp;amp; Conditions&lt;/p&gt;\r\n', 'Terms &amp; Conditions', '', ''),
(3, 1, 'Privacy Policy', '&lt;p&gt;\r\n	Privacy Policy&lt;/p&gt;\r\n', 'Privacy Policy', '', ''),
(6, 1, 'Delivery Information', '&lt;p&gt;\r\n	Delivery Information&lt;/p&gt;\r\n', 'Delivery Information', '', '');

-- --------------------------------------------------------

--
-- Table structure for table `ss_information_to_layout`
--

CREATE TABLE `ss_information_to_layout` (
  `information_id` int(11) NOT NULL,
  `store_id` int(11) NOT NULL,
  `layout_id` int(11) NOT NULL
) ENGINE=MyISAM DEFAULT CHARSET=utf8;

-- --------------------------------------------------------

--
-- Table structure for table `ss_information_to_store`
--

CREATE TABLE `ss_information_to_store` (
  `information_id` int(11) NOT NULL,
  `store_id` int(11) NOT NULL
) ENGINE=MyISAM DEFAULT CHARSET=utf8;

--
-- Dumping data for table `ss_information_to_store`
--

INSERT INTO `ss_information_to_store` (`information_id`, `store_id`) VALUES
(3, 0),
(4, 0),
(5, 0),
(6, 0);

-- --------------------------------------------------------

--
-- Table structure for table `ss_language`
--

CREATE TABLE `ss_language` (
  `language_id` int(11) NOT NULL,
  `name` varchar(32) NOT NULL,
  `code` varchar(5) NOT NULL,
  `locale` varchar(255) NOT NULL,
  `image` varchar(64) NOT NULL,
  `directory` varchar(32) NOT NULL,
  `sort_order` int(3) NOT NULL DEFAULT 0,
  `status` tinyint(1) NOT NULL
) ENGINE=MyISAM DEFAULT CHARSET=utf8;

--
-- Dumping data for table `ss_language`
--

INSERT INTO `ss_language` (`language_id`, `name`, `code`, `locale`, `image`, `directory`, `sort_order`, `status`) VALUES
(1, 'English', 'en-gb', 'en-US,en_US.UTF-8,en_US,en-gb,english', 'gb.png', 'english', 1, 1);

-- --------------------------------------------------------

--
-- Table structure for table `ss_layout`
--

CREATE TABLE `ss_layout` (
  `layout_id` int(11) NOT NULL,
  `name` varchar(64) NOT NULL
) ENGINE=MyISAM DEFAULT CHARSET=utf8;

--
-- Dumping data for table `ss_layout`
--

INSERT INTO `ss_layout` (`layout_id`, `name`) VALUES
(1, 'Home'),
(2, 'Product'),
(3, 'Category'),
(4, 'Default'),
(5, 'Manufacturer'),
(6, 'Account'),
(7, 'Checkout'),
(8, 'Contact'),
(9, 'Sitemap'),
(10, 'Affiliate'),
(11, 'Information'),
(12, 'Compare'),
(13, 'Search');

-- --------------------------------------------------------

--
-- Table structure for table `ss_layout_module`
--

CREATE TABLE `ss_layout_module` (
  `layout_module_id` int(11) NOT NULL,
  `layout_id` int(11) NOT NULL,
  `code` varchar(64) NOT NULL,
  `position` varchar(14) NOT NULL,
  `sort_order` int(3) NOT NULL
) ENGINE=MyISAM DEFAULT CHARSET=utf8;

--
-- Dumping data for table `ss_layout_module`
--

INSERT INTO `ss_layout_module` (`layout_module_id`, `layout_id`, `code`, `position`, `sort_order`) VALUES
(2, 4, '0', 'content_top', 0),
(3, 4, '0', 'content_top', 1),
(20, 5, '0', 'column_left', 2),
(69, 10, 'account', 'column_right', 1),
(68, 6, 'account', 'column_right', 1),
(67, 1, 'carousel.29', 'content_top', 3),
(66, 1, 'slideshow.27', 'content_top', 1),
(65, 1, 'featured.28', 'content_top', 2),
(72, 3, 'category', 'column_left', 1),
(73, 3, 'banner.30', 'column_left', 2);

-- --------------------------------------------------------

--
-- Table structure for table `ss_layout_route`
--

CREATE TABLE `ss_layout_route` (
  `layout_route_id` int(11) NOT NULL,
  `layout_id` int(11) NOT NULL,
  `store_id` int(11) NOT NULL,
  `route` varchar(64) NOT NULL
) ENGINE=MyISAM DEFAULT CHARSET=utf8;

--
-- Dumping data for table `ss_layout_route`
--

INSERT INTO `ss_layout_route` (`layout_route_id`, `layout_id`, `store_id`, `route`) VALUES
(38, 6, 0, 'account/%'),
(17, 10, 0, 'affiliate/%'),
(44, 3, 0, 'product/category'),
(42, 1, 0, 'common/home'),
(20, 2, 0, 'product/product'),
(24, 11, 0, 'information/information'),
(23, 7, 0, 'checkout/%'),
(31, 8, 0, 'information/contact'),
(32, 9, 0, 'information/sitemap'),
(34, 4, 0, ''),
(45, 5, 0, 'product/manufacturer'),
(52, 12, 0, 'product/compare'),
(53, 13, 0, 'product/search');

-- --------------------------------------------------------

--
-- Table structure for table `ss_length_class`
--

CREATE TABLE `ss_length_class` (
  `length_class_id` int(11) NOT NULL,
  `value` decimal(15,8) NOT NULL
) ENGINE=MyISAM DEFAULT CHARSET=utf8;

--
-- Dumping data for table `ss_length_class`
--

INSERT INTO `ss_length_class` (`length_class_id`, `value`) VALUES
(1, '1.00000000'),
(2, '10.00000000'),
(3, '0.39370000');

-- --------------------------------------------------------

--
-- Table structure for table `ss_length_class_description`
--

CREATE TABLE `ss_length_class_description` (
  `length_class_id` int(11) NOT NULL,
  `language_id` int(11) NOT NULL,
  `title` varchar(32) NOT NULL,
  `unit` varchar(4) NOT NULL
) ENGINE=MyISAM DEFAULT CHARSET=utf8;

--
-- Dumping data for table `ss_length_class_description`
--

INSERT INTO `ss_length_class_description` (`length_class_id`, `language_id`, `title`, `unit`) VALUES
(1, 1, 'Centimeter', 'cm'),
(2, 1, 'Millimeter', 'mm'),
(3, 1, 'Inch', 'in');

-- --------------------------------------------------------

--
-- Table structure for table `ss_location`
--

CREATE TABLE `ss_location` (
  `location_id` int(11) NOT NULL,
  `name` varchar(32) NOT NULL,
  `address` text NOT NULL,
  `telephone` varchar(32) NOT NULL,
  `fax` varchar(32) NOT NULL,
  `geocode` varchar(32) NOT NULL,
  `image` varchar(255) DEFAULT NULL,
  `open` text NOT NULL,
  `comment` text NOT NULL
) ENGINE=MyISAM DEFAULT CHARSET=utf8;

-- --------------------------------------------------------

--
-- Table structure for table `ss_manufacturer`
--

CREATE TABLE `ss_manufacturer` (
  `manufacturer_id` int(11) NOT NULL,
  `name` varchar(64) NOT NULL,
  `image` varchar(255) DEFAULT NULL,
  `sort_order` int(3) NOT NULL
) ENGINE=MyISAM DEFAULT CHARSET=utf8;

--
-- Dumping data for table `ss_manufacturer`
--

INSERT INTO `ss_manufacturer` (`manufacturer_id`, `name`, `image`, `sort_order`) VALUES
(5, 'HTC', 'catalog/demo/htc_logo.jpg', 0),
(6, 'Palm', 'catalog/demo/palm_logo.jpg', 0),
(7, 'Hewlett-Packard', 'catalog/demo/hp_logo.jpg', 0),
(8, 'Apple', 'catalog/demo/apple_logo.jpg', 0),
(9, 'Canon', 'catalog/demo/canon_logo.jpg', 0),
(10, 'Sony', 'catalog/demo/sony_logo.jpg', 0);

-- --------------------------------------------------------

--
-- Table structure for table `ss_manufacturer_to_store`
--

CREATE TABLE `ss_manufacturer_to_store` (
  `manufacturer_id` int(11) NOT NULL,
  `store_id` int(11) NOT NULL
) ENGINE=MyISAM DEFAULT CHARSET=utf8;

--
-- Dumping data for table `ss_manufacturer_to_store`
--

INSERT INTO `ss_manufacturer_to_store` (`manufacturer_id`, `store_id`) VALUES
(5, 0),
(6, 0),
(7, 0),
(8, 0),
(9, 0),
(10, 0);

-- --------------------------------------------------------

--
-- Table structure for table `ss_marketing`
--

CREATE TABLE `ss_marketing` (
  `marketing_id` int(11) NOT NULL,
  `name` varchar(32) NOT NULL,
  `description` text NOT NULL,
  `code` varchar(64) NOT NULL,
  `clicks` int(5) NOT NULL DEFAULT 0,
  `date_added` datetime NOT NULL
) ENGINE=MyISAM DEFAULT CHARSET=utf8;

-- --------------------------------------------------------

--
-- Table structure for table `ss_modification`
--

CREATE TABLE `ss_modification` (
  `modification_id` int(11) NOT NULL,
  `extension_install_id` int(11) NOT NULL,
  `name` varchar(64) NOT NULL,
  `code` varchar(64) NOT NULL,
  `author` varchar(64) NOT NULL,
  `version` varchar(32) NOT NULL,
  `link` varchar(255) NOT NULL,
  `xml` mediumtext NOT NULL,
  `status` tinyint(1) NOT NULL,
  `date_added` datetime NOT NULL
) ENGINE=MyISAM DEFAULT CHARSET=utf8;

-- --------------------------------------------------------

--
-- Table structure for table `ss_module`
--

CREATE TABLE `ss_module` (
  `module_id` int(11) NOT NULL,
  `name` varchar(64) NOT NULL,
  `code` varchar(32) NOT NULL,
  `setting` text NOT NULL
) ENGINE=MyISAM DEFAULT CHARSET=utf8;

--
-- Dumping data for table `ss_module`
--

INSERT INTO `ss_module` (`module_id`, `name`, `code`, `setting`) VALUES
(30, 'Category', 'banner', '{\"name\":\"Category\",\"banner_id\":\"6\",\"width\":\"182\",\"height\":\"182\",\"status\":\"1\"}'),
(29, 'Home Page', 'carousel', '{\"name\":\"Home Page\",\"banner_id\":\"8\",\"width\":\"130\",\"height\":\"100\",\"status\":\"1\"}'),
(28, 'Home Page', 'featured', '{\"name\":\"Home Page\",\"product\":[\"43\",\"40\",\"42\",\"30\"],\"limit\":\"4\",\"width\":\"200\",\"height\":\"200\",\"status\":\"1\"}'),
(27, 'Home Page', 'slideshow', '{\"name\":\"Home Page\",\"banner_id\":\"7\",\"width\":\"1140\",\"height\":\"380\",\"status\":\"1\"}'),
(31, 'Banner 1', 'banner', '{\"name\":\"Banner 1\",\"banner_id\":\"6\",\"width\":\"182\",\"height\":\"182\",\"status\":\"1\"}');

-- --------------------------------------------------------

--
-- Table structure for table `ss_option`
--

CREATE TABLE `ss_option` (
  `option_id` int(11) NOT NULL,
  `type` varchar(32) NOT NULL,
  `sort_order` int(3) NOT NULL
) ENGINE=MyISAM DEFAULT CHARSET=utf8;

--
-- Dumping data for table `ss_option`
--

INSERT INTO `ss_option` (`option_id`, `type`, `sort_order`) VALUES
(1, 'radio', 1),
(2, 'checkbox', 2),
(4, 'text', 3),
(5, 'select', 4),
(6, 'textarea', 5),
(7, 'file', 6),
(8, 'date', 7),
(9, 'time', 8),
(10, 'datetime', 9),
(11, 'select', 10),
(12, 'date', 11);

-- --------------------------------------------------------

--
-- Table structure for table `ss_option_description`
--

CREATE TABLE `ss_option_description` (
  `option_id` int(11) NOT NULL,
  `language_id` int(11) NOT NULL,
  `name` varchar(128) NOT NULL
) ENGINE=MyISAM DEFAULT CHARSET=utf8;

--
-- Dumping data for table `ss_option_description`
--

INSERT INTO `ss_option_description` (`option_id`, `language_id`, `name`) VALUES
(1, 1, 'Radio'),
(2, 1, 'Checkbox'),
(4, 1, 'Text'),
(6, 1, 'Textarea'),
(8, 1, 'Date'),
(7, 1, 'File'),
(5, 1, 'Select'),
(9, 1, 'Time'),
(10, 1, 'Date &amp; Time'),
(12, 1, 'Delivery Date'),
(11, 1, 'Size');

-- --------------------------------------------------------

--
-- Table structure for table `ss_option_value`
--

CREATE TABLE `ss_option_value` (
  `option_value_id` int(11) NOT NULL,
  `option_id` int(11) NOT NULL,
  `image` varchar(255) NOT NULL,
  `sort_order` int(3) NOT NULL
) ENGINE=MyISAM DEFAULT CHARSET=utf8;

--
-- Dumping data for table `ss_option_value`
--

INSERT INTO `ss_option_value` (`option_value_id`, `option_id`, `image`, `sort_order`) VALUES
(43, 1, '', 3),
(32, 1, '', 1),
(45, 2, '', 4),
(44, 2, '', 3),
(42, 5, '', 4),
(41, 5, '', 3),
(39, 5, '', 1),
(40, 5, '', 2),
(31, 1, '', 2),
(23, 2, '', 1),
(24, 2, '', 2),
(46, 11, '', 1),
(47, 11, '', 2),
(48, 11, '', 3);

-- --------------------------------------------------------

--
-- Table structure for table `ss_option_value_description`
--

CREATE TABLE `ss_option_value_description` (
  `option_value_id` int(11) NOT NULL,
  `language_id` int(11) NOT NULL,
  `option_id` int(11) NOT NULL,
  `name` varchar(128) NOT NULL
) ENGINE=MyISAM DEFAULT CHARSET=utf8;

--
-- Dumping data for table `ss_option_value_description`
--

INSERT INTO `ss_option_value_description` (`option_value_id`, `language_id`, `option_id`, `name`) VALUES
(43, 1, 1, 'Large'),
(32, 1, 1, 'Small'),
(45, 1, 2, 'Checkbox 4'),
(44, 1, 2, 'Checkbox 3'),
(31, 1, 1, 'Medium'),
(42, 1, 5, 'Yellow'),
(41, 1, 5, 'Green'),
(39, 1, 5, 'Red'),
(40, 1, 5, 'Blue'),
(23, 1, 2, 'Checkbox 1'),
(24, 1, 2, 'Checkbox 2'),
(48, 1, 11, 'Large'),
(47, 1, 11, 'Medium'),
(46, 1, 11, 'Small');

-- --------------------------------------------------------

--
-- Table structure for table `ss_order`
--

CREATE TABLE `ss_order` (
  `order_id` int(11) NOT NULL,
  `invoice_no` int(11) NOT NULL DEFAULT 0,
  `invoice_prefix` varchar(26) NOT NULL,
  `store_id` int(11) NOT NULL DEFAULT 0,
  `store_name` varchar(64) NOT NULL,
  `store_url` varchar(255) NOT NULL,
  `customer_id` int(11) NOT NULL DEFAULT 0,
  `customer_group_id` int(11) NOT NULL DEFAULT 0,
  `firstname` varchar(32) NOT NULL,
  `lastname` varchar(32) NOT NULL,
  `email` varchar(96) NOT NULL,
  `telephone` varchar(32) NOT NULL,
  `fax` varchar(32) NOT NULL,
  `custom_field` text NOT NULL,
  `payment_address_id` int(11) NOT NULL,
  `payment_firstname` varchar(32) NOT NULL,
  `payment_lastname` varchar(32) NOT NULL,
  `payment_company` varchar(60) NOT NULL,
  `payment_address_1` varchar(128) NOT NULL,
  `payment_address_2` varchar(128) NOT NULL,
  `payment_city` varchar(128) NOT NULL,
  `payment_postcode` varchar(10) NOT NULL,
  `payment_country` varchar(128) NOT NULL,
  `payment_country_id` int(11) NOT NULL,
  `payment_zone` varchar(128) NOT NULL,
  `payment_zone_id` int(11) NOT NULL,
  `payment_address_format` text NOT NULL,
  `payment_custom_field` text NOT NULL,
  `payment_method` varchar(128) NOT NULL,
  `payment_code` varchar(128) NOT NULL,
  `shipping_address_id` int(11) NOT NULL,
  `shipping_firstname` varchar(32) NOT NULL,
  `shipping_lastname` varchar(32) NOT NULL,
  `shipping_company` varchar(40) NOT NULL,
  `shipping_address_1` varchar(128) NOT NULL,
  `shipping_address_2` varchar(128) NOT NULL,
  `shipping_city` varchar(128) NOT NULL,
  `shipping_postcode` varchar(10) NOT NULL,
  `shipping_country` varchar(128) NOT NULL,
  `shipping_country_id` int(11) NOT NULL,
  `shipping_zone` varchar(128) NOT NULL,
  `shipping_zone_id` int(11) NOT NULL,
  `shipping_address_format` text NOT NULL,
  `shipping_custom_field` text NOT NULL,
  `shipping_method` varchar(128) NOT NULL,
  `shipping_code` varchar(128) NOT NULL,
  `comment` text NOT NULL,
  `total` decimal(15,4) NOT NULL DEFAULT 0.0000,
  `order_status_id` int(11) NOT NULL DEFAULT 0,
  `affiliate_id` int(11) NOT NULL,
  `commission` decimal(15,4) NOT NULL,
  `marketing_id` int(11) NOT NULL,
  `tracking` varchar(64) NOT NULL,
  `language_id` int(11) NOT NULL,
  `currency_id` int(11) NOT NULL,
  `currency_code` varchar(3) NOT NULL,
  `currency_value` decimal(15,8) NOT NULL DEFAULT 1.00000000,
  `ip` varchar(40) NOT NULL,
  `forwarded_ip` varchar(40) NOT NULL,
  `user_agent` varchar(255) NOT NULL,
  `accept_language` varchar(255) NOT NULL,
  `date_added` datetime NOT NULL,
  `date_modified` datetime NOT NULL
) ENGINE=MyISAM DEFAULT CHARSET=utf8;

--
-- Dumping data for table `ss_order`
--

INSERT INTO `ss_order` (`order_id`, `invoice_no`, `invoice_prefix`, `store_id`, `store_name`, `store_url`, `customer_id`, `customer_group_id`, `firstname`, `lastname`, `email`, `telephone`, `fax`, `custom_field`, `payment_address_id`, `payment_firstname`, `payment_lastname`, `payment_company`, `payment_address_1`, `payment_address_2`, `payment_city`, `payment_postcode`, `payment_country`, `payment_country_id`, `payment_zone`, `payment_zone_id`, `payment_address_format`, `payment_custom_field`, `payment_method`, `payment_code`, `shipping_address_id`, `shipping_firstname`, `shipping_lastname`, `shipping_company`, `shipping_address_1`, `shipping_address_2`, `shipping_city`, `shipping_postcode`, `shipping_country`, `shipping_country_id`, `shipping_zone`, `shipping_zone_id`, `shipping_address_format`, `shipping_custom_field`, `shipping_method`, `shipping_code`, `comment`, `total`, `order_status_id`, `affiliate_id`, `commission`, `marketing_id`, `tracking`, `language_id`, `currency_id`, `currency_code`, `currency_value`, `ip`, `forwarded_ip`, `user_agent`, `accept_language`, `date_added`, `date_modified`) VALUES
(1, 0, 'INV-2020-00', 0, 'Your Store', 'http://localhost/systemsolution/upload/', 1, 1, 'Pramod Patil', '', 'pro.pramod.pune@gmail.com', '9730519575', '', '[]', 0, '', '', '', '', '', '', '', '', 0, '', 0, '', '[]', '', '', 0, '', '', '', '', '', '', '', '', 0, '', 0, '', '[]', '', '', 'sample order', '198.4000', 1, 1, '8.0000', 0, '', 1, 4, 'INR', '1.00000000', '::1', '', 'Mozilla/5.0 (Macintosh; Intel Mac OS X 10_13_6) AppleWebKit/537.36 (KHTML, like Gecko) Chrome/85.0.4183.83 Safari/537.36', 'en-GB,en-US;q=0.9,en;q=0.8', '2020-10-06 12:51:00', '2020-10-06 12:51:00'),
(2, 0, 'INV-2020-00', 0, 'Your Store', 'http://localhost/systemsolution/upload/', 1, 1, 'Pramod Patil', '', 'pro.pramod.pune@gmail.com', '9730519575', '', '[]', 0, '', '', '', '', '', '', '', '', 0, '', 0, '', '\"\"', '', '', 0, '', '', '', '', '', '', '', '', 0, '', 0, '', '[]', '', '', 'sample order', '124.0000', 7, 1, '5.0000', 0, '', 1, 4, 'INR', '1.00000000', '::1', '', 'Mozilla/5.0 (Macintosh; Intel Mac OS X 10_13_6) AppleWebKit/537.36 (KHTML, like Gecko) Chrome/85.0.4183.83 Safari/537.36', 'en-GB,en-US;q=0.9,en;q=0.8', '2020-10-06 12:59:19', '2020-10-07 23:21:32'),
(3, 0, 'INV-2020-00', 0, 'Your Store', 'http://localhost/systemsolution/upload/', 1, 1, 'Pramod Patil', '', 'pro.pramod.pune@gmail.com', '9730519575', '', '[]', 0, '', '', '', '', '', '', '', '', 0, '', 0, '', 'null', '', '', 0, '', '', '', '', '', '', '', '', 0, '', 0, '', '[]', '', '', 'sample order', '198.4000', 1, 1, '8.0000', 0, '', 1, 4, 'INR', '1.00000000', '::1', '', 'Mozilla/5.0 (Macintosh; Intel Mac OS X 10_13_6) AppleWebKit/537.36 (KHTML, like Gecko) Chrome/85.0.4183.83 Safari/537.36', 'en-GB,en-US;q=0.9,en;q=0.8', '2020-10-06 13:16:54', '2020-10-06 13:23:35'),
(6, 0, 'INV-2020-00', 0, 'Your Store', 'http://localhost/systemsolution/upload/', 1, 1, 'Pramod Patil', '', 'pro.pramod.pune@gmail.com', '9730519575', '', '[]', 0, 'Pramod Patil', '', 'abc.com', 'pune', '', 'pune', '411401', '0', 99, 'Maharashtra', 1493, '', '[]', 'Cash On Delivery', 'cod', 0, 'Pramod Patil', '', 'abc.com', 'pune', '', 'pune', '411401', 'India', 99, 'Maharashtra', 1493, '', '[]', 'Flat Shipping Rate', 'flat.flat', '', '1556.2000', 1, 1, '62.5000', 0, '', 1, 4, 'INR', '1.00000000', '::1', '', 'Mozilla/5.0 (Macintosh; Intel Mac OS X 10_13_6) AppleWebKit/537.36 (KHTML, like Gecko) Chrome/85.0.4183.83 Safari/537.36', 'en-GB,en-US;q=0.9,en;q=0.8', '2020-10-11 01:13:14', '2020-10-11 01:13:14'),
(5, 0, 'INV-2020-00', 0, 'Your Store', 'http://localhost/systemsolution/upload/', 1, 1, 'Pramod Patil', '', 'pro.pramod.pune@gmail.com', '9730519575', '', '[]', 1, 'Pramod Patil', '', 'abc.com', 'pune', '', 'pune', '411401', 'India', 99, 'Maharashtra', 1493, '', '\"\"', 'Cash On Delivery', 'cod', 1, 'Pramod Patil', '', 'abc.com', 'pune', '', 'pune', '411401', 'India', 99, 'Maharashtra', 1493, '', '[]', 'Flat Shipping Rate', 'flat.flat', 'sample order', '204.6000', 1, 1, '8.0000', 0, '', 1, 4, 'INR', '1.00000000', '::1', '', 'Mozilla/5.0 (Macintosh; Intel Mac OS X 10_13_6) AppleWebKit/537.36 (KHTML, like Gecko) Chrome/85.0.4183.83 Safari/537.36', 'en-GB,en-US;q=0.9,en;q=0.8', '2020-10-07 00:28:59', '2020-10-09 03:56:31'),
(7, 0, 'INV-2020-00', 0, 'Your Store', 'http://localhost/systemsolution/upload/', 1, 1, 'Pramod Patil', '', 'pro.pramod.pune@gmail.com', '9730519575', '', '[]', 0, 'Pramod Patil', '', 'abc.com', 'pune', '', 'pune', '411401', 'India', 99, 'Maharashtra', 1493, '', '\"\"', '', '', 0, '', '', '', '', '', '', '', '', 0, '', 0, '', '[]', '', '', '', '1860.0000', 1, 1, '75.0000', 0, '', 1, 4, 'INR', '1.00000000', '::1', '', 'Mozilla/5.0 (Macintosh; Intel Mac OS X 10_13_6) AppleWebKit/537.36 (KHTML, like Gecko) Chrome/85.0.4183.83 Safari/537.36', 'en-GB,en-US;q=0.9,en;q=0.8', '2020-10-11 01:14:10', '2020-10-11 09:55:49'),
(11, 1, 'INV-2020-00', 0, 'Your Store', 'http://localhost/systemsolution/upload/', 1, 1, 'Pramod Patil', '', 'pro.pramod.pune@gmail.com', '9730519575', '', '[]', 0, '', '', '', '', '', '', '', '', 0, '', 0, '', '\"\"', '', '', 0, '', '', '', '', '', '', '', '', 0, '', 0, '', '[]', '', '', '', '72540.0000', 1, 1, '2925.0000', 0, '', 1, 4, 'INR', '1.00000000', '::1', '', 'Mozilla/5.0 (Macintosh; Intel Mac OS X 10_13_6) AppleWebKit/537.36 (KHTML, like Gecko) Chrome/85.0.4183.83 Safari/537.36', 'en-GB,en-US;q=0.9,en;q=0.8', '2020-10-11 10:28:18', '2020-10-15 11:51:03'),
(8, 0, 'INV-2020-00', 0, 'Your Store', 'http://localhost/systemsolution/upload/', 1, 1, 'Pramod Patil', '', 'pro.pramod.pune@gmail.com', '9730519575', '', '[]', 0, 'Pramod Patil', '', 'abc.com', 'pune', '', 'pune', '411401', '0', 99, 'Maharashtra', 1493, '', '[]', 'Cash On Delivery', 'cod', 0, '', '', '', '', '', '', '', '', 0, '', 0, '', '[]', '', '', '', '0.0000', 1, 1, '0.0000', 0, '', 1, 4, 'INR', '1.00000000', '::1', '', 'Mozilla/5.0 (Macintosh; Intel Mac OS X 10_13_6) AppleWebKit/537.36 (KHTML, like Gecko) Chrome/85.0.4183.83 Safari/537.36', 'en-GB,en-US;q=0.9,en;q=0.8', '2020-10-11 01:16:58', '2020-10-11 01:16:58'),
(9, 0, 'INV-2020-00', 0, 'Your Store', 'http://localhost/systemsolution/upload/', 1, 1, 'Pramod Patil', '', 'pro.pramod.pune@gmail.com', '9730519575', '', '[]', 0, 'Pramod Patil', '', 'abc.com', 'pune', '', 'pune', '411401', '0', 99, 'Maharashtra', 1493, '', '[]', 'Cash On Delivery', 'cod', 0, '', '', '', '', '', '', '', '', 0, '', 0, '', '[]', '', '', '', '0.0000', 1, 1, '0.0000', 0, '', 1, 4, 'INR', '1.00000000', '::1', '', 'Mozilla/5.0 (Macintosh; Intel Mac OS X 10_13_6) AppleWebKit/537.36 (KHTML, like Gecko) Chrome/85.0.4183.83 Safari/537.36', 'en-GB,en-US;q=0.9,en;q=0.8', '2020-10-11 01:22:54', '2020-10-11 01:22:54'),
(10, 0, 'INV-2020-00', 0, 'Your Store', 'http://localhost/systemsolution/upload/', 1, 1, 'Pramod Patil', '', 'pro.pramod.pune@gmail.com', '9730519575', '', '[]', 0, 'Pramod Patil', '', 'abc.com', 'pune', '', 'pune', '411401', '0', 99, 'Maharashtra', 1493, '', '[]', 'Cash On Delivery', 'cod', 0, '', '', '', '', '', '', '', '', 0, '', 0, '', '[]', '', '', '', '0.0000', 1, 1, '0.0000', 0, '', 1, 4, 'INR', '1.00000000', '::1', '', 'Mozilla/5.0 (Macintosh; Intel Mac OS X 10_13_6) AppleWebKit/537.36 (KHTML, like Gecko) Chrome/85.0.4183.83 Safari/537.36', 'en-GB,en-US;q=0.9,en;q=0.8', '2020-10-11 01:23:41', '2020-10-11 01:23:42'),
(12, 0, 'INV-2020-00', 0, 'Your Store', 'http://localhost/systemsolution/upload/', 1, 1, 'Pramod Patil', '', 'pro.pramod.pune@gmail.com', '9730519575', '', '[]', 0, '', '', '', '', '', '', '', '', 0, '', 0, '', '\"\"', '', '', 0, '', '', '', '', '', '', '', '', 0, '', 0, '', '[]', '', '', '', '1240.0000', 1, 1, '50.0000', 0, '', 1, 4, 'INR', '1.00000000', '::1', '', 'Mozilla/5.0 (Macintosh; Intel Mac OS X 10_13_6) AppleWebKit/537.36 (KHTML, like Gecko) Chrome/85.0.4183.83 Safari/537.36', 'en-GB,en-US;q=0.9,en;q=0.8', '2020-10-13 21:08:51', '2020-10-15 12:49:32');

-- --------------------------------------------------------

--
-- Table structure for table `ss_order_history`
--

CREATE TABLE `ss_order_history` (
  `order_history_id` int(11) NOT NULL,
  `order_id` int(11) NOT NULL,
  `order_status_id` int(11) NOT NULL,
  `notify` tinyint(1) NOT NULL DEFAULT 0,
  `comment` text NOT NULL,
  `date_added` datetime NOT NULL
) ENGINE=MyISAM DEFAULT CHARSET=utf8;

--
-- Dumping data for table `ss_order_history`
--

INSERT INTO `ss_order_history` (`order_history_id`, `order_id`, `order_status_id`, `notify`, `comment`, `date_added`) VALUES
(1, 1, 1, 0, '', '2020-10-06 12:51:00'),
(2, 2, 1, 0, '', '2020-10-06 12:59:19'),
(3, 3, 1, 0, '', '2020-10-06 13:16:54'),
(4, 3, 0, 0, '', '2020-10-06 13:21:27'),
(5, 3, 1, 0, '', '2020-10-06 13:21:27'),
(6, 3, 0, 0, '', '2020-10-06 13:22:51'),
(7, 3, 1, 0, '', '2020-10-06 13:22:52'),
(8, 3, 0, 0, '', '2020-10-06 13:23:35'),
(9, 3, 1, 0, '', '2020-10-06 13:23:35'),
(11, 5, 1, 0, '', '2020-10-07 00:28:59'),
(12, 5, 0, 0, '', '2020-10-07 00:29:57'),
(13, 5, 1, 0, '', '2020-10-07 00:29:57'),
(14, 2, 0, 0, '', '2020-10-07 22:50:57'),
(15, 2, 1, 0, '', '2020-10-07 22:50:57'),
(16, 2, 0, 0, '', '2020-10-07 22:54:07'),
(17, 2, 0, 0, '', '2020-10-07 22:54:48'),
(18, 2, 0, 0, '', '2020-10-07 23:01:00'),
(19, 2, 0, 0, '', '2020-10-07 23:09:27'),
(20, 2, 0, 0, '', '2020-10-07 23:10:38'),
(21, 2, 0, 0, '', '2020-10-07 23:10:59'),
(22, 2, 0, 0, '', '2020-10-07 23:20:57'),
(23, 2, 0, 0, '', '2020-10-07 23:21:32'),
(24, 2, 7, 0, '', '2020-10-07 23:21:32'),
(25, 5, 0, 0, '', '2020-10-09 00:28:26'),
(26, 5, 1, 0, '', '2020-10-09 00:28:26'),
(27, 5, 0, 0, '', '2020-10-09 00:30:10'),
(28, 5, 1, 0, '', '2020-10-09 00:30:10'),
(29, 5, 0, 0, '', '2020-10-09 00:40:44'),
(30, 5, 1, 0, '', '2020-10-09 00:40:44'),
(31, 5, 0, 0, '', '2020-10-09 01:10:12'),
(32, 5, 1, 0, '', '2020-10-09 01:10:12'),
(33, 5, 0, 0, '', '2020-10-09 01:15:21'),
(34, 5, 1, 0, '', '2020-10-09 01:15:21'),
(35, 5, 0, 0, '', '2020-10-09 01:22:52'),
(36, 5, 1, 0, '', '2020-10-09 01:22:52'),
(37, 5, 0, 0, '', '2020-10-09 01:53:09'),
(38, 5, 1, 0, '', '2020-10-09 01:53:09'),
(39, 5, 0, 0, '', '2020-10-09 03:50:21'),
(40, 5, 0, 0, '', '2020-10-09 03:53:57'),
(41, 5, 0, 0, '', '2020-10-09 03:56:30'),
(42, 5, 1, 0, '', '2020-10-09 03:56:31'),
(44, 6, 1, 0, '', '2020-10-11 01:13:14'),
(45, 7, 1, 0, '', '2020-10-11 01:14:10'),
(46, 8, 1, 0, '', '2020-10-11 01:16:58'),
(47, 9, 1, 0, '', '2020-10-11 01:22:54'),
(48, 10, 1, 0, '', '2020-10-11 01:23:42'),
(49, 7, 0, 0, '', '2020-10-11 09:55:49'),
(50, 7, 1, 0, '', '2020-10-11 09:55:49'),
(51, 11, 1, 0, '', '2020-10-11 10:28:19'),
(52, 11, 0, 0, '', '2020-10-11 10:37:38'),
(53, 11, 1, 0, '', '2020-10-11 10:37:38'),
(54, 11, 0, 0, '', '2020-10-13 00:13:20'),
(55, 11, 1, 0, '', '2020-10-13 00:13:21'),
(56, 12, 1, 0, '', '2020-10-13 21:08:52'),
(57, 11, 0, 0, '', '2020-10-15 11:18:06'),
(58, 11, 1, 0, '', '2020-10-15 11:18:06'),
(59, 11, 0, 0, '', '2020-10-15 11:18:50'),
(60, 11, 1, 0, '', '2020-10-15 11:18:50'),
(61, 11, 0, 0, '', '2020-10-15 11:23:38'),
(62, 11, 1, 0, '', '2020-10-15 11:23:39'),
(63, 11, 0, 0, '', '2020-10-15 11:51:03'),
(64, 11, 1, 0, '', '2020-10-15 11:51:03'),
(65, 12, 0, 0, '', '2020-10-15 12:49:32'),
(66, 12, 1, 0, '', '2020-10-15 12:49:32');

-- --------------------------------------------------------

--
-- Table structure for table `ss_order_option`
--

CREATE TABLE `ss_order_option` (
  `order_option_id` int(11) NOT NULL,
  `order_id` int(11) NOT NULL,
  `order_product_id` int(11) NOT NULL,
  `product_option_id` int(11) NOT NULL,
  `product_option_value_id` int(11) NOT NULL DEFAULT 0,
  `name` varchar(255) NOT NULL,
  `value` text NOT NULL,
  `type` varchar(32) NOT NULL
) ENGINE=MyISAM DEFAULT CHARSET=utf8;

--
-- Dumping data for table `ss_order_option`
--

INSERT INTO `ss_order_option` (`order_option_id`, `order_id`, `order_product_id`, `product_option_id`, `product_option_value_id`, `name`, `value`, `type`) VALUES
(1, 1, 1, 226, 16, 'Select', 'Blue', 'select'),
(2, 1, 2, 226, 15, 'Select', 'Red', 'select'),
(5, 3, 5, 226, 16, 'Select', 'Blue', 'select'),
(16, 6, 18, 225, 0, 'Delivery Date', '2011-04-22', 'date'),
(15, 5, 17, 226, 16, 'Select', 'Blue', 'select'),
(18, 12, 30, 225, 0, 'Delivery Date', '2011-04-22', 'date');

-- --------------------------------------------------------

--
-- Table structure for table `ss_order_product`
--

CREATE TABLE `ss_order_product` (
  `order_product_id` int(11) NOT NULL,
  `order_id` int(11) NOT NULL,
  `product_id` int(11) NOT NULL,
  `name` varchar(255) NOT NULL,
  `model` varchar(64) NOT NULL,
  `quantity` int(4) NOT NULL,
  `price` decimal(15,4) NOT NULL DEFAULT 0.0000,
  `total` decimal(15,4) NOT NULL DEFAULT 0.0000,
  `tax` decimal(15,4) NOT NULL DEFAULT 0.0000,
  `reward` int(8) NOT NULL
) ENGINE=MyISAM DEFAULT CHARSET=utf8;

--
-- Dumping data for table `ss_order_product`
--

INSERT INTO `ss_order_product` (`order_product_id`, `order_id`, `product_id`, `name`, `model`, `quantity`, `price`, `total`, `tax`, `reward`) VALUES
(1, 1, 30, 'Canon EOS 5D', 'sample', 1, '80.0000', '80.0000', '19.2000', 200),
(2, 1, 30, 'Canon EOS 5D', 'sample', 1, '80.0000', '80.0000', '19.2000', 200),
(5, 3, 30, 'Canon EOS 5D', 'sample', 2, '80.0000', '160.0000', '19.2000', 400),
(18, 6, 47, 'HP LP3065', 'Product 21', 10, '125.0000', '1250.0000', '30.0000', 3000),
(17, 5, 30, 'Canon EOS 5D', 'sample', 2, '80.0000', '160.0000', '19.2000', 400),
(9, 2, 28, 'HTC Touch HD', 'Product 1', 1, '100.0000', '100.0000', '24.0000', 400),
(19, 7, 41, 'iMac', 'Product 14', 10, '150.0000', '1500.0000', '36.0000', 0),
(29, 11, 50, 'Sample 1', 'sample', 10, '5350.0000', '53500.0000', '1284.0000', 0),
(30, 12, 47, 'HP LP3065', 'Product 21', 10, '100.0000', '1000.0000', '24.0000', 3000),
(28, 11, 41, 'iMac', 'Product 14', 50, '100.0000', '5000.0000', '24.0000', 0);

-- --------------------------------------------------------

--
-- Table structure for table `ss_order_recurring`
--

CREATE TABLE `ss_order_recurring` (
  `order_recurring_id` int(11) NOT NULL,
  `order_id` int(11) NOT NULL,
  `reference` varchar(255) NOT NULL,
  `product_id` int(11) NOT NULL,
  `product_name` varchar(255) NOT NULL,
  `product_quantity` int(11) NOT NULL,
  `recurring_id` int(11) NOT NULL,
  `recurring_name` varchar(255) NOT NULL,
  `recurring_description` varchar(255) NOT NULL,
  `recurring_frequency` varchar(25) NOT NULL,
  `recurring_cycle` smallint(6) NOT NULL,
  `recurring_duration` smallint(6) NOT NULL,
  `recurring_price` decimal(10,4) NOT NULL,
  `trial` tinyint(1) NOT NULL,
  `trial_frequency` varchar(25) NOT NULL,
  `trial_cycle` smallint(6) NOT NULL,
  `trial_duration` smallint(6) NOT NULL,
  `trial_price` decimal(10,4) NOT NULL,
  `status` tinyint(4) NOT NULL,
  `date_added` datetime NOT NULL
) ENGINE=MyISAM DEFAULT CHARSET=utf8;

-- --------------------------------------------------------

--
-- Table structure for table `ss_order_recurring_transaction`
--

CREATE TABLE `ss_order_recurring_transaction` (
  `order_recurring_transaction_id` int(11) NOT NULL,
  `order_recurring_id` int(11) NOT NULL,
  `reference` varchar(255) NOT NULL,
  `type` varchar(255) NOT NULL,
  `amount` decimal(10,4) NOT NULL,
  `date_added` datetime NOT NULL
) ENGINE=MyISAM DEFAULT CHARSET=utf8;

-- --------------------------------------------------------

--
-- Table structure for table `ss_order_shipment`
--

CREATE TABLE `ss_order_shipment` (
  `order_shipment_id` int(11) NOT NULL,
  `order_id` int(11) NOT NULL,
  `date_added` datetime NOT NULL,
  `shipping_courier_id` varchar(255) NOT NULL DEFAULT '',
  `tracking_number` varchar(255) NOT NULL DEFAULT ''
) ENGINE=MyISAM DEFAULT CHARSET=utf8;

-- --------------------------------------------------------

--
-- Table structure for table `ss_order_status`
--

CREATE TABLE `ss_order_status` (
  `order_status_id` int(11) NOT NULL,
  `language_id` int(11) NOT NULL,
  `name` varchar(32) NOT NULL
) ENGINE=MyISAM DEFAULT CHARSET=utf8;

--
-- Dumping data for table `ss_order_status`
--

INSERT INTO `ss_order_status` (`order_status_id`, `language_id`, `name`) VALUES
(2, 1, 'Processing'),
(3, 1, 'Shipped'),
(7, 1, 'Canceled'),
(5, 1, 'Complete'),
(8, 1, 'Denied'),
(9, 1, 'Canceled Reversal'),
(10, 1, 'Failed'),
(11, 1, 'Refunded'),
(12, 1, 'Reversed'),
(13, 1, 'Chargeback'),
(1, 1, 'Pending'),
(16, 1, 'Voided'),
(15, 1, 'Processed'),
(14, 1, 'Expired');

-- --------------------------------------------------------

--
-- Table structure for table `ss_order_total`
--

CREATE TABLE `ss_order_total` (
  `order_total_id` int(10) NOT NULL,
  `order_id` int(11) NOT NULL,
  `code` varchar(32) NOT NULL,
  `title` varchar(255) NOT NULL,
  `value` decimal(15,4) NOT NULL DEFAULT 0.0000,
  `sort_order` int(3) NOT NULL
) ENGINE=MyISAM DEFAULT CHARSET=utf8;

--
-- Dumping data for table `ss_order_total`
--

INSERT INTO `ss_order_total` (`order_total_id`, `order_id`, `code`, `title`, `value`, `sort_order`) VALUES
(1, 1, 'sub_total', 'Sub-Total', '160.0000', 1),
(2, 1, 'tax', 'CGST', '9.6000', 5),
(3, 1, 'tax', 'IGST', '19.2000', 5),
(4, 1, 'tax', 'SGST', '9.6000', 5),
(5, 1, 'total', 'Total', '198.4000', 9),
(45, 2, 'tax', 'SGST', '6.0000', 5),
(46, 2, 'total', 'Total', '124.0000', 9),
(24, 3, 'total', 'Total', '198.4000', 9),
(23, 3, 'tax', 'SGST', '9.6000', 5),
(22, 3, 'tax', 'IGST', '19.2000', 5),
(21, 3, 'tax', 'CGST', '9.6000', 5),
(20, 3, 'sub_total', 'Sub-Total', '160.0000', 1),
(93, 6, 'tax', 'CGST', '75.3000', 5),
(92, 6, 'shipping', 'Flat Shipping Rate', '5.0000', 3),
(91, 6, 'sub_total', 'Sub-Total', '1250.0000', 1),
(90, 5, 'total', 'Total', '204.6000', 9),
(89, 5, 'tax', 'SGST', '9.9000', 5),
(88, 5, 'tax', 'IGST', '19.8000', 5),
(87, 5, 'tax', 'CGST', '9.9000', 5),
(44, 2, 'tax', 'IGST', '12.0000', 5),
(43, 2, 'tax', 'CGST', '6.0000', 5),
(42, 2, 'sub_total', 'Sub-Total', '100.0000', 1),
(94, 6, 'tax', 'IGST', '150.6000', 5),
(86, 5, 'shipping', 'Flat Shipping Rate', '5.0000', 3),
(85, 5, 'sub_total', 'Sub-Total', '160.0000', 1),
(95, 6, 'tax', 'SGST', '75.3000', 5),
(96, 6, 'total', 'Total', '1556.2000', 9),
(105, 7, 'sub_total', 'Sub-Total', '1500.0000', 1),
(99, 8, 'sub_total', 'Sub-Total', '0.0000', 1),
(100, 8, 'total', 'Total', '0.0000', 9),
(101, 9, 'sub_total', 'Sub-Total', '0.0000', 1),
(102, 9, 'total', 'Total', '0.0000', 9),
(103, 10, 'sub_total', 'Sub-Total', '0.0000', 1),
(104, 10, 'total', 'Total', '0.0000', 9),
(106, 7, 'tax', 'CGST', '90.0000', 5),
(107, 7, 'tax', 'IGST', '180.0000', 5),
(108, 7, 'tax', 'SGST', '90.0000', 5),
(109, 7, 'total', 'Total', '1860.0000', 9),
(152, 11, 'total', 'Total', '72540.0000', 9),
(151, 11, 'tax', 'SGST', '3510.0000', 5),
(150, 11, 'tax', 'IGST', '7020.0000', 5),
(149, 11, 'tax', 'CGST', '3510.0000', 5),
(148, 11, 'sub_total', 'Sub-Total', '58500.0000', 1),
(157, 12, 'total', 'Total', '1240.0000', 9),
(156, 12, 'tax', 'SGST', '60.0000', 5),
(155, 12, 'tax', 'IGST', '120.0000', 5),
(154, 12, 'tax', 'CGST', '60.0000', 5),
(153, 12, 'sub_total', 'Sub-Total', '1000.0000', 1);

-- --------------------------------------------------------

--
-- Table structure for table `ss_order_voucher`
--

CREATE TABLE `ss_order_voucher` (
  `order_voucher_id` int(11) NOT NULL,
  `order_id` int(11) NOT NULL,
  `voucher_id` int(11) NOT NULL,
  `description` varchar(255) NOT NULL,
  `code` varchar(10) NOT NULL,
  `from_name` varchar(64) NOT NULL,
  `from_email` varchar(96) NOT NULL,
  `to_name` varchar(64) NOT NULL,
  `to_email` varchar(96) NOT NULL,
  `voucher_theme_id` int(11) NOT NULL,
  `message` text NOT NULL,
  `amount` decimal(15,4) NOT NULL
) ENGINE=MyISAM DEFAULT CHARSET=utf8;

-- --------------------------------------------------------

--
-- Table structure for table `ss_product`
--

CREATE TABLE `ss_product` (
  `product_id` int(11) NOT NULL,
  `model` varchar(64) NOT NULL,
  `sku` varchar(64) NOT NULL,
  `upc` varchar(12) NOT NULL,
  `ean` varchar(14) NOT NULL,
  `jan` varchar(13) NOT NULL,
  `isbn` varchar(17) NOT NULL,
  `mpn` varchar(64) NOT NULL,
  `location` varchar(128) NOT NULL,
  `quantity` int(4) NOT NULL DEFAULT 0,
  `stock_status_id` int(11) NOT NULL,
  `image` varchar(255) DEFAULT NULL,
  `manufacturer_id` int(11) NOT NULL,
  `shipping` tinyint(1) NOT NULL DEFAULT 1,
  `price` decimal(15,4) NOT NULL DEFAULT 0.0000,
  `points` int(8) NOT NULL DEFAULT 0,
  `tax_class_id` int(11) NOT NULL,
  `date_available` date NOT NULL DEFAULT '0000-00-00',
  `weight` decimal(15,8) NOT NULL DEFAULT 0.00000000,
  `weight_class_id` int(11) NOT NULL DEFAULT 0,
  `length` decimal(15,8) NOT NULL DEFAULT 0.00000000,
  `width` decimal(15,8) NOT NULL DEFAULT 0.00000000,
  `height` decimal(15,8) NOT NULL DEFAULT 0.00000000,
  `length_class_id` int(11) NOT NULL DEFAULT 0,
  `subtract` tinyint(1) NOT NULL DEFAULT 1,
  `minimum` int(11) NOT NULL DEFAULT 1,
  `sort_order` int(11) NOT NULL DEFAULT 0,
  `status` tinyint(1) NOT NULL DEFAULT 0,
  `viewed` int(5) NOT NULL DEFAULT 0,
  `date_added` datetime NOT NULL,
  `date_modified` datetime NOT NULL
) ENGINE=MyISAM DEFAULT CHARSET=utf8;

--
-- Dumping data for table `ss_product`
--

INSERT INTO `ss_product` (`product_id`, `model`, `sku`, `upc`, `ean`, `jan`, `isbn`, `mpn`, `location`, `quantity`, `stock_status_id`, `image`, `manufacturer_id`, `shipping`, `price`, `points`, `tax_class_id`, `date_available`, `weight`, `weight_class_id`, `length`, `width`, `height`, `length_class_id`, `subtract`, `minimum`, `sort_order`, `status`, `viewed`, `date_added`, `date_modified`) VALUES
(28, 'Product 1', '', '', '', '', '', '', '', 939, 7, 'catalog/demo/htc_touch_hd_1.jpg', 5, 1, '100.0000', 200, 9, '2009-02-03', '146.40000000', 2, '0.00000000', '0.00000000', '0.00000000', 1, 1, 1, 0, 1, 0, '2009-02-03 16:06:50', '2011-09-30 01:05:39'),
(29, 'Product 2', '', '', '', '', '', '', '', 999, 6, 'catalog/demo/palm_treo_pro_1.jpg', 6, 1, '279.9900', 0, 9, '2009-02-03', '133.00000000', 2, '0.00000000', '0.00000000', '0.00000000', 3, 1, 1, 0, 1, 0, '2009-02-03 16:42:17', '2011-09-30 01:06:08'),
(30, 'sample', '', '', '', '', '', '', '', 94, 8, 'catalog/demo/canon_eos_5d_1.jpg', 9, 1, '100.0000', 0, 9, '2009-02-03', '0.00000000', 1, '0.00000000', '0.00000000', '0.00000000', 1, 1, 1, 12, 1, 0, '2009-02-03 16:59:00', '2020-10-06 00:49:50'),
(31, 'Product 4', '', '', '', '', '', '', '', 1000, 6, 'catalog/demo/nikon_d300_1.jpg', 0, 1, '80.0000', 0, 9, '2009-02-03', '0.00000000', 1, '0.00000000', '0.00000000', '0.00000000', 3, 1, 1, 0, 1, 0, '2009-02-03 17:00:10', '2011-09-30 01:06:00'),
(32, 'Product 5', '', '', '', '', '', '', '', 999, 6, 'catalog/demo/ipod_touch_1.jpg', 8, 1, '100.0000', 0, 9, '2009-02-03', '5.00000000', 1, '0.00000000', '0.00000000', '0.00000000', 1, 1, 1, 0, 1, 0, '2009-02-03 17:07:26', '2011-09-30 01:07:22'),
(33, 'Product 6', '', '', '', '', '', '', '', 1000, 6, 'catalog/demo/samsung_syncmaster_941bw.jpg', 0, 1, '200.0000', 0, 9, '2009-02-03', '5.00000000', 1, '0.00000000', '0.00000000', '0.00000000', 2, 1, 1, 0, 1, 0, '2009-02-03 17:08:31', '2011-09-30 01:06:29'),
(34, 'Product 7', '', '', '', '', '', '', '', 1000, 6, 'catalog/demo/ipod_shuffle_1.jpg', 8, 1, '100.0000', 0, 9, '2009-02-03', '5.00000000', 1, '0.00000000', '0.00000000', '0.00000000', 2, 1, 1, 0, 1, 0, '2009-02-03 18:07:54', '2011-09-30 01:07:17'),
(35, 'Product 8', '', '', '', '', '', '', '', 1000, 5, '', 0, 0, '100.0000', 0, 9, '2009-02-03', '5.00000000', 1, '0.00000000', '0.00000000', '0.00000000', 1, 1, 1, 0, 1, 0, '2009-02-03 18:08:31', '2011-09-30 01:06:17'),
(36, 'Product 9', '', '', '', '', '', '', '', 994, 6, 'catalog/demo/ipod_nano_1.jpg', 8, 0, '100.0000', 100, 9, '2009-02-03', '5.00000000', 1, '0.00000000', '0.00000000', '0.00000000', 2, 1, 1, 0, 1, 0, '2009-02-03 18:09:19', '2011-09-30 01:07:12'),
(40, 'product 11', '', '', '', '', '', '', '', 970, 5, 'catalog/demo/iphone_1.jpg', 8, 1, '101.0000', 0, 9, '2009-02-03', '10.00000000', 1, '0.00000000', '0.00000000', '0.00000000', 1, 1, 1, 0, 1, 1, '2009-02-03 21:07:12', '2011-09-30 01:06:53'),
(41, 'Product 14', '', '', '', '', '', '', '', 1447, 5, 'catalog/demo/imac_1.jpg', 8, 1, '100.0000', 0, 9, '2009-02-03', '5.00000000', 1, '0.00000000', '0.00000000', '0.00000000', 1, 1, 1, 0, 1, 0, '2009-02-03 21:07:26', '2011-09-30 01:06:44'),
(42, 'Product 15', '', '', '', '', '', '', '', 990, 5, 'catalog/demo/apple_cinema_30.jpg', 8, 1, '100.0000', 400, 9, '2009-02-04', '12.50000000', 1, '1.00000000', '2.00000000', '3.00000000', 1, 1, 2, 0, 1, 0, '2009-02-03 21:07:37', '2011-09-30 00:46:19'),
(43, 'Product 16', '', '', '', '', '', '', '', 929, 5, 'catalog/demo/macbook_1.jpg', 8, 0, '500.0000', 0, 9, '2009-02-03', '0.00000000', 1, '0.00000000', '0.00000000', '0.00000000', 2, 1, 1, 0, 1, 0, '2009-02-03 21:07:49', '2011-09-30 01:05:46'),
(44, 'Product 17', '', '', '', '', '', '', '', 1000, 5, 'catalog/demo/macbook_air_1.jpg', 8, 1, '1000.0000', 0, 9, '2009-02-03', '0.00000000', 1, '0.00000000', '0.00000000', '0.00000000', 2, 1, 1, 0, 1, 0, '2009-02-03 21:08:00', '2011-09-30 01:05:53'),
(45, 'Product 18', '', '', '', '', '', '', '', 998, 5, 'catalog/demo/macbook_pro_1.jpg', 8, 1, '2000.0000', 0, 100, '2009-02-03', '0.00000000', 1, '0.00000000', '0.00000000', '0.00000000', 2, 1, 1, 0, 1, 0, '2009-02-03 21:08:17', '2011-09-15 22:22:01'),
(46, 'Product 19', '', '', '', '', '', '', '', 1000, 5, 'catalog/demo/sony_vaio_1.jpg', 10, 1, '1000.0000', 0, 9, '2009-02-03', '0.00000000', 1, '0.00000000', '0.00000000', '0.00000000', 2, 1, 1, 0, 1, 0, '2009-02-03 21:08:29', '2011-09-30 01:06:39'),
(47, 'Product 21', '', '', '', '', '', '', '', 1120, 5, 'catalog/demo/hp_1.jpg', 7, 1, '100.0000', 400, 9, '2009-02-03', '1.00000000', 1, '0.00000000', '0.00000000', '0.00000000', 1, 1, 1, 0, 1, 0, '2009-02-03 21:08:40', '2011-09-30 01:05:28'),
(48, 'product 20', 'test 1', '', '', '', '', '', 'test 2', 995, 5, 'catalog/demo/ipod_classic_1.jpg', 8, 1, '100.0000', 0, 9, '2009-02-08', '1.00000000', 1, '0.00000000', '0.00000000', '0.00000000', 2, 1, 1, 0, 1, 0, '2009-02-08 17:21:51', '2011-09-30 01:07:06'),
(49, 'SAM1', '', '', '', '', '', '', '', 0, 8, 'catalog/demo/samsung_tab_1.jpg', 0, 1, '199.9900', 0, 9, '2011-04-25', '0.00000000', 1, '0.00000000', '0.00000000', '0.00000000', 1, 1, 1, 1, 1, 0, '2011-04-26 08:57:34', '2011-09-30 01:06:23'),
(50, 'sample', '', '', '723648392', '', '', '', '', 120, 6, 'catalog/demo/banners/iPhone6.jpg', 8, 1, '5400.0000', 0, 9, '2020-10-03', '0.00000000', 1, '0.00000000', '0.00000000', '0.00000000', 1, 1, 1, 1, 1, 0, '2020-10-03 23:31:19', '2020-10-03 23:43:09');

-- --------------------------------------------------------

--
-- Table structure for table `ss_product_attribute`
--

CREATE TABLE `ss_product_attribute` (
  `product_id` int(11) NOT NULL,
  `attribute_id` int(11) NOT NULL,
  `language_id` int(11) NOT NULL,
  `text` text NOT NULL
) ENGINE=MyISAM DEFAULT CHARSET=utf8;

--
-- Dumping data for table `ss_product_attribute`
--

INSERT INTO `ss_product_attribute` (`product_id`, `attribute_id`, `language_id`, `text`) VALUES
(43, 2, 1, '1'),
(47, 4, 1, '16GB'),
(43, 4, 1, '8gb'),
(42, 3, 1, '100mhz'),
(47, 2, 1, '4');

-- --------------------------------------------------------

--
-- Table structure for table `ss_product_description`
--

CREATE TABLE `ss_product_description` (
  `product_id` int(11) NOT NULL,
  `language_id` int(11) NOT NULL,
  `name` varchar(255) NOT NULL,
  `description` text NOT NULL,
  `tag` text NOT NULL,
  `meta_title` varchar(255) NOT NULL,
  `meta_description` varchar(255) NOT NULL,
  `meta_keyword` varchar(255) NOT NULL
) ENGINE=MyISAM DEFAULT CHARSET=utf8;

--
-- Dumping data for table `ss_product_description`
--

INSERT INTO `ss_product_description` (`product_id`, `language_id`, `name`, `description`, `tag`, `meta_title`, `meta_description`, `meta_keyword`) VALUES
(35, 1, 'Product 8', '&lt;p&gt;\r\n	Product 8&lt;/p&gt;\r\n', '', 'Product 8', '', ''),
(48, 1, 'iPod Classic', '&lt;div class=&quot;cpt_product_description &quot;&gt;\r\n	&lt;div&gt;\r\n		&lt;p&gt;\r\n			&lt;strong&gt;More room to move.&lt;/strong&gt;&lt;/p&gt;\r\n		&lt;p&gt;\r\n			With 80GB or 160GB of storage and up to 40 hours of battery life, the new iPod classic lets you enjoy up to 40,000 songs or up to 200 hours of video or any combination wherever you go.&lt;/p&gt;\r\n		&lt;p&gt;\r\n			&lt;strong&gt;Cover Flow.&lt;/strong&gt;&lt;/p&gt;\r\n		&lt;p&gt;\r\n			Browse through your music collection by flipping through album art. Select an album to turn it over and see the track list.&lt;/p&gt;\r\n		&lt;p&gt;\r\n			&lt;strong&gt;Enhanced interface.&lt;/strong&gt;&lt;/p&gt;\r\n		&lt;p&gt;\r\n			Experience a whole new way to browse and view your music and video.&lt;/p&gt;\r\n		&lt;p&gt;\r\n			&lt;strong&gt;Sleeker design.&lt;/strong&gt;&lt;/p&gt;\r\n		&lt;p&gt;\r\n			Beautiful, durable, and sleeker than ever, iPod classic now features an anodized aluminum and polished stainless steel enclosure with rounded edges.&lt;/p&gt;\r\n	&lt;/div&gt;\r\n&lt;/div&gt;\r\n&lt;!-- cpt_container_end --&gt;', '', 'iPod Classic', '', ''),
(40, 1, 'iPhone', '&lt;p class=&quot;intro&quot;&gt;\r\n	iPhone is a revolutionary new mobile phone that allows you to make a call by simply tapping a name or number in your address book, a favorites list, or a call log. It also automatically syncs all your contacts from a PC, Mac, or Internet service. And it lets you select and listen to voicemail messages in whatever order you want just like email.&lt;/p&gt;\r\n', '', 'iPhone', '', ''),
(28, 1, 'HTC Touch HD', '&lt;p&gt;\r\n	HTC Touch - in High Definition. Watch music videos and streaming content in awe-inspiring high definition clarity for a mobile experience you never thought possible. Seductively sleek, the HTC Touch HD provides the next generation of mobile functionality, all at a simple touch. Fully integrated with Windows Mobile Professional 6.1, ultrafast 3.5G, GPS, 5MP camera, plus lots more - all delivered on a breathtakingly crisp 3.8&amp;quot; WVGA touchscreen - you can take control of your mobile world with the HTC Touch HD.&lt;/p&gt;\r\n&lt;p&gt;\r\n	&lt;strong&gt;Features&lt;/strong&gt;&lt;/p&gt;\r\n&lt;ul&gt;\r\n	&lt;li&gt;\r\n		Processor Qualcomm&amp;reg; MSM 7201A&amp;trade; 528 MHz&lt;/li&gt;\r\n	&lt;li&gt;\r\n		Windows Mobile&amp;reg; 6.1 Professional Operating System&lt;/li&gt;\r\n	&lt;li&gt;\r\n		Memory: 512 MB ROM, 288 MB RAM&lt;/li&gt;\r\n	&lt;li&gt;\r\n		Dimensions: 115 mm x 62.8 mm x 12 mm / 146.4 grams&lt;/li&gt;\r\n	&lt;li&gt;\r\n		3.8-inch TFT-LCD flat touch-sensitive screen with 480 x 800 WVGA resolution&lt;/li&gt;\r\n	&lt;li&gt;\r\n		HSDPA/WCDMA: Europe/Asia: 900/2100 MHz; Up to 2 Mbps up-link and 7.2 Mbps down-link speeds&lt;/li&gt;\r\n	&lt;li&gt;\r\n		Quad-band GSM/GPRS/EDGE: Europe/Asia: 850/900/1800/1900 MHz (Band frequency, HSUPA availability, and data speed are operator dependent.)&lt;/li&gt;\r\n	&lt;li&gt;\r\n		Device Control via HTC TouchFLO&amp;trade; 3D &amp;amp; Touch-sensitive front panel buttons&lt;/li&gt;\r\n	&lt;li&gt;\r\n		GPS and A-GPS ready&lt;/li&gt;\r\n	&lt;li&gt;\r\n		Bluetooth&amp;reg; 2.0 with Enhanced Data Rate and A2DP for wireless stereo headsets&lt;/li&gt;\r\n	&lt;li&gt;\r\n		Wi-Fi&amp;reg;: IEEE 802.11 b/g&lt;/li&gt;\r\n	&lt;li&gt;\r\n		HTC ExtUSB&amp;trade; (11-pin mini-USB 2.0)&lt;/li&gt;\r\n	&lt;li&gt;\r\n		5 megapixel color camera with auto focus&lt;/li&gt;\r\n	&lt;li&gt;\r\n		VGA CMOS color camera&lt;/li&gt;\r\n	&lt;li&gt;\r\n		Built-in 3.5 mm audio jack, microphone, speaker, and FM radio&lt;/li&gt;\r\n	&lt;li&gt;\r\n		Ring tone formats: AAC, AAC+, eAAC+, AMR-NB, AMR-WB, QCP, MP3, WMA, WAV&lt;/li&gt;\r\n	&lt;li&gt;\r\n		40 polyphonic and standard MIDI format 0 and 1 (SMF)/SP MIDI&lt;/li&gt;\r\n	&lt;li&gt;\r\n		Rechargeable Lithium-ion or Lithium-ion polymer 1350 mAh battery&lt;/li&gt;\r\n	&lt;li&gt;\r\n		Expansion Slot: microSD&amp;trade; memory card (SD 2.0 compatible)&lt;/li&gt;\r\n	&lt;li&gt;\r\n		AC Adapter Voltage range/frequency: 100 ~ 240V AC, 50/60 Hz DC output: 5V and 1A&lt;/li&gt;\r\n	&lt;li&gt;\r\n		Special Features: FM Radio, G-Sensor&lt;/li&gt;\r\n&lt;/ul&gt;\r\n', '', '	 HTC Touch HD', '', ''),
(44, 1, 'MacBook Air', '&lt;div&gt;\r\n	MacBook Air is ultrathin, ultraportable, and ultra unlike anything else. But you don&amp;rsquo;t lose inches and pounds overnight. It&amp;rsquo;s the result of rethinking conventions. Of multiple wireless innovations. And of breakthrough design. With MacBook Air, mobile computing suddenly has a new standard.&lt;/div&gt;\r\n', '', 'MacBook Air', '', ''),
(45, 1, 'MacBook Pro', '&lt;div class=&quot;cpt_product_description &quot;&gt;\r\n	&lt;div&gt;\r\n		&lt;p&gt;\r\n			&lt;b&gt;Latest Intel mobile architecture&lt;/b&gt;&lt;/p&gt;\r\n		&lt;p&gt;\r\n			Powered by the most advanced mobile processors from Intel, the new Core 2 Duo MacBook Pro is over 50% faster than the original Core Duo MacBook Pro and now supports up to 4GB of RAM.&lt;/p&gt;\r\n		&lt;p&gt;\r\n			&lt;b&gt;Leading-edge graphics&lt;/b&gt;&lt;/p&gt;\r\n		&lt;p&gt;\r\n			The NVIDIA GeForce 8600M GT delivers exceptional graphics processing power. For the ultimate creative canvas, you can even configure the 17-inch model with a 1920-by-1200 resolution display.&lt;/p&gt;\r\n		&lt;p&gt;\r\n			&lt;b&gt;Designed for life on the road&lt;/b&gt;&lt;/p&gt;\r\n		&lt;p&gt;\r\n			Innovations such as a magnetic power connection and an illuminated keyboard with ambient light sensor put the MacBook Pro in a class by itself.&lt;/p&gt;\r\n		&lt;p&gt;\r\n			&lt;b&gt;Connect. Create. Communicate.&lt;/b&gt;&lt;/p&gt;\r\n		&lt;p&gt;\r\n			Quickly set up a video conference with the built-in iSight camera. Control presentations and media from up to 30 feet away with the included Apple Remote. Connect to high-bandwidth peripherals with FireWire 800 and DVI.&lt;/p&gt;\r\n		&lt;p&gt;\r\n			&lt;b&gt;Next-generation wireless&lt;/b&gt;&lt;/p&gt;\r\n		&lt;p&gt;\r\n			Featuring 802.11n wireless technology, the MacBook Pro delivers up to five times the performance and up to twice the range of previous-generation technologies.&lt;/p&gt;\r\n	&lt;/div&gt;\r\n&lt;/div&gt;\r\n&lt;!-- cpt_container_end --&gt;', '', 'MacBook Pro', '', ''),
(29, 1, 'Palm Treo Pro', '&lt;p&gt;\r\n	Redefine your workday with the Palm Treo Pro smartphone. Perfectly balanced, you can respond to business and personal email, stay on top of appointments and contacts, and use Wi-Fi or GPS when you&amp;rsquo;re out and about. Then watch a video on YouTube, catch up with news and sports on the web, or listen to a few songs. Balance your work and play the way you like it, with the Palm Treo Pro.&lt;/p&gt;\r\n&lt;p&gt;\r\n	&lt;strong&gt;Features&lt;/strong&gt;&lt;/p&gt;\r\n&lt;ul&gt;\r\n	&lt;li&gt;\r\n		Windows Mobile&amp;reg; 6.1 Professional Edition&lt;/li&gt;\r\n	&lt;li&gt;\r\n		Qualcomm&amp;reg; MSM7201 400MHz Processor&lt;/li&gt;\r\n	&lt;li&gt;\r\n		320x320 transflective colour TFT touchscreen&lt;/li&gt;\r\n	&lt;li&gt;\r\n		HSDPA/UMTS/EDGE/GPRS/GSM radio&lt;/li&gt;\r\n	&lt;li&gt;\r\n		Tri-band UMTS &amp;mdash; 850MHz, 1900MHz, 2100MHz&lt;/li&gt;\r\n	&lt;li&gt;\r\n		Quad-band GSM &amp;mdash; 850/900/1800/1900&lt;/li&gt;\r\n	&lt;li&gt;\r\n		802.11b/g with WPA, WPA2, and 801.1x authentication&lt;/li&gt;\r\n	&lt;li&gt;\r\n		Built-in GPS&lt;/li&gt;\r\n	&lt;li&gt;\r\n		Bluetooth Version: 2.0 + Enhanced Data Rate&lt;/li&gt;\r\n	&lt;li&gt;\r\n		256MB storage (100MB user available), 128MB RAM&lt;/li&gt;\r\n	&lt;li&gt;\r\n		2.0 megapixel camera, up to 8x digital zoom and video capture&lt;/li&gt;\r\n	&lt;li&gt;\r\n		Removable, rechargeable 1500mAh lithium-ion battery&lt;/li&gt;\r\n	&lt;li&gt;\r\n		Up to 5.0 hours talk time and up to 250 hours standby&lt;/li&gt;\r\n	&lt;li&gt;\r\n		MicroSDHC card expansion (up to 32GB supported)&lt;/li&gt;\r\n	&lt;li&gt;\r\n		MicroUSB 2.0 for synchronization and charging&lt;/li&gt;\r\n	&lt;li&gt;\r\n		3.5mm stereo headset jack&lt;/li&gt;\r\n	&lt;li&gt;\r\n		60mm (W) x 114mm (L) x 13.5mm (D) / 133g&lt;/li&gt;\r\n&lt;/ul&gt;\r\n', '', 'Palm Treo Pro', '', ''),
(36, 1, 'iPod Nano', '&lt;div&gt;\r\n	&lt;p&gt;\r\n		&lt;strong&gt;Video in your pocket.&lt;/strong&gt;&lt;/p&gt;\r\n	&lt;p&gt;\r\n		Its the small iPod with one very big idea: video. The worlds most popular music player now lets you enjoy movies, TV shows, and more on a two-inch display thats 65% brighter than before.&lt;/p&gt;\r\n	&lt;p&gt;\r\n		&lt;strong&gt;Cover Flow.&lt;/strong&gt;&lt;/p&gt;\r\n	&lt;p&gt;\r\n		Browse through your music collection by flipping through album art. Select an album to turn it over and see the track list.&lt;strong&gt;&amp;nbsp;&lt;/strong&gt;&lt;/p&gt;\r\n	&lt;p&gt;\r\n		&lt;strong&gt;Enhanced interface.&lt;/strong&gt;&lt;/p&gt;\r\n	&lt;p&gt;\r\n		Experience a whole new way to browse and view your music and video.&lt;/p&gt;\r\n	&lt;p&gt;\r\n		&lt;strong&gt;Sleek and colorful.&lt;/strong&gt;&lt;/p&gt;\r\n	&lt;p&gt;\r\n		With an anodized aluminum and polished stainless steel enclosure and a choice of five colors, iPod nano is dressed to impress.&lt;/p&gt;\r\n	&lt;p&gt;\r\n		&lt;strong&gt;iTunes.&lt;/strong&gt;&lt;/p&gt;\r\n	&lt;p&gt;\r\n		Available as a free download, iTunes makes it easy to browse and buy millions of songs, movies, TV shows, audiobooks, and games and download free podcasts all at the iTunes Store. And you can import your own music, manage your whole media library, and sync your iPod or iPhone with ease.&lt;/p&gt;\r\n&lt;/div&gt;\r\n', '', 'iPod Nano', '', ''),
(46, 1, 'Sony VAIO', '&lt;div&gt;\r\n	Unprecedented power. The next generation of processing technology has arrived. Built into the newest VAIO notebooks lies Intel&amp;#39;s latest, most powerful innovation yet: Intel&amp;reg; Centrino&amp;reg; 2 processor technology. Boasting incredible speed, expanded wireless connectivity, enhanced multimedia support and greater energy efficiency, all the high-performance essentials are seamlessly combined into a single chip.&lt;/div&gt;\r\n', '', 'Sony VAIO', '', ''),
(47, 1, 'HP LP3065', '&lt;p&gt;\r\n	Stop your co-workers in their tracks with the stunning new 30-inch diagonal HP LP3065 Flat Panel Monitor. This flagship monitor features best-in-class performance and presentation features on a huge wide-aspect screen while letting you work as comfortably as possible - you might even forget you&amp;#39;re at the office&lt;/p&gt;\r\n', '', 'HP LP3065', '', ''),
(32, 1, 'iPod Touch', '&lt;p&gt;\r\n	&lt;strong&gt;Revolutionary multi-touch interface.&lt;/strong&gt;&lt;br /&gt;\r\n	iPod touch features the same multi-touch screen technology as iPhone. Pinch to zoom in on a photo. Scroll through your songs and videos with a flick. Flip through your library by album artwork with Cover Flow.&lt;/p&gt;\r\n&lt;p&gt;\r\n	&lt;strong&gt;Gorgeous 3.5-inch widescreen display.&lt;/strong&gt;&lt;br /&gt;\r\n	Watch your movies, TV shows, and photos come alive with bright, vivid color on the 320-by-480-pixel display.&lt;/p&gt;\r\n&lt;p&gt;\r\n	&lt;strong&gt;Music downloads straight from iTunes.&lt;/strong&gt;&lt;br /&gt;\r\n	Shop the iTunes Wi-Fi Music Store from anywhere with Wi-Fi.1 Browse or search to find the music youre looking for, preview it, and buy it with just a tap.&lt;/p&gt;\r\n&lt;p&gt;\r\n	&lt;strong&gt;Surf the web with Wi-Fi.&lt;/strong&gt;&lt;br /&gt;\r\n	Browse the web using Safari and watch YouTube videos on the first iPod with Wi-Fi built in&lt;br /&gt;\r\n	&amp;nbsp;&lt;/p&gt;\r\n', '', '	 iPod Touch', '', ''),
(41, 1, 'iMac', '&lt;div&gt;\r\n	Just when you thought iMac had everything, now there&acute;s even more. More powerful Intel Core 2 Duo processors. And more memory standard. Combine this with Mac OS X Leopard and iLife &acute;08, and it&acute;s more all-in-one than ever. iMac packs amazing performance into a stunningly slim space.&lt;/div&gt;\r\n', '', 'iMac', '', ''),
(33, 1, 'Samsung SyncMaster 941BW', '&lt;div&gt;\r\n	Imagine the advantages of going big without slowing down. The big 19&amp;quot; 941BW monitor combines wide aspect ratio with fast pixel response time, for bigger images, more room to work and crisp motion. In addition, the exclusive MagicBright 2, MagicColor and MagicTune technologies help deliver the ideal image in every situation, while sleek, narrow bezels and adjustable stands deliver style just the way you want it. With the Samsung 941BW widescreen analog/digital LCD monitor, it&amp;#39;s not hard to imagine.&lt;/div&gt;\r\n', '', 'Samsung SyncMaster 941BW', '', ''),
(34, 1, 'iPod Shuffle', '&lt;div&gt;\r\n	&lt;strong&gt;Born to be worn.&lt;/strong&gt;\r\n	&lt;p&gt;\r\n		Clip on the worlds most wearable music player and take up to 240 songs with you anywhere. Choose from five colors including four new hues to make your musical fashion statement.&lt;/p&gt;\r\n	&lt;p&gt;\r\n		&lt;strong&gt;Random meets rhythm.&lt;/strong&gt;&lt;/p&gt;\r\n	&lt;p&gt;\r\n		With iTunes autofill, iPod shuffle can deliver a new musical experience every time you sync. For more randomness, you can shuffle songs during playback with the slide of a switch.&lt;/p&gt;\r\n	&lt;strong&gt;Everything is easy.&lt;/strong&gt;\r\n	&lt;p&gt;\r\n		Charge and sync with the included USB dock. Operate the iPod shuffle controls with one hand. Enjoy up to 12 hours straight of skip-free music playback.&lt;/p&gt;\r\n&lt;/div&gt;\r\n', '', 'iPod Shuffle', '', ''),
(43, 1, 'MacBook', '&lt;div&gt;\r\n	&lt;p&gt;\r\n		&lt;b&gt;Intel Core 2 Duo processor&lt;/b&gt;&lt;/p&gt;\r\n	&lt;p&gt;\r\n		Powered by an Intel Core 2 Duo processor at speeds up to 2.16GHz, the new MacBook is the fastest ever.&lt;/p&gt;\r\n	&lt;p&gt;\r\n		&lt;b&gt;1GB memory, larger hard drives&lt;/b&gt;&lt;/p&gt;\r\n	&lt;p&gt;\r\n		The new MacBook now comes with 1GB of memory standard and larger hard drives for the entire line perfect for running more of your favorite applications and storing growing media collections.&lt;/p&gt;\r\n	&lt;p&gt;\r\n		&lt;b&gt;Sleek, 1.08-inch-thin design&lt;/b&gt;&lt;/p&gt;\r\n	&lt;p&gt;\r\n		MacBook makes it easy to hit the road thanks to its tough polycarbonate case, built-in wireless technologies, and innovative MagSafe Power Adapter that releases automatically if someone accidentally trips on the cord.&lt;/p&gt;\r\n	&lt;p&gt;\r\n		&lt;b&gt;Built-in iSight camera&lt;/b&gt;&lt;/p&gt;\r\n	&lt;p&gt;\r\n		Right out of the box, you can have a video chat with friends or family,2 record a video at your desk, or take fun pictures with Photo Booth&lt;/p&gt;\r\n&lt;/div&gt;\r\n', '', 'MacBook', '', ''),
(31, 1, 'Nikon D300', '&lt;div class=&quot;cpt_product_description &quot;&gt;\r\n	&lt;div&gt;\r\n		Engineered with pro-level features and performance, the 12.3-effective-megapixel D300 combines brand new technologies with advanced features inherited from Nikon&amp;#39;s newly announced D3 professional digital SLR camera to offer serious photographers remarkable performance combined with agility.&lt;br /&gt;\r\n		&lt;br /&gt;\r\n		Similar to the D3, the D300 features Nikon&amp;#39;s exclusive EXPEED Image Processing System that is central to driving the speed and processing power needed for many of the camera&amp;#39;s new features. The D300 features a new 51-point autofocus system with Nikon&amp;#39;s 3D Focus Tracking feature and two new LiveView shooting modes that allow users to frame a photograph using the camera&amp;#39;s high-resolution LCD monitor. The D300 shares a similar Scene Recognition System as is found in the D3; it promises to greatly enhance the accuracy of autofocus, autoexposure, and auto white balance by recognizing the subject or scene being photographed and applying this information to the calculations for the three functions.&lt;br /&gt;\r\n		&lt;br /&gt;\r\n		The D300 reacts with lightning speed, powering up in a mere 0.13 seconds and shooting with an imperceptible 45-millisecond shutter release lag time. The D300 is capable of shooting at a rapid six frames per second and can go as fast as eight frames per second when using the optional MB-D10 multi-power battery pack. In continuous bursts, the D300 can shoot up to 100 shots at full 12.3-megapixel resolution. (NORMAL-LARGE image setting, using a SanDisk Extreme IV 1GB CompactFlash card.)&lt;br /&gt;\r\n		&lt;br /&gt;\r\n		The D300 incorporates a range of innovative technologies and features that will significantly improve the accuracy, control, and performance photographers can get from their equipment. Its new Scene Recognition System advances the use of Nikon&amp;#39;s acclaimed 1,005-segment sensor to recognize colors and light patterns that help the camera determine the subject and the type of scene being photographed before a picture is taken. This information is used to improve the accuracy of autofocus, autoexposure, and auto white balance functions in the D300. For example, the camera can track moving subjects better and by identifying them, it can also automatically select focus points faster and with greater accuracy. It can also analyze highlights and more accurately determine exposure, as well as infer light sources to deliver more accurate white balance detection.&lt;/div&gt;\r\n&lt;/div&gt;\r\n&lt;!-- cpt_container_end --&gt;', '', 'Nikon D300', '', ''),
(49, 1, 'Samsung Galaxy Tab 10.1', '&lt;p&gt;\r\n	Samsung Galaxy Tab 10.1, is the world&amp;rsquo;s thinnest tablet, measuring 8.6 mm thickness, running with Android 3.0 Honeycomb OS on a 1GHz dual-core Tegra 2 processor, similar to its younger brother Samsung Galaxy Tab 8.9.&lt;/p&gt;\r\n&lt;p&gt;\r\n	Samsung Galaxy Tab 10.1 gives pure Android 3.0 experience, adding its new TouchWiz UX or TouchWiz 4.0 &amp;ndash; includes a live panel, which lets you to customize with different content, such as your pictures, bookmarks, and social feeds, sporting a 10.1 inches WXGA capacitive touch screen with 1280 x 800 pixels of resolution, equipped with 3 megapixel rear camera with LED flash and a 2 megapixel front camera, HSPA+ connectivity up to 21Mbps, 720p HD video recording capability, 1080p HD playback, DLNA support, Bluetooth 2.1, USB 2.0, gyroscope, Wi-Fi 802.11 a/b/g/n, micro-SD slot, 3.5mm headphone jack, and SIM slot, including the Samsung Stick &amp;ndash; a Bluetooth microphone that can be carried in a pocket like a pen and sound dock with powered subwoofer.&lt;/p&gt;\r\n&lt;p&gt;\r\n	Samsung Galaxy Tab 10.1 will come in 16GB / 32GB / 64GB verities and pre-loaded with Social Hub, Reader&amp;rsquo;s Hub, Music Hub and Samsung Mini Apps Tray &amp;ndash; which gives you access to more commonly used apps to help ease multitasking and it is capable of Adobe Flash Player 10.2, powered by 6860mAh battery that gives you 10hours of video-playback time.&amp;nbsp;&amp;auml;&amp;ouml;&lt;/p&gt;\r\n', '', 'Samsung Galaxy Tab 10.1', '', ''),
(42, 1, 'Apple Cinema 30&quot;', '&lt;p&gt;\r\n	&lt;font face=&quot;helvetica,geneva,arial&quot; size=&quot;2&quot;&gt;&lt;font face=&quot;Helvetica&quot; size=&quot;2&quot;&gt;The 30-inch Apple Cinema HD Display delivers an amazing 2560 x 1600 pixel resolution. Designed specifically for the creative professional, this display provides more space for easier access to all the tools and palettes needed to edit, format and composite your work. Combine this display with a Mac Pro, MacBook Pro, or PowerMac G5 and there\'s no limit to what you can achieve. &lt;br&gt;\r\n	&lt;br&gt;\r\n	&lt;/font&gt;&lt;font face=&quot;Helvetica&quot; size=&quot;2&quot;&gt;The Cinema HD features an active-matrix liquid crystal display that produces flicker-free images that deliver twice the brightness, twice the sharpness and twice the contrast ratio of a typical CRT display. Unlike other flat panels, it\'s designed with a pure digital interface to deliver distortion-free images that never need adjusting. With over 4 million digital pixels, the display is uniquely suited for scientific and technical applications such as visualizing molecular structures or analyzing geological data. &lt;br&gt;\r\n	&lt;br&gt;\r\n	&lt;/font&gt;&lt;font face=&quot;Helvetica&quot; size=&quot;2&quot;&gt;Offering accurate, brilliant color performance, the Cinema HD delivers up to 16.7 million colors across a wide gamut allowing you to see subtle nuances between colors from soft pastels to rich jewel tones. A wide viewing angle ensures uniform color from edge to edge. Apple\'s ColorSync technology allows you to create custom profiles to maintain consistent color onscreen and in print. The result: You can confidently use this display in all your color-critical applications. &lt;br&gt;\r\n	&lt;br&gt;\r\n	&lt;/font&gt;&lt;font face=&quot;Helvetica&quot; size=&quot;2&quot;&gt;Housed in a new aluminum design, the display has a very thin bezel that enhances visual accuracy. Each display features two FireWire 400 ports and two USB 2.0 ports, making attachment of desktop peripherals, such as iSight, iPod, digital and still cameras, hard drives, printers and scanners, even more accessible and convenient. Taking advantage of the much thinner and lighter footprint of an LCD, the new displays support the VESA (Video Electronics Standards Association) mounting interface standard. Customers with the optional Cinema Display VESA Mount Adapter kit gain the flexibility to mount their display in locations most appropriate for their work environment. &lt;br&gt;\r\n	&lt;br&gt;\r\n	&lt;/font&gt;&lt;font face=&quot;Helvetica&quot; size=&quot;2&quot;&gt;The Cinema HD features a single cable design with elegant breakout for the USB 2.0, FireWire 400 and a pure digital connection using the industry standard Digital Video Interface (DVI) interface. The DVI connection allows for a direct pure-digital connection.&lt;br&gt;\r\n	&lt;/font&gt;&lt;/font&gt;&lt;/p&gt;\r\n&lt;h3&gt;\r\n	Features:&lt;/h3&gt;\r\n&lt;p&gt;\r\n	Unrivaled display performance&lt;/p&gt;\r\n&lt;ul&gt;\r\n	&lt;li&gt;\r\n		30-inch (viewable) active-matrix liquid crystal display provides breathtaking image quality and vivid, richly saturated color.&lt;/li&gt;\r\n	&lt;li&gt;\r\n		Support for 2560-by-1600 pixel resolution for display of high definition still and video imagery.&lt;/li&gt;\r\n	&lt;li&gt;\r\n		Wide-format design for simultaneous display of two full pages of text and graphics.&lt;/li&gt;\r\n	&lt;li&gt;\r\n		Industry standard DVI connector for direct attachment to Mac- and Windows-based desktops and notebooks&lt;/li&gt;\r\n	&lt;li&gt;\r\n		Incredibly wide (170 degree) horizontal and vertical viewing angle for maximum visibility and color performance.&lt;/li&gt;\r\n	&lt;li&gt;\r\n		Lightning-fast pixel response for full-motion digital video playback.&lt;/li&gt;\r\n	&lt;li&gt;\r\n		Support for 16.7 million saturated colors, for use in all graphics-intensive applications.&lt;/li&gt;\r\n&lt;/ul&gt;\r\n&lt;p&gt;\r\n	Simple setup and operation&lt;/p&gt;\r\n&lt;ul&gt;\r\n	&lt;li&gt;\r\n		Single cable with elegant breakout for connection to DVI, USB and FireWire ports&lt;/li&gt;\r\n	&lt;li&gt;\r\n		Built-in two-port USB 2.0 hub for easy connection of desktop peripheral devices.&lt;/li&gt;\r\n	&lt;li&gt;\r\n		Two FireWire 400 ports to support iSight and other desktop peripherals&lt;/li&gt;\r\n&lt;/ul&gt;\r\n&lt;p&gt;\r\n	Sleek, elegant design&lt;/p&gt;\r\n&lt;ul&gt;\r\n	&lt;li&gt;\r\n		Huge virtual workspace, very small footprint.&lt;/li&gt;\r\n	&lt;li&gt;\r\n		Narrow Bezel design to minimize visual impact of using dual displays&lt;/li&gt;\r\n	&lt;li&gt;\r\n		Unique hinge design for effortless adjustment&lt;/li&gt;\r\n	&lt;li&gt;\r\n		Support for VESA mounting solutions (Apple Cinema Display VESA Mount Adapter sold separately)&lt;/li&gt;\r\n&lt;/ul&gt;\r\n&lt;h3&gt;\r\n	Technical specifications&lt;/h3&gt;\r\n&lt;p&gt;\r\n	&lt;b&gt;Screen size (diagonal viewable image size)&lt;/b&gt;&lt;/p&gt;\r\n&lt;ul&gt;\r\n	&lt;li&gt;\r\n		Apple Cinema HD Display: 30 inches (29.7-inch viewable)&lt;/li&gt;\r\n&lt;/ul&gt;\r\n&lt;p&gt;\r\n	&lt;b&gt;Screen type&lt;/b&gt;&lt;/p&gt;\r\n&lt;ul&gt;\r\n	&lt;li&gt;\r\n		Thin film transistor (TFT) active-matrix liquid crystal display (AMLCD)&lt;/li&gt;\r\n&lt;/ul&gt;\r\n&lt;p&gt;\r\n	&lt;b&gt;Resolutions&lt;/b&gt;&lt;/p&gt;\r\n&lt;ul&gt;\r\n	&lt;li&gt;\r\n		2560 x 1600 pixels (optimum resolution)&lt;/li&gt;\r\n	&lt;li&gt;\r\n		2048 x 1280&lt;/li&gt;\r\n	&lt;li&gt;\r\n		1920 x 1200&lt;/li&gt;\r\n	&lt;li&gt;\r\n		1280 x 800&lt;/li&gt;\r\n	&lt;li&gt;\r\n		1024 x 640&lt;/li&gt;\r\n&lt;/ul&gt;\r\n&lt;p&gt;\r\n	&lt;b&gt;Display colors (maximum)&lt;/b&gt;&lt;/p&gt;\r\n&lt;ul&gt;\r\n	&lt;li&gt;\r\n		16.7 million&lt;/li&gt;\r\n&lt;/ul&gt;\r\n&lt;p&gt;\r\n	&lt;b&gt;Viewing angle (typical)&lt;/b&gt;&lt;/p&gt;\r\n&lt;ul&gt;\r\n	&lt;li&gt;\r\n		170° horizontal; 170° vertical&lt;/li&gt;\r\n&lt;/ul&gt;\r\n&lt;p&gt;\r\n	&lt;b&gt;Brightness (typical)&lt;/b&gt;&lt;/p&gt;\r\n&lt;ul&gt;\r\n	&lt;li&gt;\r\n		30-inch Cinema HD Display: 400 cd/m2&lt;/li&gt;\r\n&lt;/ul&gt;\r\n&lt;p&gt;\r\n	&lt;b&gt;Contrast ratio (typical)&lt;/b&gt;&lt;/p&gt;\r\n&lt;ul&gt;\r\n	&lt;li&gt;\r\n		700:1&lt;/li&gt;\r\n&lt;/ul&gt;\r\n&lt;p&gt;\r\n	&lt;b&gt;Response time (typical)&lt;/b&gt;&lt;/p&gt;\r\n&lt;ul&gt;\r\n	&lt;li&gt;\r\n		16 ms&lt;/li&gt;\r\n&lt;/ul&gt;\r\n&lt;p&gt;\r\n	&lt;b&gt;Pixel pitch&lt;/b&gt;&lt;/p&gt;\r\n&lt;ul&gt;\r\n	&lt;li&gt;\r\n		30-inch Cinema HD Display: 0.250 mm&lt;/li&gt;\r\n&lt;/ul&gt;\r\n&lt;p&gt;\r\n	&lt;b&gt;Screen treatment&lt;/b&gt;&lt;/p&gt;\r\n&lt;ul&gt;\r\n	&lt;li&gt;\r\n		Antiglare hardcoat&lt;/li&gt;\r\n&lt;/ul&gt;\r\n&lt;p&gt;\r\n	&lt;b&gt;User controls (hardware and software)&lt;/b&gt;&lt;/p&gt;\r\n&lt;ul&gt;\r\n	&lt;li&gt;\r\n		Display Power,&lt;/li&gt;\r\n	&lt;li&gt;\r\n		System sleep, wake&lt;/li&gt;\r\n	&lt;li&gt;\r\n		Brightness&lt;/li&gt;\r\n	&lt;li&gt;\r\n		Monitor tilt&lt;/li&gt;\r\n&lt;/ul&gt;\r\n&lt;p&gt;\r\n	&lt;b&gt;Connectors and cables&lt;/b&gt;&lt;br&gt;\r\n	Cable&lt;/p&gt;\r\n&lt;ul&gt;\r\n	&lt;li&gt;\r\n		DVI (Digital Visual Interface)&lt;/li&gt;\r\n	&lt;li&gt;\r\n		FireWire 400&lt;/li&gt;\r\n	&lt;li&gt;\r\n		USB 2.0&lt;/li&gt;\r\n	&lt;li&gt;\r\n		DC power (24 V)&lt;/li&gt;\r\n&lt;/ul&gt;\r\n&lt;p&gt;\r\n	Connectors&lt;/p&gt;\r\n&lt;ul&gt;\r\n	&lt;li&gt;\r\n		Two-port, self-powered USB 2.0 hub&lt;/li&gt;\r\n	&lt;li&gt;\r\n		Two FireWire 400 ports&lt;/li&gt;\r\n	&lt;li&gt;\r\n		Kensington security port&lt;/li&gt;\r\n&lt;/ul&gt;\r\n&lt;p&gt;\r\n	&lt;b&gt;VESA mount adapter&lt;/b&gt;&lt;br&gt;\r\n	Requires optional Cinema Display VESA Mount Adapter (M9649G/A)&lt;/p&gt;\r\n&lt;ul&gt;\r\n	&lt;li&gt;\r\n		Compatible with VESA FDMI (MIS-D, 100, C) compliant mounting solutions&lt;/li&gt;\r\n&lt;/ul&gt;\r\n&lt;p&gt;\r\n	&lt;b&gt;Electrical requirements&lt;/b&gt;&lt;/p&gt;\r\n&lt;ul&gt;\r\n	&lt;li&gt;\r\n		Input voltage: 100-240 VAC 50-60Hz&lt;/li&gt;\r\n	&lt;li&gt;\r\n		Maximum power when operating: 150W&lt;/li&gt;\r\n	&lt;li&gt;\r\n		Energy saver mode: 3W or less&lt;/li&gt;\r\n&lt;/ul&gt;\r\n&lt;p&gt;\r\n	&lt;b&gt;Environmental requirements&lt;/b&gt;&lt;/p&gt;\r\n&lt;ul&gt;\r\n	&lt;li&gt;\r\n		Operating temperature: 50° to 95° F (10° to 35° C)&lt;/li&gt;\r\n	&lt;li&gt;\r\n		Storage temperature: -40° to 116° F (-40° to 47° C)&lt;/li&gt;\r\n	&lt;li&gt;\r\n		Operating humidity: 20% to 80% noncondensing&lt;/li&gt;\r\n	&lt;li&gt;\r\n		Maximum operating altitude: 10,000 feet&lt;/li&gt;\r\n&lt;/ul&gt;\r\n&lt;p&gt;\r\n	&lt;b&gt;Agency approvals&lt;/b&gt;&lt;/p&gt;\r\n&lt;ul&gt;\r\n	&lt;li&gt;\r\n		FCC Part 15 Class B&lt;/li&gt;\r\n	&lt;li&gt;\r\n		EN55022 Class B&lt;/li&gt;\r\n	&lt;li&gt;\r\n		EN55024&lt;/li&gt;\r\n	&lt;li&gt;\r\n		VCCI Class B&lt;/li&gt;\r\n	&lt;li&gt;\r\n		AS/NZS 3548 Class B&lt;/li&gt;\r\n	&lt;li&gt;\r\n		CNS 13438 Class B&lt;/li&gt;\r\n	&lt;li&gt;\r\n		ICES-003 Class B&lt;/li&gt;\r\n	&lt;li&gt;\r\n		ISO 13406 part 2&lt;/li&gt;\r\n	&lt;li&gt;\r\n		MPR II&lt;/li&gt;\r\n	&lt;li&gt;\r\n		IEC 60950&lt;/li&gt;\r\n	&lt;li&gt;\r\n		UL 60950&lt;/li&gt;\r\n	&lt;li&gt;\r\n		CSA 60950&lt;/li&gt;\r\n	&lt;li&gt;\r\n		EN60950&lt;/li&gt;\r\n	&lt;li&gt;\r\n		ENERGY STAR&lt;/li&gt;\r\n	&lt;li&gt;\r\n		TCO \'03&lt;/li&gt;\r\n&lt;/ul&gt;\r\n&lt;p&gt;\r\n	&lt;b&gt;Size and weight&lt;/b&gt;&lt;br&gt;\r\n	30-inch Apple Cinema HD Display&lt;/p&gt;\r\n&lt;ul&gt;\r\n	&lt;li&gt;\r\n		Height: 21.3 inches (54.3 cm)&lt;/li&gt;\r\n	&lt;li&gt;\r\n		Width: 27.2 inches (68.8 cm)&lt;/li&gt;\r\n	&lt;li&gt;\r\n		Depth: 8.46 inches (21.5 cm)&lt;/li&gt;\r\n	&lt;li&gt;\r\n		Weight: 27.5 pounds (12.5 kg)&lt;/li&gt;\r\n&lt;/ul&gt;\r\n&lt;p&gt;\r\n	&lt;b&gt;System Requirements&lt;/b&gt;&lt;/p&gt;\r\n&lt;ul&gt;\r\n	&lt;li&gt;\r\n		Mac Pro, all graphic options&lt;/li&gt;\r\n	&lt;li&gt;\r\n		MacBook Pro&lt;/li&gt;\r\n	&lt;li&gt;\r\n		Power Mac G5 (PCI-X) with ATI Radeon 9650 or better or NVIDIA GeForce 6800 GT DDL or better&lt;/li&gt;\r\n	&lt;li&gt;\r\n		Power Mac G5 (PCI Express), all graphics options&lt;/li&gt;\r\n	&lt;li&gt;\r\n		PowerBook G4 with dual-link DVI support&lt;/li&gt;\r\n	&lt;li&gt;\r\n		Windows PC and graphics card that supports DVI ports with dual-link digital bandwidth and VESA DDC standard for plug-and-play setup&lt;/li&gt;\r\n&lt;/ul&gt;\r\n', '', 'Apple Cinema 30', '', ''),
(30, 1, 'Canon EOS 5D', '&lt;p&gt;\r\n	Canon\'s press material for the EOS 5D states that it \'defines (a) new D-SLR category\', while we\'re not typically too concerned with marketing talk this particular statement is clearly pretty accurate. The EOS 5D is unlike any previous digital SLR in that it combines a full-frame (35 mm sized) high resolution sensor (12.8 megapixels) with a relatively compact body (slightly larger than the EOS 20D, although in your hand it feels noticeably \'chunkier\'). The EOS 5D is aimed to slot in between the EOS 20D and the EOS-1D professional digital SLR\'s, an important difference when compared to the latter is that the EOS 5D doesn\'t have any environmental seals. While Canon don\'t specifically refer to the EOS 5D as a \'professional\' digital SLR it will have obvious appeal to professionals who want a high quality digital SLR in a body lighter than the EOS-1D. It will also no doubt appeal to current EOS 20D owners (although lets hope they\'ve not bought too many EF-S lenses...) äë&lt;/p&gt;\r\n', '', 'sdf', '', ''),
(50, 1, 'Sample 1', '&lt;p&gt;sample 1 is testing product&lt;/p&gt;', '', '', '', '');

-- --------------------------------------------------------

--
-- Table structure for table `ss_product_discount`
--

CREATE TABLE `ss_product_discount` (
  `product_discount_id` int(11) NOT NULL,
  `product_id` int(11) NOT NULL,
  `customer_group_id` int(11) NOT NULL,
  `quantity` int(4) NOT NULL DEFAULT 0,
  `priority` int(5) NOT NULL DEFAULT 1,
  `price` decimal(15,4) NOT NULL DEFAULT 0.0000,
  `date_start` date NOT NULL DEFAULT '0000-00-00',
  `date_end` date NOT NULL DEFAULT '0000-00-00'
) ENGINE=MyISAM DEFAULT CHARSET=utf8;

--
-- Dumping data for table `ss_product_discount`
--

INSERT INTO `ss_product_discount` (`product_discount_id`, `product_id`, `customer_group_id`, `quantity`, `priority`, `price`, `date_start`, `date_end`) VALUES
(440, 42, 1, 30, 1, '66.0000', '0000-00-00', '0000-00-00'),
(439, 42, 1, 20, 1, '77.0000', '0000-00-00', '0000-00-00'),
(438, 42, 1, 10, 1, '88.0000', '0000-00-00', '0000-00-00'),
(442, 50, 1, 10, 1, '5350.0000', '0000-00-00', '0000-00-00');

-- --------------------------------------------------------

--
-- Table structure for table `ss_product_filter`
--

CREATE TABLE `ss_product_filter` (
  `product_id` int(11) NOT NULL,
  `filter_id` int(11) NOT NULL
) ENGINE=MyISAM DEFAULT CHARSET=utf8;

-- --------------------------------------------------------

--
-- Table structure for table `ss_product_image`
--

CREATE TABLE `ss_product_image` (
  `product_image_id` int(11) NOT NULL,
  `product_id` int(11) NOT NULL,
  `image` varchar(255) DEFAULT NULL,
  `sort_order` int(3) NOT NULL DEFAULT 0
) ENGINE=MyISAM DEFAULT CHARSET=utf8;

--
-- Dumping data for table `ss_product_image`
--

INSERT INTO `ss_product_image` (`product_image_id`, `product_id`, `image`, `sort_order`) VALUES
(2321, 47, 'catalog/demo/hp_3.jpg', 0),
(2035, 28, 'catalog/demo/htc_touch_hd_2.jpg', 0),
(2351, 41, 'catalog/demo/imac_3.jpg', 0),
(1982, 40, 'catalog/demo/iphone_6.jpg', 0),
(2001, 36, 'catalog/demo/ipod_nano_5.jpg', 0),
(2000, 36, 'catalog/demo/ipod_nano_4.jpg', 0),
(2005, 34, 'catalog/demo/ipod_shuffle_5.jpg', 0),
(2004, 34, 'catalog/demo/ipod_shuffle_4.jpg', 0),
(2011, 32, 'catalog/demo/ipod_touch_7.jpg', 0),
(2010, 32, 'catalog/demo/ipod_touch_6.jpg', 0),
(2009, 32, 'catalog/demo/ipod_touch_5.jpg', 0),
(1971, 43, 'catalog/demo/macbook_5.jpg', 0),
(1970, 43, 'catalog/demo/macbook_4.jpg', 0),
(1974, 44, 'catalog/demo/macbook_air_4.jpg', 0),
(1973, 44, 'catalog/demo/macbook_air_2.jpg', 0),
(1977, 45, 'catalog/demo/macbook_pro_2.jpg', 0),
(1976, 45, 'catalog/demo/macbook_pro_3.jpg', 0),
(1986, 31, 'catalog/demo/nikon_d300_3.jpg', 0),
(1985, 31, 'catalog/demo/nikon_d300_2.jpg', 0),
(1988, 29, 'catalog/demo/palm_treo_pro_3.jpg', 0),
(1995, 46, 'catalog/demo/sony_vaio_5.jpg', 0),
(1994, 46, 'catalog/demo/sony_vaio_4.jpg', 0),
(1991, 48, 'catalog/demo/ipod_classic_4.jpg', 0),
(1990, 48, 'catalog/demo/ipod_classic_3.jpg', 0),
(1981, 40, 'catalog/demo/iphone_2.jpg', 0),
(1980, 40, 'catalog/demo/iphone_5.jpg', 0),
(2354, 30, 'catalog/demo/canon_eos_5d_3.jpg', 1),
(2320, 47, 'catalog/demo/hp_2.jpg', 0),
(2034, 28, 'catalog/demo/htc_touch_hd_3.jpg', 0),
(2350, 41, 'catalog/demo/imac_2.jpg', 0),
(1979, 40, 'catalog/demo/iphone_3.jpg', 0),
(1978, 40, 'catalog/demo/iphone_4.jpg', 0),
(1989, 48, 'catalog/demo/ipod_classic_2.jpg', 0),
(1999, 36, 'catalog/demo/ipod_nano_2.jpg', 0),
(1998, 36, 'catalog/demo/ipod_nano_3.jpg', 0),
(2003, 34, 'catalog/demo/ipod_shuffle_2.jpg', 0),
(2002, 34, 'catalog/demo/ipod_shuffle_3.jpg', 0),
(2008, 32, 'catalog/demo/ipod_touch_2.jpg', 0),
(2007, 32, 'catalog/demo/ipod_touch_3.jpg', 0),
(2006, 32, 'catalog/demo/ipod_touch_4.jpg', 0),
(1969, 43, 'catalog/demo/macbook_2.jpg', 0),
(1968, 43, 'catalog/demo/macbook_3.jpg', 0),
(1972, 44, 'catalog/demo/macbook_air_3.jpg', 0),
(1975, 45, 'catalog/demo/macbook_pro_4.jpg', 0),
(1984, 31, 'catalog/demo/nikon_d300_4.jpg', 0),
(1983, 31, 'catalog/demo/nikon_d300_5.jpg', 0),
(1987, 29, 'catalog/demo/palm_treo_pro_2.jpg', 0),
(1993, 46, 'catalog/demo/sony_vaio_2.jpg', 0),
(1992, 46, 'catalog/demo/sony_vaio_3.jpg', 0),
(2327, 49, 'catalog/demo/samsung_tab_7.jpg', 0),
(2326, 49, 'catalog/demo/samsung_tab_6.jpg', 0),
(2325, 49, 'catalog/demo/samsung_tab_5.jpg', 0),
(2324, 49, 'catalog/demo/samsung_tab_4.jpg', 0),
(2323, 49, 'catalog/demo/samsung_tab_3.jpg', 0),
(2322, 49, 'catalog/demo/samsung_tab_2.jpg', 0),
(2317, 42, 'catalog/demo/canon_logo.jpg', 0),
(2316, 42, 'catalog/demo/hp_1.jpg', 0),
(2315, 42, 'catalog/demo/compaq_presario.jpg', 0),
(2314, 42, 'catalog/demo/canon_eos_5d_1.jpg', 0),
(2313, 42, 'catalog/demo/canon_eos_5d_2.jpg', 0),
(2355, 30, 'catalog/demo/canon_eos_5d_2.jpg', 2);

-- --------------------------------------------------------

--
-- Table structure for table `ss_product_option`
--

CREATE TABLE `ss_product_option` (
  `product_option_id` int(11) NOT NULL,
  `product_id` int(11) NOT NULL,
  `option_id` int(11) NOT NULL,
  `value` text NOT NULL,
  `required` tinyint(1) NOT NULL
) ENGINE=MyISAM DEFAULT CHARSET=utf8;

--
-- Dumping data for table `ss_product_option`
--

INSERT INTO `ss_product_option` (`product_option_id`, `product_id`, `option_id`, `value`, `required`) VALUES
(224, 35, 11, '', 1),
(225, 47, 12, '2011-04-22', 1),
(223, 42, 2, '', 1),
(217, 42, 5, '', 1),
(209, 42, 6, '', 1),
(218, 42, 1, '', 1),
(208, 42, 4, 'test', 1),
(219, 42, 8, '2011-02-20', 1),
(222, 42, 7, '', 1),
(221, 42, 9, '22:25', 1),
(220, 42, 10, '2011-02-20 22:25', 1),
(226, 30, 5, '', 1);

-- --------------------------------------------------------

--
-- Table structure for table `ss_product_option_value`
--

CREATE TABLE `ss_product_option_value` (
  `product_option_value_id` int(11) NOT NULL,
  `product_option_id` int(11) NOT NULL,
  `product_id` int(11) NOT NULL,
  `option_id` int(11) NOT NULL,
  `option_value_id` int(11) NOT NULL,
  `quantity` int(3) NOT NULL,
  `subtract` tinyint(1) NOT NULL,
  `price` decimal(15,4) NOT NULL,
  `price_prefix` varchar(1) NOT NULL,
  `points` int(8) NOT NULL,
  `points_prefix` varchar(1) NOT NULL,
  `weight` decimal(15,8) NOT NULL,
  `weight_prefix` varchar(1) NOT NULL
) ENGINE=MyISAM DEFAULT CHARSET=utf8;

--
-- Dumping data for table `ss_product_option_value`
--

INSERT INTO `ss_product_option_value` (`product_option_value_id`, `product_option_id`, `product_id`, `option_id`, `option_value_id`, `quantity`, `subtract`, `price`, `price_prefix`, `points`, `points_prefix`, `weight`, `weight_prefix`) VALUES
(1, 217, 42, 5, 41, 100, 0, '1.0000', '+', 0, '+', '1.00000000', '+'),
(6, 218, 42, 1, 31, 146, 1, '20.0000', '+', 2, '-', '20.00000000', '+'),
(7, 218, 42, 1, 43, 300, 1, '30.0000', '+', 3, '+', '30.00000000', '+'),
(5, 218, 42, 1, 32, 96, 1, '10.0000', '+', 1, '+', '10.00000000', '+'),
(4, 217, 42, 5, 39, 92, 1, '4.0000', '+', 0, '+', '4.00000000', '+'),
(2, 217, 42, 5, 42, 200, 1, '2.0000', '+', 0, '+', '2.00000000', '+'),
(3, 217, 42, 5, 40, 300, 0, '3.0000', '+', 0, '+', '3.00000000', '+'),
(8, 223, 42, 2, 23, 48, 1, '10.0000', '+', 0, '+', '10.00000000', '+'),
(10, 223, 42, 2, 44, 2696, 1, '30.0000', '+', 0, '+', '30.00000000', '+'),
(9, 223, 42, 2, 24, 194, 1, '20.0000', '+', 0, '+', '20.00000000', '+'),
(11, 223, 42, 2, 45, 3998, 1, '40.0000', '+', 0, '+', '40.00000000', '+'),
(12, 224, 35, 11, 46, 0, 1, '5.0000', '+', 0, '+', '0.00000000', '+'),
(13, 224, 35, 11, 47, 10, 1, '10.0000', '+', 0, '+', '0.00000000', '+'),
(14, 224, 35, 11, 48, 15, 1, '15.0000', '+', 0, '+', '0.00000000', '+'),
(16, 226, 30, 5, 40, 0, 1, '0.0000', '+', 0, '+', '0.00000000', '+'),
(15, 226, 30, 5, 39, 1, 1, '0.0000', '+', 0, '+', '0.00000000', '+');

-- --------------------------------------------------------

--
-- Table structure for table `ss_product_recurring`
--

CREATE TABLE `ss_product_recurring` (
  `product_id` int(11) NOT NULL,
  `recurring_id` int(11) NOT NULL,
  `customer_group_id` int(11) NOT NULL
) ENGINE=MyISAM DEFAULT CHARSET=utf8;

-- --------------------------------------------------------

--
-- Table structure for table `ss_product_related`
--

CREATE TABLE `ss_product_related` (
  `product_id` int(11) NOT NULL,
  `related_id` int(11) NOT NULL
) ENGINE=MyISAM DEFAULT CHARSET=utf8;

--
-- Dumping data for table `ss_product_related`
--

INSERT INTO `ss_product_related` (`product_id`, `related_id`) VALUES
(40, 42),
(41, 42),
(42, 40),
(42, 41);

-- --------------------------------------------------------

--
-- Table structure for table `ss_product_reward`
--

CREATE TABLE `ss_product_reward` (
  `product_reward_id` int(11) NOT NULL,
  `product_id` int(11) NOT NULL DEFAULT 0,
  `customer_group_id` int(11) NOT NULL DEFAULT 0,
  `points` int(8) NOT NULL DEFAULT 0
) ENGINE=MyISAM DEFAULT CHARSET=utf8;

--
-- Dumping data for table `ss_product_reward`
--

INSERT INTO `ss_product_reward` (`product_reward_id`, `product_id`, `customer_group_id`, `points`) VALUES
(515, 42, 1, 100),
(519, 47, 1, 300),
(379, 28, 1, 400),
(329, 43, 1, 600),
(339, 29, 1, 0),
(343, 48, 1, 0),
(335, 40, 1, 0),
(547, 30, 1, 200),
(331, 44, 1, 700),
(333, 45, 1, 800),
(337, 31, 1, 0),
(425, 35, 1, 0),
(345, 33, 1, 0),
(347, 46, 1, 0),
(545, 41, 1, 0),
(351, 36, 1, 0),
(353, 34, 1, 0),
(355, 32, 1, 0),
(521, 49, 1, 1000);

-- --------------------------------------------------------

--
-- Table structure for table `ss_product_special`
--

CREATE TABLE `ss_product_special` (
  `product_special_id` int(11) NOT NULL,
  `product_id` int(11) NOT NULL,
  `customer_group_id` int(11) NOT NULL,
  `priority` int(5) NOT NULL DEFAULT 1,
  `price` decimal(15,4) NOT NULL DEFAULT 0.0000,
  `date_start` date NOT NULL DEFAULT '0000-00-00',
  `date_end` date NOT NULL DEFAULT '0000-00-00'
) ENGINE=MyISAM DEFAULT CHARSET=utf8;

--
-- Dumping data for table `ss_product_special`
--

INSERT INTO `ss_product_special` (`product_special_id`, `product_id`, `customer_group_id`, `priority`, `price`, `date_start`, `date_end`) VALUES
(419, 42, 1, 1, '90.0000', '0000-00-00', '0000-00-00'),
(445, 30, 1, 2, '90.0000', '0000-00-00', '0000-00-00'),
(444, 30, 1, 1, '80.0000', '0000-00-00', '0000-00-00'),
(441, 50, 1, 1, '5350.0000', '2020-10-11', '2020-10-31');

-- --------------------------------------------------------

--
-- Table structure for table `ss_product_to_category`
--

CREATE TABLE `ss_product_to_category` (
  `product_id` int(11) NOT NULL,
  `category_id` int(11) NOT NULL
) ENGINE=MyISAM DEFAULT CHARSET=utf8;

--
-- Dumping data for table `ss_product_to_category`
--

INSERT INTO `ss_product_to_category` (`product_id`, `category_id`) VALUES
(28, 20),
(28, 24),
(29, 20),
(29, 24),
(30, 20),
(30, 33),
(31, 33),
(32, 34),
(33, 20),
(33, 28),
(34, 34),
(35, 20),
(36, 34),
(40, 20),
(40, 24),
(41, 27),
(42, 20),
(42, 28),
(43, 18),
(43, 20),
(44, 18),
(44, 20),
(45, 18),
(46, 18),
(46, 20),
(47, 18),
(47, 20),
(48, 20),
(48, 34),
(49, 57),
(50, 35);

-- --------------------------------------------------------

--
-- Table structure for table `ss_product_to_download`
--

CREATE TABLE `ss_product_to_download` (
  `product_id` int(11) NOT NULL,
  `download_id` int(11) NOT NULL
) ENGINE=MyISAM DEFAULT CHARSET=utf8;

-- --------------------------------------------------------

--
-- Table structure for table `ss_product_to_layout`
--

CREATE TABLE `ss_product_to_layout` (
  `product_id` int(11) NOT NULL,
  `store_id` int(11) NOT NULL,
  `layout_id` int(11) NOT NULL
) ENGINE=MyISAM DEFAULT CHARSET=utf8;

--
-- Dumping data for table `ss_product_to_layout`
--

INSERT INTO `ss_product_to_layout` (`product_id`, `store_id`, `layout_id`) VALUES
(50, 0, 0),
(30, 0, 0);

-- --------------------------------------------------------

--
-- Table structure for table `ss_product_to_store`
--

CREATE TABLE `ss_product_to_store` (
  `product_id` int(11) NOT NULL,
  `store_id` int(11) NOT NULL DEFAULT 0
) ENGINE=MyISAM DEFAULT CHARSET=utf8;

--
-- Dumping data for table `ss_product_to_store`
--

INSERT INTO `ss_product_to_store` (`product_id`, `store_id`) VALUES
(28, 0),
(29, 0),
(30, 0),
(31, 0),
(32, 0),
(33, 0),
(34, 0),
(35, 0),
(36, 0),
(40, 0),
(41, 0),
(42, 0),
(43, 0),
(44, 0),
(45, 0),
(46, 0),
(47, 0),
(48, 0),
(49, 0),
(50, 0);

-- --------------------------------------------------------

--
-- Table structure for table `ss_purchase_cart`
--

CREATE TABLE `ss_purchase_cart` (
  `cart_id` int(11) UNSIGNED NOT NULL,
  `api_id` int(11) NOT NULL,
  `supplier_id` int(11) NOT NULL,
  `session_id` varchar(32) NOT NULL,
  `product_id` int(11) NOT NULL,
  `price` float NOT NULL,
  `recurring_id` int(11) NOT NULL,
  `option` text NOT NULL,
  `quantity` int(5) NOT NULL,
  `date_added` datetime NOT NULL
) ENGINE=InnoDB DEFAULT CHARSET=utf8;

-- --------------------------------------------------------

--
-- Table structure for table `ss_purchase_order`
--

CREATE TABLE `ss_purchase_order` (
  `order_id` int(11) NOT NULL,
  `invoice_no` int(11) NOT NULL DEFAULT 0,
  `invoice_prefix` varchar(26) NOT NULL,
  `store_id` int(11) NOT NULL DEFAULT 0,
  `store_name` varchar(64) NOT NULL,
  `store_url` varchar(255) NOT NULL,
  `supplier_id` int(11) NOT NULL DEFAULT 0,
  `supplier_group_id` int(11) NOT NULL DEFAULT 0,
  `firstname` varchar(32) NOT NULL,
  `lastname` varchar(32) NOT NULL,
  `email` varchar(96) NOT NULL,
  `telephone` varchar(32) NOT NULL,
  `fax` varchar(32) NOT NULL,
  `custom_field` text NOT NULL,
  `payment_address_id` int(11) NOT NULL,
  `payment_firstname` varchar(32) NOT NULL,
  `payment_lastname` varchar(32) NOT NULL,
  `payment_company` varchar(60) NOT NULL,
  `payment_address_1` varchar(128) NOT NULL,
  `payment_address_2` varchar(128) NOT NULL,
  `payment_city` varchar(128) NOT NULL,
  `payment_postcode` varchar(10) NOT NULL,
  `payment_country` varchar(128) NOT NULL,
  `payment_country_id` int(11) NOT NULL,
  `payment_zone` varchar(128) NOT NULL,
  `payment_zone_id` int(11) NOT NULL,
  `payment_address_format` text NOT NULL,
  `payment_custom_field` text NOT NULL,
  `payment_method` varchar(128) NOT NULL,
  `payment_code` varchar(128) NOT NULL,
  `shipping_address_id` int(11) NOT NULL,
  `shipping_firstname` varchar(32) NOT NULL,
  `shipping_lastname` varchar(32) NOT NULL,
  `shipping_company` varchar(40) NOT NULL,
  `shipping_address_1` varchar(128) NOT NULL,
  `shipping_address_2` varchar(128) NOT NULL,
  `shipping_city` varchar(128) NOT NULL,
  `shipping_postcode` varchar(10) NOT NULL,
  `shipping_country` varchar(128) NOT NULL,
  `shipping_country_id` int(11) NOT NULL,
  `shipping_zone` varchar(128) NOT NULL,
  `shipping_zone_id` int(11) NOT NULL,
  `shipping_address_format` text NOT NULL,
  `shipping_custom_field` text NOT NULL,
  `shipping_method` varchar(128) NOT NULL,
  `shipping_code` varchar(128) NOT NULL,
  `comment` text NOT NULL,
  `total` decimal(15,4) NOT NULL DEFAULT 0.0000,
  `order_status_id` int(11) NOT NULL DEFAULT 0,
  `affiliate_id` int(11) NOT NULL,
  `commission` decimal(15,4) NOT NULL,
  `marketing_id` int(11) NOT NULL,
  `tracking` varchar(64) NOT NULL,
  `language_id` int(11) NOT NULL,
  `currency_id` int(11) NOT NULL,
  `currency_code` varchar(3) NOT NULL,
  `currency_value` decimal(15,8) NOT NULL DEFAULT 1.00000000,
  `ip` varchar(40) NOT NULL,
  `forwarded_ip` varchar(40) NOT NULL,
  `user_agent` varchar(255) NOT NULL,
  `accept_language` varchar(255) NOT NULL,
  `date_added` datetime NOT NULL,
  `date_modified` datetime NOT NULL
) ENGINE=MyISAM DEFAULT CHARSET=utf8;

--
-- Dumping data for table `ss_purchase_order`
--

INSERT INTO `ss_purchase_order` (`order_id`, `invoice_no`, `invoice_prefix`, `store_id`, `store_name`, `store_url`, `supplier_id`, `supplier_group_id`, `firstname`, `lastname`, `email`, `telephone`, `fax`, `custom_field`, `payment_address_id`, `payment_firstname`, `payment_lastname`, `payment_company`, `payment_address_1`, `payment_address_2`, `payment_city`, `payment_postcode`, `payment_country`, `payment_country_id`, `payment_zone`, `payment_zone_id`, `payment_address_format`, `payment_custom_field`, `payment_method`, `payment_code`, `shipping_address_id`, `shipping_firstname`, `shipping_lastname`, `shipping_company`, `shipping_address_1`, `shipping_address_2`, `shipping_city`, `shipping_postcode`, `shipping_country`, `shipping_country_id`, `shipping_zone`, `shipping_zone_id`, `shipping_address_format`, `shipping_custom_field`, `shipping_method`, `shipping_code`, `comment`, `total`, `order_status_id`, `affiliate_id`, `commission`, `marketing_id`, `tracking`, `language_id`, `currency_id`, `currency_code`, `currency_value`, `ip`, `forwarded_ip`, `user_agent`, `accept_language`, `date_added`, `date_modified`) VALUES
(12, 0, 'INV-2020-00', 0, 'Your Store', '', 1, 0, 'Pramod Patil', '', 'pro.pramod.pune@gmail.com', '9730519575', '', '[]', 0, '', '', '', '', '', '', '', '', 0, '', 0, '', '\"\"', '', '', 0, '', '', '', '', '', '', '', '', 0, '', 0, '', '[]', '', '', '', '14880.0000', 1, 1, '600.0000', 0, '', 1, 2, 'INR', '1.00000000', '::1', '', 'Mozilla/5.0 (Macintosh; Intel Mac OS X 10_13_6) AppleWebKit/537.36 (KHTML, like Gecko) Chrome/85.0.4183.83 Safari/537.36', 'en-GB,en-US;q=0.9,en;q=0.8', '2020-10-15 00:25:03', '2020-10-15 01:27:32'),
(13, 0, 'INV-2020-00', 0, 'Your Store', '', 1, 0, 'Pramod Patil', '', 'pro.pramod.pune@gmail.com', '9730519575', '', '[]', 0, '', '', '', '', '', '', '', '', 0, '', 0, '', '\"\"', '', '', 0, '', '', '', '', '', '', '', '', 0, '', 0, '', '[]', '', '', '', '19964.0000', 1, 1, '805.0000', 0, '', 1, 2, 'INR', '1.00000000', '::1', '', 'Mozilla/5.0 (Macintosh; Intel Mac OS X 10_13_6) AppleWebKit/537.36 (KHTML, like Gecko) Chrome/85.0.4183.83 Safari/537.36', 'en-GB,en-US;q=0.9,en;q=0.8', '2020-10-15 00:34:56', '2020-10-15 01:25:15'),
(14, 0, 'INV-2020-00', 0, 'Your Store', '', 1, 0, 'Pramod Patil', '', 'pro.pramod.pune@gmail.com', '9730519575', '', '[]', 0, '', '', '', '', '', '', '', '', 0, '', 0, '', '\"\"', '', '', 0, '', '', '', '', '', '', '', '', 0, '', 0, '', '[]', '', '', '', '19840.0000', 1, 1, '800.0000', 0, '', 1, 2, 'INR', '1.00000000', '::1', '', 'Mozilla/5.0 (Macintosh; Intel Mac OS X 10_13_6) AppleWebKit/537.36 (KHTML, like Gecko) Chrome/85.0.4183.83 Safari/537.36', 'en-GB,en-US;q=0.9,en;q=0.8', '2020-10-15 00:35:55', '2020-10-15 14:56:42'),
(15, 0, 'INV-2020-00', 0, 'Your Store', '', 1, 0, 'Pramod Patil', '', 'pro.pramod.pune@gmail.com', '9730519575', '', '[]', 0, '', '', '', '', '', '', '', '', 0, '', 0, '', '\"\"', '', '', 0, '', '', '', '', '', '', '', '', 0, '', 0, '', '[]', '', '', '', '19840.0000', 1, 0, '0.0000', 0, '', 1, 2, 'INR', '1.00000000', '::1', '', 'Mozilla/5.0 (Macintosh; Intel Mac OS X 10_13_6) AppleWebKit/537.36 (KHTML, like Gecko) Chrome/85.0.4183.83 Safari/537.36', 'en-GB,en-US;q=0.9,en;q=0.8', '2020-10-15 15:13:12', '2020-10-15 15:49:05'),
(16, 0, 'INV-2020-00', 0, 'Your Store', '', 1, 0, 'Pramod Patil', '', 'pro.pramod.pune@gmail.com', '9730519575', '', '[]', 0, '', '', '', '', '', '', '', '0', 0, '', 0, '', '', '', '', 0, '', '', '', '', '', '', '', '', 0, '', 0, '', '[]', '', '', '', '132680.0000', 1, 0, '0.0000', 0, '', 1, 4, 'INR', '1.00000000', '::1', '', 'Mozilla/5.0 (Macintosh; Intel Mac OS X 10_13_6) AppleWebKit/537.36 (KHTML, like Gecko) Chrome/85.0.4183.83 Safari/537.36', 'en-GB,en-US;q=0.9,en;q=0.8', '2020-10-15 15:28:52', '2020-10-15 15:28:52'),
(17, 0, 'INV-2020-00', 0, 'Your Store', '', 2, 0, 'Nitin Patel', '', 'nitinpatel@gmail.com', '8469504050', '', '[]', 0, '', '', '', '', '', '', '', '0', 0, '', 0, '', '', '', '', 0, '', '', '', '', '', '', '', '', 0, '', 0, '', '[]', '', '', '', '12957.6000', 1, 0, '0.0000', 0, '', 1, 4, 'INR', '1.00000000', '::1', '', 'Mozilla/5.0 (Macintosh; Intel Mac OS X 10_13_6) AppleWebKit/537.36 (KHTML, like Gecko) Chrome/85.0.4183.83 Safari/537.36', 'en-GB,en-US;q=0.9,en;q=0.8', '2020-10-17 10:19:22', '2020-10-17 10:19:22');

-- --------------------------------------------------------

--
-- Table structure for table `ss_purchase_order_history`
--

CREATE TABLE `ss_purchase_order_history` (
  `order_history_id` int(11) NOT NULL,
  `order_id` int(11) NOT NULL,
  `order_status_id` int(11) NOT NULL,
  `notify` tinyint(1) NOT NULL DEFAULT 0,
  `comment` text NOT NULL,
  `date_added` datetime NOT NULL
) ENGINE=MyISAM DEFAULT CHARSET=utf8;

--
-- Dumping data for table `ss_purchase_order_history`
--

INSERT INTO `ss_purchase_order_history` (`order_history_id`, `order_id`, `order_status_id`, `notify`, `comment`, `date_added`) VALUES
(56, 14, 1, 0, '', '2020-10-15 00:35:55'),
(57, 12, 0, 0, '', '2020-10-15 01:21:29'),
(58, 12, 0, 0, '', '2020-10-15 01:23:19'),
(59, 12, 1, 0, '', '2020-10-15 01:23:19'),
(60, 13, 0, 0, '', '2020-10-15 01:24:32'),
(61, 13, 0, 0, '', '2020-10-15 01:25:15'),
(62, 13, 1, 0, '', '2020-10-15 01:25:15'),
(63, 14, 0, 0, '', '2020-10-15 01:25:55'),
(64, 14, 0, 0, '', '2020-10-15 01:26:19'),
(65, 14, 1, 0, '', '2020-10-15 01:26:19'),
(66, 12, 0, 0, '', '2020-10-15 01:27:32'),
(67, 12, 1, 0, '', '2020-10-15 01:27:32'),
(68, 14, 0, 0, '', '2020-10-15 12:00:30'),
(69, 14, 0, 0, '', '2020-10-15 12:05:36'),
(70, 14, 0, 0, '', '2020-10-15 12:17:33'),
(71, 14, 1, 0, '', '2020-10-15 12:17:33'),
(72, 14, 0, 0, '', '2020-10-15 14:43:37'),
(73, 14, 1, 0, '', '2020-10-15 14:43:37'),
(74, 14, 0, 0, '', '2020-10-15 14:44:09'),
(75, 14, 1, 0, '', '2020-10-15 14:44:09'),
(76, 14, 0, 0, '', '2020-10-15 14:48:03'),
(77, 14, 0, 0, '', '2020-10-15 14:49:45'),
(78, 14, 0, 0, '', '2020-10-15 14:50:48'),
(79, 14, 0, 0, '', '2020-10-15 14:55:37'),
(80, 14, 1, 0, '', '2020-10-15 14:55:37'),
(81, 14, 0, 0, '', '2020-10-15 14:56:42'),
(82, 14, 1, 0, '', '2020-10-15 14:56:42'),
(83, 15, 1, 0, '', '2020-10-15 15:13:12'),
(84, 16, 1, 0, '', '2020-10-15 15:28:52'),
(85, 15, 0, 0, '', '2020-10-15 15:48:40'),
(86, 15, 1, 0, '', '2020-10-15 15:48:40'),
(87, 15, 0, 0, '', '2020-10-15 15:49:04'),
(88, 15, 1, 0, '', '2020-10-15 15:49:04'),
(89, 15, 0, 0, '', '2020-10-15 15:49:05'),
(90, 15, 1, 0, '', '2020-10-15 15:49:05'),
(91, 17, 1, 0, '', '2020-10-17 10:19:22');

-- --------------------------------------------------------

--
-- Table structure for table `ss_purchase_order_option`
--

CREATE TABLE `ss_purchase_order_option` (
  `order_option_id` int(11) NOT NULL,
  `order_id` int(11) NOT NULL,
  `order_product_id` int(11) NOT NULL,
  `product_option_id` int(11) NOT NULL,
  `product_option_value_id` int(11) NOT NULL DEFAULT 0,
  `name` varchar(255) NOT NULL,
  `value` text NOT NULL,
  `type` varchar(32) NOT NULL
) ENGINE=MyISAM DEFAULT CHARSET=utf8;

--
-- Dumping data for table `ss_purchase_order_option`
--

INSERT INTO `ss_purchase_order_option` (`order_option_id`, `order_id`, `order_product_id`, `product_option_id`, `product_option_value_id`, `name`, `value`, `type`) VALUES
(26, 12, 35, 225, 0, 'Delivery Date', '2011-04-22', 'date'),
(25, 12, 34, 225, 0, 'Delivery Date', '2011-04-22', 'date'),
(21, 13, 28, 225, 0, 'Delivery Date', '2011-04-22', 'date'),
(22, 13, 29, 225, 0, 'Delivery Date', '2011-04-22', 'date'),
(46, 14, 65, 225, 0, 'Delivery Date', '2011-04-22', 'date'),
(45, 14, 64, 225, 0, 'Delivery Date', '2011-04-22', 'date'),
(54, 15, 78, 225, 0, 'Delivery Date', '2011-04-22', 'date'),
(53, 15, 77, 225, 0, 'Delivery Date', '2011-04-22', 'date');

-- --------------------------------------------------------

--
-- Table structure for table `ss_purchase_order_product`
--

CREATE TABLE `ss_purchase_order_product` (
  `order_product_id` int(11) NOT NULL,
  `order_id` int(11) NOT NULL,
  `product_id` int(11) NOT NULL,
  `name` varchar(255) NOT NULL,
  `model` varchar(64) NOT NULL,
  `quantity` int(4) NOT NULL,
  `price` decimal(15,4) NOT NULL DEFAULT 0.0000,
  `total` decimal(15,4) NOT NULL DEFAULT 0.0000,
  `tax` decimal(15,4) NOT NULL DEFAULT 0.0000,
  `reward` int(8) NOT NULL
) ENGINE=MyISAM DEFAULT CHARSET=utf8;

--
-- Dumping data for table `ss_purchase_order_product`
--

INSERT INTO `ss_purchase_order_product` (`order_product_id`, `order_id`, `product_id`, `name`, `model`, `quantity`, `price`, `total`, `tax`, `reward`) VALUES
(35, 12, 47, 'HP LP3065', 'Product 21', 10, '100.0000', '1000.0000', '24.0000', 3000),
(34, 12, 47, 'HP LP3065', 'Product 21', 100, '100.0000', '10000.0000', '24.0000', 30000),
(28, 13, 47, 'HP LP3065', 'Product 21', 10, '100.0000', '1000.0000', '24.0000', 3000),
(29, 13, 47, 'HP LP3065', 'Product 21', 1, '100.0000', '100.0000', '24.0000', 300),
(30, 13, 41, 'iMac', 'Product 14', 100, '150.0000', '15000.0000', '36.0000', 0),
(66, 14, 41, 'iMac', 'Product 14', 100, '100.0000', '10000.0000', '24.0000', 0),
(65, 14, 47, 'HP LP3065', 'Product 21', 10, '100.0000', '1000.0000', '24.0000', 3000),
(36, 12, 41, 'iMac', 'Product 14', 10, '100.0000', '1000.0000', '24.0000', 0),
(64, 14, 47, 'HP LP3065', 'Product 21', 50, '100.0000', '5000.0000', '24.0000', 15000),
(79, 15, 41, 'iMac', 'Product 14', 100, '100.0000', '10000.0000', '24.0000', 0),
(77, 15, 47, 'HP LP3065', 'Product 21', 10, '100.0000', '1000.0000', '24.0000', 3000),
(78, 15, 47, 'HP LP3065', 'Product 21', 50, '100.0000', '5000.0000', '24.0000', 15000),
(70, 16, 50, 'Sample 1', 'sample', 20, '5350.0000', '107000.0000', '1284.0000', 0),
(80, 17, 50, 'Sample 1', 'sample', 10, '5399.0000', '53990.0000', '1295.7600', 0);

-- --------------------------------------------------------

--
-- Table structure for table `ss_purchase_order_recurring_transaction`
--

CREATE TABLE `ss_purchase_order_recurring_transaction` (
  `order_recurring_transaction_id` int(11) NOT NULL,
  `order_recurring_id` int(11) NOT NULL,
  `reference` varchar(255) NOT NULL,
  `type` varchar(255) NOT NULL,
  `amount` decimal(10,4) NOT NULL,
  `date_added` datetime NOT NULL
) ENGINE=MyISAM DEFAULT CHARSET=utf8;

-- --------------------------------------------------------

--
-- Table structure for table `ss_purchase_order_status`
--

CREATE TABLE `ss_purchase_order_status` (
  `order_status_id` int(11) NOT NULL,
  `language_id` int(11) NOT NULL,
  `name` varchar(32) NOT NULL
) ENGINE=MyISAM DEFAULT CHARSET=utf8;

--
-- Dumping data for table `ss_purchase_order_status`
--

INSERT INTO `ss_purchase_order_status` (`order_status_id`, `language_id`, `name`) VALUES
(2, 1, 'Processing'),
(3, 1, 'Shipped'),
(7, 1, 'Canceled'),
(5, 1, 'Complete'),
(8, 1, 'Denied'),
(9, 1, 'Canceled Reversal'),
(10, 1, 'Failed'),
(11, 1, 'Refunded'),
(12, 1, 'Reversed'),
(13, 1, 'Chargeback'),
(1, 1, 'Pending'),
(16, 1, 'Voided'),
(15, 1, 'Processed'),
(14, 1, 'Expired');

-- --------------------------------------------------------

--
-- Table structure for table `ss_purchase_order_total`
--

CREATE TABLE `ss_purchase_order_total` (
  `order_total_id` int(10) NOT NULL,
  `order_id` int(11) NOT NULL,
  `code` varchar(32) NOT NULL,
  `title` varchar(255) NOT NULL,
  `value` decimal(15,4) NOT NULL DEFAULT 0.0000,
  `sort_order` int(3) NOT NULL
) ENGINE=MyISAM DEFAULT CHARSET=utf8;

--
-- Dumping data for table `ss_purchase_order_total`
--

INSERT INTO `ss_purchase_order_total` (`order_total_id`, `order_id`, `code`, `title`, `value`, `sort_order`) VALUES
(155, 12, 'total', 'text_total', '14880.0000', 9),
(154, 12, 'tax', 'SGST', '720.0000', 5),
(153, 12, 'tax', 'IGST', '1440.0000', 5),
(152, 12, 'tax', 'CGST', '720.0000', 5),
(141, 13, 'sub_total', 'text_sub_total', '16100.0000', 1),
(205, 14, 'total', 'text_total', '19840.0000', 9),
(204, 14, 'tax', 'SGST', '960.0000', 5),
(151, 12, 'sub_total', 'text_sub_total', '12000.0000', 1),
(142, 13, 'tax', 'CGST', '966.0000', 5),
(143, 13, 'tax', 'IGST', '1932.0000', 5),
(144, 13, 'tax', 'SGST', '966.0000', 5),
(145, 13, 'total', 'text_total', '19964.0000', 9),
(203, 14, 'tax', 'IGST', '1920.0000', 5),
(202, 14, 'tax', 'CGST', '960.0000', 5),
(201, 14, 'sub_total', 'text_sub_total', '16000.0000', 1),
(230, 15, 'total', 'text_total', '19840.0000', 9),
(229, 15, 'tax', 'SGST', '960.0000', 5),
(228, 15, 'tax', 'IGST', '1920.0000', 5),
(226, 15, 'sub_total', 'text_sub_total', '16000.0000', 1),
(211, 16, 'sub_total', 'text_sub_total', '107000.0000', 1),
(212, 16, 'tax', 'CGST', '6420.0000', 5),
(213, 16, 'tax', 'IGST', '12840.0000', 5),
(214, 16, 'tax', 'SGST', '6420.0000', 5),
(215, 16, 'total', 'text_total', '132680.0000', 9),
(227, 15, 'tax', 'CGST', '960.0000', 5),
(231, 17, 'sub_total', 'Sub Total', '0.0000', 1),
(232, 17, 'tax', 'CGST', '3239.4000', 5),
(233, 17, 'tax', 'IGST', '6478.8000', 5),
(234, 17, 'tax', 'SGST', '3239.4000', 5),
(235, 17, 'total', 'Total:', '12957.6000', 9);

-- --------------------------------------------------------

--
-- Table structure for table `ss_recurring`
--

CREATE TABLE `ss_recurring` (
  `recurring_id` int(11) NOT NULL,
  `price` decimal(10,4) NOT NULL,
  `frequency` enum('day','week','semi_month','month','year') NOT NULL,
  `duration` int(10) UNSIGNED NOT NULL,
  `cycle` int(10) UNSIGNED NOT NULL,
  `trial_status` tinyint(4) NOT NULL,
  `trial_price` decimal(10,4) NOT NULL,
  `trial_frequency` enum('day','week','semi_month','month','year') NOT NULL,
  `trial_duration` int(10) UNSIGNED NOT NULL,
  `trial_cycle` int(10) UNSIGNED NOT NULL,
  `status` tinyint(4) NOT NULL,
  `sort_order` int(11) NOT NULL
) ENGINE=MyISAM DEFAULT CHARSET=utf8;

-- --------------------------------------------------------

--
-- Table structure for table `ss_recurring_description`
--

CREATE TABLE `ss_recurring_description` (
  `recurring_id` int(11) NOT NULL,
  `language_id` int(11) NOT NULL,
  `name` varchar(255) NOT NULL
) ENGINE=MyISAM DEFAULT CHARSET=utf8;

-- --------------------------------------------------------

--
-- Table structure for table `ss_return`
--

CREATE TABLE `ss_return` (
  `return_id` int(11) NOT NULL,
  `order_id` int(11) NOT NULL,
  `product_id` int(11) NOT NULL,
  `customer_id` int(11) NOT NULL,
  `firstname` varchar(32) NOT NULL,
  `lastname` varchar(32) NOT NULL,
  `email` varchar(96) NOT NULL,
  `telephone` varchar(32) NOT NULL,
  `product` varchar(255) NOT NULL,
  `model` varchar(64) NOT NULL,
  `quantity` int(4) NOT NULL,
  `opened` tinyint(1) NOT NULL,
  `return_reason_id` int(11) NOT NULL,
  `return_action_id` int(11) NOT NULL,
  `return_status_id` int(11) NOT NULL,
  `comment` text DEFAULT NULL,
  `date_ordered` date NOT NULL DEFAULT '0000-00-00',
  `date_added` datetime NOT NULL,
  `date_modified` datetime NOT NULL
) ENGINE=MyISAM DEFAULT CHARSET=utf8;

-- --------------------------------------------------------

--
-- Table structure for table `ss_return_action`
--

CREATE TABLE `ss_return_action` (
  `return_action_id` int(11) NOT NULL,
  `language_id` int(11) NOT NULL DEFAULT 0,
  `name` varchar(64) NOT NULL
) ENGINE=MyISAM DEFAULT CHARSET=utf8;

--
-- Dumping data for table `ss_return_action`
--

INSERT INTO `ss_return_action` (`return_action_id`, `language_id`, `name`) VALUES
(1, 1, 'Refunded'),
(2, 1, 'Credit Issued'),
(3, 1, 'Replacement Sent');

-- --------------------------------------------------------

--
-- Table structure for table `ss_return_history`
--

CREATE TABLE `ss_return_history` (
  `return_history_id` int(11) NOT NULL,
  `return_id` int(11) NOT NULL,
  `return_status_id` int(11) NOT NULL,
  `notify` tinyint(1) NOT NULL,
  `comment` text NOT NULL,
  `date_added` datetime NOT NULL
) ENGINE=MyISAM DEFAULT CHARSET=utf8;

-- --------------------------------------------------------

--
-- Table structure for table `ss_return_reason`
--

CREATE TABLE `ss_return_reason` (
  `return_reason_id` int(11) NOT NULL,
  `language_id` int(11) NOT NULL DEFAULT 0,
  `name` varchar(128) NOT NULL
) ENGINE=MyISAM DEFAULT CHARSET=utf8;

--
-- Dumping data for table `ss_return_reason`
--

INSERT INTO `ss_return_reason` (`return_reason_id`, `language_id`, `name`) VALUES
(1, 1, 'Dead On Arrival'),
(2, 1, 'Received Wrong Item'),
(3, 1, 'Order Error'),
(4, 1, 'Faulty, please supply details'),
(5, 1, 'Other, please supply details');

-- --------------------------------------------------------

--
-- Table structure for table `ss_return_status`
--

CREATE TABLE `ss_return_status` (
  `return_status_id` int(11) NOT NULL,
  `language_id` int(11) NOT NULL DEFAULT 0,
  `name` varchar(32) NOT NULL
) ENGINE=MyISAM DEFAULT CHARSET=utf8;

--
-- Dumping data for table `ss_return_status`
--

INSERT INTO `ss_return_status` (`return_status_id`, `language_id`, `name`) VALUES
(1, 1, 'Pending'),
(3, 1, 'Complete'),
(2, 1, 'Awaiting Products');

-- --------------------------------------------------------

--
-- Table structure for table `ss_review`
--

CREATE TABLE `ss_review` (
  `review_id` int(11) NOT NULL,
  `product_id` int(11) NOT NULL,
  `customer_id` int(11) NOT NULL,
  `author` varchar(64) NOT NULL,
  `text` text NOT NULL,
  `rating` int(1) NOT NULL,
  `status` tinyint(1) NOT NULL DEFAULT 0,
  `date_added` datetime NOT NULL,
  `date_modified` datetime NOT NULL
) ENGINE=MyISAM DEFAULT CHARSET=utf8;

-- --------------------------------------------------------

--
-- Table structure for table `ss_seo_url`
--

CREATE TABLE `ss_seo_url` (
  `seo_url_id` int(11) NOT NULL,
  `store_id` int(11) NOT NULL,
  `language_id` int(11) NOT NULL,
  `query` varchar(255) NOT NULL,
  `keyword` varchar(255) NOT NULL
) ENGINE=MyISAM DEFAULT CHARSET=utf8;

--
-- Dumping data for table `ss_seo_url`
--

INSERT INTO `ss_seo_url` (`seo_url_id`, `store_id`, `language_id`, `query`, `keyword`) VALUES
(824, 0, 1, 'product_id=48', 'ipod-classic'),
(836, 0, 1, 'category_id=20', 'desktops'),
(834, 0, 1, 'category_id=26', 'pc'),
(835, 0, 1, 'category_id=27', 'mac'),
(730, 0, 1, 'manufacturer_id=8', 'apple'),
(772, 0, 1, 'information_id=4', 'about_us'),
(768, 0, 1, 'product_id=42', 'test'),
(789, 0, 1, 'category_id=34', 'mp3-players'),
(781, 0, 1, 'category_id=36', 'test2'),
(774, 0, 1, 'category_id=18', 'laptop-notebook'),
(775, 0, 1, 'category_id=46', 'macs'),
(776, 0, 1, 'category_id=45', 'windows'),
(777, 0, 1, 'category_id=25', 'component'),
(778, 0, 1, 'category_id=29', 'mouse'),
(779, 0, 1, 'category_id=28', 'monitor'),
(780, 0, 1, 'category_id=35', 'test1'),
(782, 0, 1, 'category_id=30', 'printer'),
(783, 0, 1, 'category_id=31', 'scanner'),
(784, 0, 1, 'category_id=32', 'web-camera'),
(785, 0, 1, 'category_id=57', 'tablet'),
(786, 0, 1, 'category_id=17', 'software'),
(787, 0, 1, 'category_id=24', 'smartphone'),
(788, 0, 1, 'category_id=33', 'camera'),
(790, 0, 1, 'category_id=43', 'test11'),
(791, 0, 1, 'category_id=44', 'test12'),
(792, 0, 1, 'category_id=47', 'test15'),
(793, 0, 1, 'category_id=48', 'test16'),
(794, 0, 1, 'category_id=49', 'test17'),
(795, 0, 1, 'category_id=50', 'test18'),
(796, 0, 1, 'category_id=51', 'test19'),
(797, 0, 1, 'category_id=52', 'test20'),
(798, 0, 1, 'category_id=58', 'test25'),
(799, 0, 1, 'category_id=53', 'test21'),
(800, 0, 1, 'category_id=54', 'test22'),
(801, 0, 1, 'category_id=55', 'test23'),
(802, 0, 1, 'category_id=56', 'test24'),
(803, 0, 1, 'category_id=38', 'test4'),
(804, 0, 1, 'category_id=37', 'test5'),
(805, 0, 1, 'category_id=39', 'test6'),
(806, 0, 1, 'category_id=40', 'test7'),
(807, 0, 1, 'category_id=41', 'test8'),
(808, 0, 1, 'category_id=42', 'test9'),
(845, 0, 1, 'product_id=30', 'canon-eos-5d'),
(840, 0, 1, 'product_id=47', 'hp-lp3065'),
(811, 0, 1, 'product_id=28', 'htc-touch-hd'),
(812, 0, 1, 'product_id=43', 'macbook'),
(813, 0, 1, 'product_id=44', 'macbook-air'),
(814, 0, 1, 'product_id=45', 'macbook-pro'),
(816, 0, 1, 'product_id=31', 'nikon-d300'),
(817, 0, 1, 'product_id=29', 'palm-treo-pro'),
(818, 0, 1, 'product_id=35', 'product-8'),
(819, 0, 1, 'product_id=49', 'samsung-galaxy-tab-10-1'),
(820, 0, 1, 'product_id=33', 'samsung-syncmaster-941bw'),
(821, 0, 1, 'product_id=46', 'sony-vaio'),
(837, 0, 1, 'product_id=41', 'imac'),
(823, 0, 1, 'product_id=40', 'iphone'),
(825, 0, 1, 'product_id=36', 'ipod-nano'),
(826, 0, 1, 'product_id=34', 'ipod-shuffle'),
(827, 0, 1, 'product_id=32', 'ipod-touch'),
(828, 0, 1, 'manufacturer_id=9', 'canon'),
(829, 0, 1, 'manufacturer_id=5', 'htc'),
(830, 0, 1, 'manufacturer_id=7', 'hewlett-packard'),
(831, 0, 1, 'manufacturer_id=6', 'palm'),
(832, 0, 1, 'manufacturer_id=10', 'sony'),
(841, 0, 1, 'information_id=6', 'delivery'),
(842, 0, 1, 'information_id=3', 'privacy'),
(843, 0, 1, 'information_id=5', 'terms');

-- --------------------------------------------------------

--
-- Table structure for table `ss_session`
--

CREATE TABLE `ss_session` (
  `session_id` varchar(32) NOT NULL,
  `data` text NOT NULL,
  `expire` datetime NOT NULL
) ENGINE=InnoDB DEFAULT CHARSET=utf8;

--
-- Dumping data for table `ss_session`
--

INSERT INTO `ss_session` (`session_id`, `data`, `expire`) VALUES
('00dc1e7b9dbf06356f911787d5', '{\"api_id\":\"1\",\"language\":\"en-gb\",\"currency\":\"INR\",\"customer_id\":\"1\",\"customer\":{\"customer_id\":\"1\",\"customer_group_id\":\"1\",\"firstname\":\"Pramod Patil\",\"lastname\":\"\",\"email\":\"pro.pramod.pune@gmail.com\",\"telephone\":\"9730519575\",\"custom_field\":[]}}', '2020-10-09 20:22:49'),
('01342e4c17a0aff7db609757b3', '{\"api_id\":\"1\",\"language\":\"en-gb\",\"currency\":\"INR\"}', '2020-10-05 18:59:12'),
('01c6ccd592f30f693835498fa9', '{\"api_id\":\"1\",\"language\":\"en-gb\",\"currency\":\"INR\",\"customer_id\":\"1\",\"customer\":{\"customer_id\":\"1\",\"customer_group_id\":\"1\",\"firstname\":\"Pramod Patil\",\"lastname\":\"\",\"email\":\"pro.pramod.pune@gmail.com\",\"telephone\":\"9730519575\",\"custom_field\":[]},\"shipping_address\":{\"shipping_address\":\"1\",\"firstname\":\"Pramod Patil\",\"lastname\":\"\",\"company\":\"abc.com\",\"address_1\":\"pune\",\"address_2\":\"\",\"postcode\":\"411401\",\"city\":\"pune\",\"zone_id\":\"1493\",\"zone\":\"Maharashtra\",\"zone_code\":\"MA\",\"country_id\":\"99\",\"country\":\"India\",\"iso_code_2\":\"IN\",\"iso_code_3\":\"IND\",\"address_format\":\"\",\"custom_field\":[]},\"payment_address\":{\"payment_address\":\"1\",\"firstname\":\"Pramod Patil\",\"lastname\":\"\",\"company\":\"abc.com\",\"address_1\":\"pune\",\"address_2\":\"\",\"postcode\":\"411401\",\"city\":\"pune\",\"zone_id\":\"1493\",\"zone\":\"Maharashtra\",\"zone_code\":\"MA\",\"country_id\":\"99\",\"country\":\"India\",\"iso_code_2\":\"IN\",\"iso_code_3\":\"IND\",\"address_format\":\"\"},\"payment_methods\":{\"bank_transfer\":{\"code\":\"bank_transfer\",\"title\":\"Bank Transfer\",\"terms\":\"\",\"sort_order\":\"1\"},\"cheque\":{\"code\":\"cheque\",\"title\":\"Cheque \\/ Money Order\",\"terms\":\"\",\"sort_order\":\"3\"},\"cod\":{\"code\":\"cod\",\"title\":\"Cash On Delivery\",\"terms\":\"\",\"sort_order\":\"5\"}}}', '2020-10-08 22:30:35'),
('020003f7416a5ae34786bf9079', '{\"api_id\":\"1\"}', '2020-10-08 20:29:47'),
('02172a39a710ddbecbe2c6dc18', '{\"api_id\":\"1\",\"language\":\"en-gb\",\"currency\":\"INR\"}', '2020-10-12 19:07:32'),
('022678ad29ecc2e57cd77c6381', '{\"api_id\":\"1\",\"language\":\"en-gb\",\"currency\":\"INR\"}', '2020-10-15 10:42:23'),
('0238f41f8e09f9cdb2b01ccaa5', '{\"api_id\":\"1\"}', '2020-10-11 05:11:54'),
('02d2db17199ad402e16aae9746', '{\"api_id\":\"1\"}', '2020-10-11 04:46:51'),
('02da32e58fb70612148024e590', '{\"api_id\":\"1\",\"language\":\"en-gb\",\"currency\":\"INR\",\"customer_id\":\"1\",\"customer\":{\"customer_id\":\"1\",\"customer_group_id\":\"1\",\"firstname\":\"Pramod Patil\",\"lastname\":\"\",\"email\":\"pro.pramod.pune@gmail.com\",\"telephone\":\"9730519575\",\"custom_field\":[]},\"shipping_address\":{\"shipping_address\":\"\",\"firstname\":\"Pramod Patil\",\"lastname\":\"\",\"company\":\"abc.com\",\"address_1\":\"Lolhapur\",\"address_2\":\"\",\"postcode\":\"411412\",\"city\":\"Kolhapur\",\"zone_id\":\"1493\",\"zone\":\"Maharashtra\",\"zone_code\":\"MA\",\"country_id\":\"99\",\"country\":\"India\",\"iso_code_2\":\"IN\",\"iso_code_3\":\"IND\",\"address_format\":\"\",\"custom_field\":[]},\"shipping_methods\":{\"flat\":{\"title\":\"Flat Rate\",\"quote\":{\"flat\":{\"code\":\"flat.flat\",\"title\":\"Flat Shipping Rate\",\"cost\":\"5.00\",\"tax_class_id\":\"9\",\"text\":\"6.20Rs.\"}},\"sort_order\":\"1\",\"error\":false},\"free\":{\"title\":\"Free Shipping\",\"quote\":{\"free\":{\"code\":\"free.free\",\"title\":\"Free Shipping\",\"cost\":0,\"tax_class_id\":0,\"text\":\"0.00Rs.\"}},\"sort_order\":\"2\",\"error\":false},\"pickup\":{\"title\":\"Pickup\",\"quote\":{\"pickup\":{\"code\":\"pickup.pickup\",\"title\":\"Pickup From Store\",\"cost\":0,\"tax_class_id\":0,\"text\":\"0.00Rs.\"}},\"sort_order\":\"3\",\"error\":false}}}', '2020-10-12 18:53:27'),
('0301e18b6a2f9de6ac2d840de1', '{\"api_id\":\"1\",\"language\":\"en-gb\",\"currency\":\"INR\",\"customer_id\":\"1\",\"customer\":{\"customer_id\":\"1\",\"customer_group_id\":\"1\",\"firstname\":\"Pramod Patil\",\"lastname\":\"\",\"email\":\"pro.pramod.pune@gmail.com\",\"telephone\":\"9730519575\",\"custom_field\":[]}}', '2020-10-09 06:43:37'),
('03b0ecc3e4563c8cb29c8004ab', '{\"api_id\":\"1\"}', '2020-10-15 10:22:56'),
('0490ea3b553e04564168a9f46f', '{\"api_id\":\"1\",\"language\":\"en-gb\",\"currency\":\"INR\",\"customer_id\":\"1\",\"customer\":{\"customer_id\":\"1\",\"customer_group_id\":\"1\",\"firstname\":\"Pramod Patil\",\"lastname\":\"\",\"email\":\"pro.pramod.pune@gmail.com\",\"telephone\":\"9730519575\",\"custom_field\":[]}}', '2020-10-10 18:43:54'),
('05f2a68fe5e1dd60d73d29b61b', '{\"api_id\":\"1\"}', '2020-10-11 04:50:06'),
('07477c5c2cb06d934009d725bf', '{\"api_id\":\"1\",\"language\":\"en-gb\",\"currency\":\"INR\",\"customer_id\":\"1\",\"customer\":{\"customer_id\":\"1\",\"customer_group_id\":\"1\",\"firstname\":\"Pramod Patil\",\"lastname\":\"\",\"email\":\"pro.pramod.pune@gmail.com\",\"telephone\":\"9730519575\",\"custom_field\":[]},\"shipping_address\":{\"shipping_address\":\"1\",\"firstname\":\"Pramod Patil\",\"lastname\":\"\",\"company\":\"abc.com\",\"address_1\":\"pune\",\"address_2\":\"\",\"postcode\":\"411401\",\"city\":\"pune\",\"zone_id\":\"1493\",\"zone\":\"Maharashtra\",\"zone_code\":\"MA\",\"country_id\":\"99\",\"country\":\"India\",\"iso_code_2\":\"IN\",\"iso_code_3\":\"IND\",\"address_format\":\"\",\"custom_field\":[]},\"shipping_methods\":{\"flat\":{\"title\":\"Flat Rate\",\"quote\":{\"flat\":{\"code\":\"flat.flat\",\"title\":\"Flat Shipping Rate\",\"cost\":\"5.00\",\"tax_class_id\":\"9\",\"text\":\"6.20Rs.\"}},\"sort_order\":\"1\",\"error\":false},\"free\":{\"title\":\"Free Shipping\",\"quote\":{\"free\":{\"code\":\"free.free\",\"title\":\"Free Shipping\",\"cost\":0,\"tax_class_id\":0,\"text\":\"0.00Rs.\"}},\"sort_order\":\"2\",\"error\":false},\"pickup\":{\"title\":\"Pickup\",\"quote\":{\"pickup\":{\"code\":\"pickup.pickup\",\"title\":\"Pickup From Store\",\"cost\":0,\"tax_class_id\":0,\"text\":\"0.00Rs.\"}},\"sort_order\":\"3\",\"error\":false}},\"shipping_method\":{\"code\":\"flat.flat\",\"title\":\"Flat Shipping Rate\",\"cost\":\"5.00\",\"tax_class_id\":\"9\",\"text\":\"6.20Rs.\"}}', '2020-10-08 21:44:47'),
('07e6db99411a1bbfde6254041a', '{\"api_id\":\"1\"}', '2020-10-08 20:57:21'),
('08338d0db13c4ae0975a4118a9', '{\"api_id\":\"1\",\"language\":\"en-gb\",\"currency\":\"INR\"}', '2020-10-13 08:05:34'),
('08d85428de012f36b93c1873f5', '{\"api_id\":\"1\",\"language\":\"en-gb\",\"currency\":\"INR\"}', '2020-10-09 20:11:03'),
('0a7a623a442d9b484fdf9484a2', '{\"api_id\":\"1\"}', '2020-10-08 22:50:56'),
('0cc75df362c6fb1383fc6c2225', '{\"api_id\":\"1\",\"language\":\"en-gb\",\"currency\":\"INR\"}', '2020-10-08 20:36:19'),
('0cdc91083f4029a9f487872827', '{\"api_id\":\"1\",\"language\":\"en-gb\",\"currency\":\"INR\"}', '2020-10-05 17:49:31'),
('0d27253a2682c1ee6d00b9a677', '{\"api_id\":\"1\",\"language\":\"en-gb\",\"currency\":\"INR\"}', '2020-10-14 14:31:21'),
('0d678a8f9d19ace56b003d91cf', '{\"api_id\":\"1\"}', '2020-10-09 20:07:29'),
('0d9bb8fcc755c51c25f861d3b2', '{\"api_id\":\"1\"}', '2020-10-12 20:10:23'),
('0da8a772bf4aec467cfd3e3679', '{\"api_id\":\"1\"}', '2020-10-08 20:27:41'),
('0df5cddfee432904fb71a798fd', '{\"api_id\":\"1\"}', '2020-10-12 20:11:30'),
('0e1303bee91c586b42dc3098e7', '{\"api_id\":\"1\",\"language\":\"en-gb\",\"currency\":\"INR\",\"customer_id\":\"1\",\"customer\":{\"customer_id\":\"1\",\"customer_group_id\":\"1\",\"firstname\":\"Pramod Patil\",\"lastname\":\"\",\"email\":\"pro.pramod.pune@gmail.com\",\"telephone\":\"9730519575\",\"custom_field\":[]},\"payment_address\":{\"payment_address\":\"1\",\"firstname\":\"Pramod Patil\",\"lastname\":\"\",\"company\":\"abc.com\",\"address_1\":\"pune\",\"address_2\":\"\",\"postcode\":\"411401\",\"city\":\"pune\",\"zone_id\":\"1493\",\"zone\":\"Maharashtra\",\"zone_code\":\"MA\",\"country_id\":\"99\",\"country\":\"India\",\"iso_code_2\":\"IN\",\"iso_code_3\":\"IND\",\"address_format\":\"\"},\"shipping_address\":{\"shipping_address\":\"1\",\"firstname\":\"Pramod Patil\",\"lastname\":\"\",\"company\":\"abc.com\",\"address_1\":\"pune\",\"address_2\":\"\",\"postcode\":\"411401\",\"city\":\"pune\",\"zone_id\":\"1493\",\"zone\":\"Maharashtra\",\"zone_code\":\"MA\",\"country_id\":\"99\",\"country\":\"India\",\"iso_code_2\":\"IN\",\"iso_code_3\":\"IND\",\"address_format\":\"\",\"custom_field\":[]},\"payment_methods\":{\"bank_transfer\":{\"code\":\"bank_transfer\",\"title\":\"Bank Transfer\",\"terms\":\"\",\"sort_order\":\"1\"},\"cheque\":{\"code\":\"cheque\",\"title\":\"Cheque \\/ Money Order\",\"terms\":\"\",\"sort_order\":\"3\"},\"cod\":{\"code\":\"cod\",\"title\":\"Cash On Delivery\",\"terms\":\"\",\"sort_order\":\"5\"}}}', '2020-10-08 22:25:39'),
('0edc5c16aa72058f72e5cd624a', '{\"api_id\":\"1\",\"language\":\"en-gb\",\"currency\":\"INR\"}', '2020-10-15 10:20:42'),
('0efa44000d4cf38c8b94b09619', '{\"api_id\":\"1\"}', '2020-10-13 20:27:47'),
('0ff6a525a65d727646898498d8', '{\"api_id\":\"1\",\"language\":\"en-gb\",\"currency\":\"INR\"}', '2020-10-05 19:28:22'),
('1039643802e047b085b862f5a7', '{\"api_id\":\"1\"}', '2020-10-11 05:37:23'),
('12fdb9021d2daf6dc4f489f9db', '{\"api_id\":\"1\"}', '2020-10-14 19:51:40'),
('13917f630ec8d27dfca99db3f7', '{\"api_id\":\"1\",\"language\":\"en-gb\",\"currency\":\"INR\",\"customer_id\":\"1\",\"customer\":{\"customer_id\":\"1\",\"customer_group_id\":\"1\",\"firstname\":\"Pramod Patil\",\"lastname\":\"\",\"email\":\"pro.pramod.pune@gmail.com\",\"telephone\":\"9730519575\",\"custom_field\":[]},\"shipping_address\":{\"shipping_address\":\"1\",\"firstname\":\"Pramod Patil\",\"lastname\":\"\",\"company\":\"abc.com\",\"address_1\":\"pune\",\"address_2\":\"\",\"postcode\":\"411401\",\"city\":\"pune\",\"zone_id\":\"1493\",\"zone\":\"Maharashtra\",\"zone_code\":\"MA\",\"country_id\":\"99\",\"country\":\"India\",\"iso_code_2\":\"IN\",\"iso_code_3\":\"IND\",\"address_format\":\"\",\"custom_field\":[]},\"payment_address\":{\"payment_address\":\"1\",\"firstname\":\"Pramod Patil\",\"lastname\":\"\",\"company\":\"abc.com\",\"address_1\":\"pune\",\"address_2\":\"\",\"postcode\":\"411401\",\"city\":\"pune\",\"zone_id\":\"1493\",\"zone\":\"Maharashtra\",\"zone_code\":\"MA\",\"country_id\":\"99\",\"country\":\"India\",\"iso_code_2\":\"IN\",\"iso_code_3\":\"IND\",\"address_format\":\"\"},\"payment_methods\":{\"bank_transfer\":{\"code\":\"bank_transfer\",\"title\":\"Bank Transfer\",\"terms\":\"\",\"sort_order\":\"1\"},\"cheque\":{\"code\":\"cheque\",\"title\":\"Cheque \\/ Money Order\",\"terms\":\"\",\"sort_order\":\"3\"},\"cod\":{\"code\":\"cod\",\"title\":\"Cash On Delivery\",\"terms\":\"\",\"sort_order\":\"5\"}},\"shipping_methods\":{\"flat\":{\"title\":\"Flat Rate\",\"quote\":{\"flat\":{\"code\":\"flat.flat\",\"title\":\"Flat Shipping Rate\",\"cost\":\"5.00\",\"tax_class_id\":\"9\",\"text\":\"6.20Rs.\"}},\"sort_order\":\"1\",\"error\":\"false\"},\"free\":{\"title\":\"Free Shipping\",\"quote\":{\"free\":{\"code\":\"free.free\",\"title\":\"Free Shipping\",\"cost\":\"0\",\"tax_class_id\":\"0\",\"text\":\"0.00Rs.\"}},\"sort_order\":\"2\",\"error\":\"false\"},\"pickup\":{\"title\":\"Pickup\",\"quote\":{\"pickup\":{\"code\":\"pickup.pickup\",\"title\":\"Pickup From Store\",\"cost\":\"0\",\"tax_class_id\":\"0\",\"text\":\"0.00Rs.\"}},\"sort_order\":\"3\",\"error\":\"false\"}},\"shipping_method\":{\"code\":\"flat.flat\",\"title\":\"Flat Shipping Rate\",\"cost\":\"5.00\",\"tax_class_id\":\"9\",\"text\":\"6.20Rs.\"},\"payment_method\":{\"code\":\"cod\",\"title\":\"Cash On Delivery\",\"terms\":\"\",\"sort_order\":\"5\"}}', '2020-10-08 22:50:31'),
('1464a5d80dc2f9243cad7a744a', '{\"api_id\":\"1\",\"language\":\"en-gb\",\"currency\":\"INR\"}', '2020-10-17 05:12:28'),
('14a68ff3c54d4c9522cd6d453a', '{\"api_id\":\"1\",\"language\":\"en-gb\",\"currency\":\"INR\",\"customer_id\":\"1\",\"customer\":{\"customer_id\":\"1\",\"customer_group_id\":\"1\",\"firstname\":\"Pramod Patil\",\"lastname\":\"\",\"email\":\"pro.pramod.pune@gmail.com\",\"telephone\":\"9730519575\",\"custom_field\":[]},\"payment_address\":{\"payment_address\":\"0\",\"firstname\":\"Pramod Patil\",\"lastname\":\"\",\"company\":\"abc.com\",\"address_1\":\"pune\",\"address_2\":\"\",\"postcode\":\"411401\",\"city\":\"pune\",\"zone_id\":\"1493\",\"zone\":\"Maharashtra\",\"zone_code\":\"MA\",\"country_id\":\"99\",\"country\":\"India\",\"iso_code_2\":\"IN\",\"iso_code_3\":\"IND\",\"address_format\":\"\"},\"payment_methods\":{\"bank_transfer\":{\"code\":\"bank_transfer\",\"title\":\"Bank Transfer\",\"terms\":\"\",\"sort_order\":\"1\"},\"cheque\":{\"code\":\"cheque\",\"title\":\"Cheque \\/ Money Order\",\"terms\":\"\",\"sort_order\":\"3\"},\"cod\":{\"code\":\"cod\",\"title\":\"Cash On Delivery\",\"terms\":\"\",\"sort_order\":\"5\"}},\"payment_method\":{\"code\":\"cod\",\"title\":\"Cash On Delivery\",\"terms\":\"\",\"sort_order\":\"5\"}}', '2020-10-11 19:09:15'),
('14de51b9365d266289b18e9743', '{\"api_id\":\"1\",\"language\":\"en-gb\",\"currency\":\"INR\"}', '2020-10-06 18:50:12'),
('14edad10ce32090449d300a7e6', '{\"api_id\":\"1\",\"language\":\"en-gb\",\"currency\":\"INR\",\"customer_id\":\"1\",\"customer\":{\"customer_id\":\"1\",\"customer_group_id\":\"1\",\"firstname\":\"Pramod Patil\",\"lastname\":\"\",\"email\":\"pro.pramod.pune@gmail.com\",\"telephone\":\"9730519575\",\"custom_field\":[]}}', '2020-10-06 19:10:19'),
('1509458e5e7ebb8b003c7d896e', '{\"api_id\":\"1\",\"language\":\"en-gb\",\"currency\":\"INR\",\"customer_id\":\"1\",\"payment_address\":{\"firstname\":\"Pramod Patil\",\"lastname\":\"\",\"company\":\"abc.com\",\"address_1\":\"pune\",\"address_2\":\"\",\"postcode\":\"411401\",\"city\":\"pune\",\"zone_id\":\"1493\",\"zone\":\"Maharashtra\",\"zone_code\":\"MA\",\"country_id\":\"99\",\"country\":\"India\",\"iso_code_2\":\"IN\",\"iso_code_3\":\"IND\",\"address_format\":\"\",\"custom_field\":[]},\"customer\":{\"customer_id\":\"1\",\"customer_group_id\":\"1\",\"firstname\":\"Pramod Patil\",\"lastname\":\"\",\"email\":\"pro.pramod.pune@gmail.com\",\"telephone\":\"9730519575\",\"custom_field\":[]},\"shipping_address\":{\"firstname\":\"Pramod Patil\",\"lastname\":\"\",\"company\":\"abc.com\",\"address_1\":\"pune\",\"address_2\":\"\",\"postcode\":\"411401\",\"city\":\"pune\",\"zone_id\":\"1493\",\"zone\":\"Maharashtra\",\"zone_code\":\"MA\",\"country_id\":\"99\",\"country\":\"India\",\"iso_code_2\":\"IN\",\"iso_code_3\":\"IND\",\"address_format\":\"\",\"custom_field\":[]},\"shipping_methods\":{\"flat\":{\"title\":\"Flat Rate\",\"quote\":{\"flat\":{\"code\":\"flat.flat\",\"title\":\"Flat Shipping Rate\",\"cost\":\"5.00\",\"tax_class_id\":\"9\",\"text\":\"6.20Rs.\"}},\"sort_order\":\"1\",\"error\":false},\"free\":{\"title\":\"Free Shipping\",\"quote\":{\"free\":{\"code\":\"free.free\",\"title\":\"Free Shipping\",\"cost\":0,\"tax_class_id\":0,\"text\":\"0.00Rs.\"}},\"sort_order\":\"2\",\"error\":false},\"pickup\":{\"title\":\"Pickup\",\"quote\":{\"pickup\":{\"code\":\"pickup.pickup\",\"title\":\"Pickup From Store\",\"cost\":0,\"tax_class_id\":0,\"text\":\"0.00Rs.\"}},\"sort_order\":\"3\",\"error\":false}}}', '2020-10-08 19:21:42'),
('152b92e303f7f1ff7e40ec43cc', '{\"api_id\":\"1\",\"language\":\"en-gb\",\"currency\":\"INR\",\"customer_id\":\"1\",\"customer\":{\"customer_id\":\"1\",\"customer_group_id\":\"1\",\"firstname\":\"Pramod Patil\",\"lastname\":\"\",\"email\":\"pro.pramod.pune@gmail.com\",\"telephone\":\"9730519575\",\"custom_field\":[]}}', '2020-10-06 07:25:36'),
('152c512149411d44d49ffef591', '{\"api_id\":\"1\",\"language\":\"en-gb\",\"currency\":\"INR\"}', '2020-10-13 08:45:08'),
('1544ee7fa39d51ac2e2d904bd8', '{\"api_id\":\"1\",\"language\":\"en-gb\",\"currency\":\"INR\"}', '2020-10-07 18:42:13'),
('159f42aff45802dd278aaeddfa', '{\"api_id\":\"1\"}', '2020-10-12 19:18:29'),
('16604396b8a35f255c032bc428', '{\"api_id\":\"1\"}', '2020-10-15 06:11:20'),
('1693541f306ff87ba4aefb80cd', '{\"api_id\":\"1\"}', '2020-10-13 08:45:01'),
('16a9152ad1411207f3f48b7717', '{\"api_id\":\"1\"}', '2020-10-07 17:41:08'),
('172817e879937aa77e510ec9bc', '{\"api_id\":\"1\",\"language\":\"en-gb\",\"currency\":\"INR\"}', '2020-10-12 07:46:19'),
('17c7cfd4aff78aa78ef69c1b28', '{\"api_id\":\"1\",\"language\":\"en-gb\",\"currency\":\"INR\",\"customer_id\":\"1\",\"customer\":{\"customer_id\":\"1\",\"customer_group_id\":\"1\",\"firstname\":\"Pramod Patil\",\"lastname\":\"\",\"email\":\"pro.pramod.pune@gmail.com\",\"telephone\":\"9730519575\",\"custom_field\":[]},\"shipping_address\":{\"shipping_address\":\"3\",\"firstname\":\"Pramod Patil\",\"lastname\":\"\",\"company\":\"abc.com\",\"address_1\":\"Lolhapur\",\"address_2\":\"\",\"postcode\":\"411412\",\"city\":\"Kolhapur\",\"zone_id\":\"1493\",\"zone\":\"Maharashtra\",\"zone_code\":\"MA\",\"country_id\":\"99\",\"country\":\"India\",\"iso_code_2\":\"IN\",\"iso_code_3\":\"IND\",\"address_format\":\"\",\"custom_field\":[]},\"shipping_methods\":{\"flat\":{\"title\":\"Flat Rate\",\"quote\":{\"flat\":{\"code\":\"flat.flat\",\"title\":\"Flat Shipping Rate\",\"cost\":\"5.00\",\"tax_class_id\":\"9\",\"text\":\"6.20Rs.\"}},\"sort_order\":\"1\",\"error\":false},\"free\":{\"title\":\"Free Shipping\",\"quote\":{\"free\":{\"code\":\"free.free\",\"title\":\"Free Shipping\",\"cost\":0,\"tax_class_id\":0,\"text\":\"0.00Rs.\"}},\"sort_order\":\"2\",\"error\":false},\"pickup\":{\"title\":\"Pickup\",\"quote\":{\"pickup\":{\"code\":\"pickup.pickup\",\"title\":\"Pickup From Store\",\"cost\":0,\"tax_class_id\":0,\"text\":\"0.00Rs.\"}},\"sort_order\":\"3\",\"error\":false}}}', '2020-10-12 19:06:33'),
('1847f374b980294a1810a90b7c', '{\"api_id\":\"1\",\"language\":\"en-gb\",\"currency\":\"USD\"}', '2020-10-14 19:56:21'),
('19ac44c29881ac3318aa8d5311', '{\"api_id\":\"1\",\"language\":\"en-gb\",\"currency\":\"INR\"}', '2020-10-14 18:36:12'),
('19f4928b296675a99b0dc17434', '{\"api_id\":\"1\",\"language\":\"en-gb\",\"currency\":\"INR\",\"customer_id\":\"1\",\"customer\":{\"customer_id\":\"1\",\"customer_group_id\":\"1\",\"firstname\":\"Pramod Patil\",\"lastname\":\"\",\"email\":\"pro.pramod.pune@gmail.com\",\"telephone\":\"9730519575\",\"custom_field\":[]},\"payment_address\":{\"payment_address\":\"1\",\"firstname\":\"Pramod Patil\",\"lastname\":\"\",\"company\":\"abc.com\",\"address_1\":\"pune\",\"address_2\":\"\",\"postcode\":\"411401\",\"city\":\"pune\",\"zone_id\":\"1493\",\"zone\":\"Maharashtra\",\"zone_code\":\"MA\",\"country_id\":\"99\",\"country\":\"India\",\"iso_code_2\":\"IN\",\"iso_code_3\":\"IND\",\"address_format\":\"\",\"custom_field\":[]},\"shipping_address\":{\"shipping_address\":\"1\",\"firstname\":\"Pramod Patil\",\"lastname\":\"\",\"company\":\"abc.com\",\"address_1\":\"pune\",\"address_2\":\"\",\"postcode\":\"411401\",\"city\":\"pune\",\"zone_id\":\"1493\",\"zone\":\"Maharashtra\",\"zone_code\":\"MA\",\"country_id\":\"99\",\"country\":\"India\",\"iso_code_2\":\"IN\",\"iso_code_3\":\"IND\",\"address_format\":\"\",\"custom_field\":[]},\"payment_methods\":{\"bank_transfer\":{\"code\":\"bank_transfer\",\"title\":\"Bank Transfer\",\"terms\":\"\",\"sort_order\":\"1\"},\"cheque\":{\"code\":\"cheque\",\"title\":\"Cheque \\/ Money Order\",\"terms\":\"\",\"sort_order\":\"3\"},\"cod\":{\"code\":\"cod\",\"title\":\"Cash On Delivery\",\"terms\":\"\",\"sort_order\":\"5\"}}}', '2020-10-08 21:32:01'),
('1a1d8732508aa32f0377f37d40', '{\"api_id\":\"1\"}', '2020-10-11 05:24:00'),
('1a1f0c0b6c496d1ce44cdf8635', '{\"api_id\":\"1\",\"language\":\"en-gb\",\"currency\":\"INR\",\"customer_id\":\"1\",\"customer\":{\"customer_id\":\"1\",\"customer_group_id\":\"1\",\"firstname\":\"Pramod Patil\",\"lastname\":\"\",\"email\":\"pro.pramod.pune@gmail.com\",\"telephone\":\"9730519575\",\"custom_field\":[]}}', '2020-10-12 18:30:46'),
('1ab85f47741a01307d91f7e906', '{\"api_id\":\"1\",\"language\":\"en-gb\",\"currency\":\"INR\",\"customer_id\":\"1\",\"customer\":{\"customer_id\":\"1\",\"customer_group_id\":\"1\",\"firstname\":\"Pramod Patil\",\"lastname\":\"\",\"email\":\"pro.pramod.pune@gmail.com\",\"telephone\":\"9730519575\",\"custom_field\":[]},\"shipping_address\":{\"shipping_address\":\"1\",\"firstname\":\"Pramod Patil\",\"lastname\":\"\",\"company\":\"abc.com\",\"address_1\":\"pune\",\"address_2\":\"\",\"postcode\":\"411401\",\"city\":\"pune\",\"zone_id\":\"1493\",\"zone\":\"Maharashtra\",\"zone_code\":\"MA\",\"country_id\":\"99\",\"country\":\"India\",\"iso_code_2\":\"IN\",\"iso_code_3\":\"IND\",\"address_format\":\"\",\"custom_field\":[]},\"payment_address\":{\"payment_address\":\"1\",\"firstname\":\"Pramod Patil\",\"lastname\":\"\",\"company\":\"abc.com\",\"address_1\":\"pune\",\"address_2\":\"\",\"postcode\":\"411401\",\"city\":\"pune\",\"zone_id\":\"1493\",\"zone\":\"Maharashtra\",\"zone_code\":\"MA\",\"country_id\":\"99\",\"country\":\"India\",\"iso_code_2\":\"IN\",\"iso_code_3\":\"IND\",\"address_format\":\"\"},\"payment_methods\":{\"bank_transfer\":{\"code\":\"bank_transfer\",\"title\":\"Bank Transfer\",\"terms\":\"\",\"sort_order\":\"1\"},\"cheque\":{\"code\":\"cheque\",\"title\":\"Cheque \\/ Money Order\",\"terms\":\"\",\"sort_order\":\"3\"},\"cod\":{\"code\":\"cod\",\"title\":\"Cash On Delivery\",\"terms\":\"\",\"sort_order\":\"5\"}},\"payment_method\":{\"code\":\"cod\",\"title\":\"Cash On Delivery\",\"terms\":\"\",\"sort_order\":\"5\"}}', '2020-10-08 22:18:11'),
('1ac6b6e5833d09bee0d3b74310', '{\"api_id\":\"1\",\"language\":\"en-gb\",\"currency\":\"INR\",\"customer_id\":\"1\",\"customer\":{\"customer_id\":\"1\",\"customer_group_id\":\"1\",\"firstname\":\"Pramod Patil\",\"lastname\":\"\",\"email\":\"pro.pramod.pune@gmail.com\",\"telephone\":\"9730519575\",\"custom_field\":[]},\"payment_address\":{\"payment_address\":\"1\",\"firstname\":\"Pramod Patil\",\"lastname\":\"\",\"company\":\"abc.com\",\"address_1\":\"pune\",\"address_2\":\"\",\"postcode\":\"411401\",\"city\":\"pune\",\"zone_id\":\"1493\",\"zone\":\"Maharashtra\",\"zone_code\":\"MA\",\"country_id\":\"99\",\"country\":\"India\",\"iso_code_2\":\"IN\",\"iso_code_3\":\"IND\",\"address_format\":\"\"},\"payment_methods\":{\"bank_transfer\":{\"code\":\"bank_transfer\",\"title\":\"Bank Transfer\",\"terms\":\"\",\"sort_order\":\"1\"},\"cheque\":{\"code\":\"cheque\",\"title\":\"Cheque \\/ Money Order\",\"terms\":\"\",\"sort_order\":\"3\"},\"cod\":{\"code\":\"cod\",\"title\":\"Cash On Delivery\",\"terms\":\"\",\"sort_order\":\"5\"}}}', '2020-10-10 19:47:23'),
('1b0187faed42c83c6342f7095e', '{\"api_id\":\"1\"}', '2020-10-13 16:11:04'),
('1b990aa5bae9af653c8bc56f6a', '{\"api_id\":\"1\"}', '2020-10-08 20:57:26'),
('1be4263765e3901abb118bda8c', '{\"api_id\":\"1\",\"language\":\"en-gb\",\"currency\":\"INR\"}', '2020-10-12 19:13:02'),
('1dcae75de711149f6c1f72458b', '{\"api_id\":\"1\"}', '2020-10-07 17:58:48'),
('1e89e2ed031ecd5a2bd68ca270', '{\"api_id\":\"1\"}', '2020-10-11 05:41:24'),
('1fb1a461b9a3097b214803873f', '{\"api_id\":\"1\",\"language\":\"en-gb\",\"currency\":\"INR\"}', '2020-10-06 18:34:45'),
('205792ee9b2321a618998348aa', '{\"api_id\":\"1\",\"language\":\"en-gb\",\"currency\":\"INR\",\"customer_id\":\"1\",\"customer\":{\"customer_id\":\"1\",\"customer_group_id\":\"1\",\"firstname\":\"Pramod Patil\",\"lastname\":\"\",\"email\":\"pro.pramod.pune@gmail.com\",\"telephone\":\"9730519575\",\"custom_field\":[]}}', '2020-10-08 20:25:07'),
('208ec84d738504411b277fc20d', '{\"api_id\":\"1\",\"language\":\"en-gb\",\"currency\":\"INR\"}', '2020-10-12 20:28:03'),
('21377027e5797cddf549bf4e87', '{\"api_id\":\"1\"}', '2020-10-15 07:23:05'),
('2160ee7aa53e9473fd6a19b42b', '{\"api_id\":\"1\",\"language\":\"en-gb\",\"currency\":\"INR\"}', '2020-10-13 20:19:39'),
('231f7c75c48b3bdd49faecfbd5', '{\"api_id\":\"1\",\"language\":\"en-gb\",\"currency\":\"INR\"}', '2020-10-07 18:29:07'),
('23a0c9a54eade8423d370c7f9a', '{\"api_id\":\"1\",\"language\":\"en-gb\",\"currency\":\"INR\"}', '2020-10-16 19:01:11'),
('23ef0d4bf8b8304d292fc9b7d8', '{\"api_id\":\"1\",\"language\":\"en-gb\",\"currency\":\"INR\",\"customer_id\":\"1\",\"customer\":{\"customer_id\":\"1\",\"customer_group_id\":\"1\",\"firstname\":\"Pramod Patil\",\"lastname\":\"\",\"email\":\"pro.pramod.pune@gmail.com\",\"telephone\":\"9730519575\",\"custom_field\":[]}}', '2020-10-06 07:27:37'),
('253bc7b9cef4f76428055f3937', '{\"api_id\":\"1\",\"language\":\"en-gb\",\"currency\":\"INR\",\"customer_id\":\"1\",\"customer\":{\"customer_id\":\"1\",\"customer_group_id\":\"1\",\"firstname\":\"Pramod Patil\",\"lastname\":\"\",\"email\":\"pro.pramod.pune@gmail.com\",\"telephone\":\"9730519575\",\"custom_field\":[]}}', '2020-10-09 20:11:17'),
('256cc41302117abe5498dd5734', '{\"api_id\":\"1\"}', '2020-10-11 04:46:45'),
('25ddd307de88d24309ffa94230', '{\"api_id\":\"1\",\"language\":\"en-gb\",\"currency\":\"INR\",\"customer_id\":\"1\",\"customer\":{\"customer_id\":\"1\",\"customer_group_id\":\"1\",\"firstname\":\"Pramod Patil\",\"lastname\":\"\",\"email\":\"pro.pramod.pune@gmail.com\",\"telephone\":\"9730519575\",\"custom_field\":[]}}', '2020-10-09 20:36:09'),
('266023e98c7259de70d4021139', '{\"api_id\":\"1\",\"language\":\"en-gb\",\"currency\":\"INR\",\"customer_id\":\"1\",\"customer\":{\"customer_id\":\"1\",\"customer_group_id\":\"1\",\"firstname\":\"Pramod Patil\",\"lastname\":\"\",\"email\":\"pro.pramod.pune@gmail.com\",\"telephone\":\"9730519575\",\"custom_field\":[]},\"payment_address\":{\"payment_address\":\"0\",\"firstname\":\"Pramod Patil\",\"lastname\":\"\",\"company\":\"abc.com\",\"address_1\":\"pune\",\"address_2\":\"\",\"postcode\":\"411401\",\"city\":\"pune\",\"zone_id\":\"1493\",\"zone\":\"Maharashtra\",\"zone_code\":\"MA\",\"country_id\":\"99\",\"country\":\"India\",\"iso_code_2\":\"IN\",\"iso_code_3\":\"IND\",\"address_format\":\"\"},\"payment_methods\":{\"bank_transfer\":{\"code\":\"bank_transfer\",\"title\":\"Bank Transfer\",\"terms\":\"\",\"sort_order\":\"1\"},\"cheque\":{\"code\":\"cheque\",\"title\":\"Cheque \\/ Money Order\",\"terms\":\"\",\"sort_order\":\"3\"},\"cod\":{\"code\":\"cod\",\"title\":\"Cash On Delivery\",\"terms\":\"\",\"sort_order\":\"5\"}}}', '2020-10-11 05:31:38'),
('26e5900347f8dae96fba2c0399', '{\"api_id\":\"1\",\"language\":\"en-gb\",\"currency\":\"INR\",\"customer_id\":\"1\",\"customer\":{\"customer_id\":\"1\",\"customer_group_id\":\"1\",\"firstname\":\"Pramod Patil\",\"lastname\":\"\",\"email\":\"pro.pramod.pune@gmail.com\",\"telephone\":\"9730519575\",\"custom_field\":[]}}', '2020-10-12 18:28:41'),
('26ed8fda485816e40b778106bf', '{\"api_id\":\"1\"}', '2020-10-12 18:16:11'),
('2784845399faf78ad58518ab7c', '{\"api_id\":\"1\",\"language\":\"en-gb\",\"currency\":\"INR\",\"payment_address\":{\"firstname\":\"Pramod Patil\",\"lastname\":\"\",\"company\":\"abc.com\",\"address_1\":\"pune\",\"address_2\":\"\",\"postcode\":\"411401\",\"city\":\"pune\",\"zone_id\":\"1493\",\"zone\":\"Maharashtra\",\"zone_code\":\"MA\",\"country_id\":\"99\",\"country\":\"India\",\"iso_code_2\":\"IN\",\"iso_code_3\":\"IND\",\"address_format\":\"\",\"custom_field\":[]},\"customer_id\":\"1\",\"customer\":{\"customer_id\":\"1\",\"customer_group_id\":\"1\",\"firstname\":\"Pramod Patil\",\"lastname\":\"\",\"email\":\"pro.pramod.pune@gmail.com\",\"telephone\":\"9730519575\",\"custom_field\":[]},\"shipping_address\":{\"firstname\":\"Pramod Patil\",\"lastname\":\"\",\"company\":\"abc.com\",\"address_1\":\"pune\",\"address_2\":\"\",\"postcode\":\"411401\",\"city\":\"pune\",\"zone_id\":\"1493\",\"zone\":\"Maharashtra\",\"zone_code\":\"MA\",\"country_id\":\"99\",\"country\":\"India\",\"iso_code_2\":\"IN\",\"iso_code_3\":\"IND\",\"address_format\":\"\",\"custom_field\":[]},\"shipping_methods\":{\"flat\":{\"title\":\"Flat Rate\",\"quote\":{\"flat\":{\"code\":\"flat.flat\",\"title\":\"Flat Shipping Rate\",\"cost\":\"5.00\",\"tax_class_id\":\"9\",\"text\":\"6.20Rs.\"}},\"sort_order\":\"1\",\"error\":false},\"free\":{\"title\":\"Free Shipping\",\"quote\":{\"free\":{\"code\":\"free.free\",\"title\":\"Free Shipping\",\"cost\":0,\"tax_class_id\":0,\"text\":\"0.00Rs.\"}},\"sort_order\":\"2\",\"error\":false},\"pickup\":{\"title\":\"Pickup\",\"quote\":{\"pickup\":{\"code\":\"pickup.pickup\",\"title\":\"Pickup From Store\",\"cost\":0,\"tax_class_id\":0,\"text\":\"0.00Rs.\"}},\"sort_order\":\"3\",\"error\":false}}}', '2020-10-07 20:03:25'),
('27ad4834db7689441db08b14c4', '{\"api_id\":\"1\",\"language\":\"en-gb\",\"currency\":\"INR\"}', '2020-10-13 21:00:38'),
('28bfd929e3cb1c27111784c28e', '{\"api_id\":\"1\",\"language\":\"en-gb\",\"currency\":\"INR\",\"customer_id\":\"1\",\"customer\":{\"customer_id\":\"1\",\"customer_group_id\":\"1\",\"firstname\":\"Pramod Patil\",\"lastname\":\"\",\"email\":\"pro.pramod.pune@gmail.com\",\"telephone\":\"9730519575\",\"custom_field\":[]}}', '2020-10-08 20:01:21'),
('28d1323f6dbb4281eac4d4b1af', '{\"api_id\":\"1\",\"language\":\"en-gb\",\"currency\":\"INR\"}', '2020-10-16 11:41:47'),
('29681c51fc31ab1f84b61cc987', '{\"api_id\":\"1\",\"language\":\"en-gb\",\"currency\":\"INR\"}', '2020-10-05 19:29:52'),
('29a69b6290300a1c8f5b7ce213', '{\"api_id\":\"1\",\"language\":\"en-gb\",\"currency\":\"INR\",\"customer_id\":\"1\",\"customer\":{\"customer_id\":\"1\",\"customer_group_id\":\"1\",\"firstname\":\"Pramod Patil\",\"lastname\":\"\",\"email\":\"pro.pramod.pune@gmail.com\",\"telephone\":\"9730519575\",\"custom_field\":[]}}', '2020-10-08 21:18:13'),
('2ab7ba05640a984369f5219255', '{\"api_id\":\"1\",\"language\":\"en-gb\",\"currency\":\"INR\",\"customer_id\":\"1\",\"customer\":{\"customer_id\":\"1\",\"customer_group_id\":\"1\",\"firstname\":\"Pramod Patil\",\"lastname\":\"\",\"email\":\"pro.pramod.pune@gmail.com\",\"telephone\":\"9730519575\",\"custom_field\":[]},\"payment_address\":{\"payment_address\":\"0\",\"firstname\":\"Pramod Patil\",\"lastname\":\"\",\"company\":\"abc.com\",\"address_1\":\"pune\",\"address_2\":\"\",\"postcode\":\"411401\",\"city\":\"pune\",\"zone_id\":\"1493\",\"zone\":\"Maharashtra\",\"zone_code\":\"MA\",\"country_id\":\"99\",\"country\":\"India\",\"iso_code_2\":\"IN\",\"iso_code_3\":\"IND\",\"address_format\":\"\"},\"payment_methods\":{\"bank_transfer\":{\"code\":\"bank_transfer\",\"title\":\"Bank Transfer\",\"terms\":\"\",\"sort_order\":\"1\"},\"cheque\":{\"code\":\"cheque\",\"title\":\"Cheque \\/ Money Order\",\"terms\":\"\",\"sort_order\":\"3\"},\"cod\":{\"code\":\"cod\",\"title\":\"Cash On Delivery\",\"terms\":\"\",\"sort_order\":\"5\"}}}', '2020-10-11 19:12:19'),
('2adc904eb13dc76ec3768dca71', '{\"api_id\":\"1\",\"language\":\"en-gb\",\"currency\":\"USD\"}', '2020-10-14 20:14:30'),
('2af05b167001c8a47645dab375', '{\"api_id\":\"1\",\"language\":\"en-gb\",\"currency\":\"INR\",\"customer_id\":\"1\",\"customer\":{\"customer_id\":\"1\",\"customer_group_id\":\"1\",\"firstname\":\"Pramod Patil\",\"lastname\":\"\",\"email\":\"pro.pramod.pune@gmail.com\",\"telephone\":\"9730519575\",\"custom_field\":[]}}', '2020-10-09 20:35:10'),
('2b1438ee3a5defb1b56300adb8', '{\"api_id\":\"1\",\"language\":\"en-gb\",\"currency\":\"USD\"}', '2020-10-15 10:23:02'),
('2bc22d3783f23ab70dc87ecaaa', '{\"api_id\":\"1\",\"language\":\"en-gb\",\"currency\":\"INR\"}', '2020-10-15 10:27:54'),
('2c3be6d4d70c657546768c471b', '{\"api_id\":\"1\"}', '2020-10-08 20:57:26'),
('2c6e76c217d2d6bc51ca77a58c', '{\"api_id\":\"1\",\"language\":\"en-gb\",\"currency\":\"INR\",\"customer_id\":\"1\",\"customer\":{\"customer_id\":\"1\",\"customer_group_id\":\"1\",\"firstname\":\"Pramod Patil\",\"lastname\":\"\",\"email\":\"pro.pramod.pune@gmail.com\",\"telephone\":\"9730519575\",\"custom_field\":[]},\"shipping_address\":{\"shipping_address\":\"1\",\"firstname\":\"Pramod Patil\",\"lastname\":\"\",\"company\":\"abc.com\",\"address_1\":\"pune\",\"address_2\":\"\",\"postcode\":\"411401\",\"city\":\"pune\",\"zone_id\":\"1493\",\"zone\":\"Maharashtra\",\"zone_code\":\"MA\",\"country_id\":\"99\",\"country\":\"India\",\"iso_code_2\":\"IN\",\"iso_code_3\":\"IND\",\"address_format\":\"\",\"custom_field\":[]},\"payment_address\":{\"payment_address\":\"1\",\"firstname\":\"Pramod Patil\",\"lastname\":\"\",\"company\":\"abc.com\",\"address_1\":\"pune\",\"address_2\":\"\",\"postcode\":\"411401\",\"city\":\"pune\",\"zone_id\":\"1493\",\"zone\":\"Maharashtra\",\"zone_code\":\"MA\",\"country_id\":\"99\",\"country\":\"India\",\"iso_code_2\":\"IN\",\"iso_code_3\":\"IND\",\"address_format\":\"\"},\"payment_methods\":{\"bank_transfer\":{\"code\":\"bank_transfer\",\"title\":\"Bank Transfer\",\"terms\":\"\",\"sort_order\":\"1\"},\"cheque\":{\"code\":\"cheque\",\"title\":\"Cheque \\/ Money Order\",\"terms\":\"\",\"sort_order\":\"3\"},\"cod\":{\"code\":\"cod\",\"title\":\"Cash On Delivery\",\"terms\":\"\",\"sort_order\":\"5\"}}}', '2020-10-08 22:34:45'),
('2dd7e7950af07596a3aea6a462', '{\"api_id\":\"1\"}', '2020-10-13 21:00:38'),
('2df4dd6114b0bbe8fbbe65dc9c', '{\"api_id\":\"1\",\"language\":\"en-gb\",\"currency\":\"USD\"}', '2020-10-15 09:37:29'),
('2eed51527444064e02f4f071f6', '{\"api_id\":\"1\",\"language\":\"en-gb\",\"currency\":\"INR\",\"customer_id\":\"1\",\"customer\":{\"customer_id\":\"1\",\"customer_group_id\":\"1\",\"firstname\":\"Pramod Patil\",\"lastname\":\"\",\"email\":\"pro.pramod.pune@gmail.com\",\"telephone\":\"9730519575\",\"custom_field\":[]}}', '2020-10-06 07:24:09'),
('2f0c9259f3b3537f2d3ba1413b', '{\"api_id\":\"1\",\"language\":\"en-gb\",\"currency\":\"INR\",\"customer_id\":\"1\",\"customer\":{\"customer_id\":\"1\",\"customer_group_id\":\"1\",\"firstname\":\"Pramod Patil\",\"lastname\":\"\",\"email\":\"pro.pramod.pune@gmail.com\",\"telephone\":\"9730519575\",\"custom_field\":[]},\"payment_address\":{\"firstname\":\"Pramod Patil\",\"lastname\":\"\",\"company\":\"abc.com\",\"address_1\":\"pune\",\"address_2\":\"\",\"postcode\":\"411401\",\"city\":\"pune\",\"zone_id\":\"1493\",\"zone\":\"Maharashtra\",\"zone_code\":\"MA\",\"country_id\":\"99\",\"country\":\"India\",\"iso_code_2\":\"IN\",\"iso_code_3\":\"IND\",\"address_format\":\"\",\"custom_field\":[]},\"payment_methods\":{\"bank_transfer\":{\"code\":\"bank_transfer\",\"title\":\"Bank Transfer\",\"terms\":\"\",\"sort_order\":\"1\"},\"free_checkout\":{\"code\":\"free_checkout\",\"title\":\"Free Checkout\",\"terms\":\"\",\"sort_order\":\"4\"}}}', '2020-10-08 20:00:20'),
('2f9f5c5930078bf0a54a68da1d', '{\"api_id\":\"1\"}', '2020-10-07 18:18:30'),
('30587c92793741966df3e8e3c9', '{\"api_id\":\"1\"}', '2020-10-07 17:43:56'),
('31fac11f24e8622b84b7f74756', '{\"api_id\":\"1\"}', '2020-10-12 19:46:26'),
('32223ee0d293cb8426ffb65c4c', '{\"api_id\":\"1\",\"language\":\"en-gb\",\"currency\":\"INR\"}', '2020-10-16 11:39:57'),
('32a4026ebcf96fca5c5992b53a', '{\"api_id\":\"1\"}', '2020-10-13 20:24:09'),
('3336025a1be5c872e18082d146', '{\"api_id\":\"1\",\"language\":\"en-gb\",\"currency\":\"INR\",\"customer_id\":\"1\",\"customer\":{\"customer_id\":\"1\",\"customer_group_id\":\"1\",\"firstname\":\"Pramod Patil\",\"lastname\":\"\",\"email\":\"pro.pramod.pune@gmail.com\",\"telephone\":\"9730519575\",\"custom_field\":[]}}', '2020-10-08 21:21:01'),
('33a0ac0a5ede040269931da673', '{\"api_id\":\"1\",\"language\":\"en-gb\",\"currency\":\"INR\",\"customer_id\":\"1\",\"customer\":{\"customer_id\":\"1\",\"customer_group_id\":\"1\",\"firstname\":\"Pramod Patil\",\"lastname\":\"\",\"email\":\"pro.pramod.pune@gmail.com\",\"telephone\":\"9730519575\",\"custom_field\":[]}}', '2020-10-11 19:34:20'),
('340dced8ae22f08170bcbcc3f5', '{\"api_id\":\"1\"}', '2020-10-13 08:16:02'),
('3473a1a06310008474ba66c15f', '{\"api_id\":\"1\",\"language\":\"en-gb\",\"currency\":\"INR\",\"customer_id\":\"1\",\"customer\":{\"customer_id\":\"1\",\"customer_group_id\":\"1\",\"firstname\":\"Pramod Patil\",\"lastname\":\"\",\"email\":\"pro.pramod.pune@gmail.com\",\"telephone\":\"9730519575\",\"custom_field\":[]},\"shipping_address\":{\"shipping_address\":\"\",\"firstname\":\"Pramod Patil\",\"lastname\":\"\",\"company\":\"abc.com\",\"address_1\":\"Lolhapur\",\"address_2\":\"\",\"postcode\":\"411412\",\"city\":\"Kolhapur\",\"zone_id\":\"1493\",\"zone\":\"Maharashtra\",\"zone_code\":\"MA\",\"country_id\":\"99\",\"country\":\"India\",\"iso_code_2\":\"IN\",\"iso_code_3\":\"IND\",\"address_format\":\"\",\"custom_field\":[]},\"shipping_methods\":{\"flat\":{\"title\":\"Flat Rate\",\"quote\":{\"flat\":{\"code\":\"flat.flat\",\"title\":\"Flat Shipping Rate\",\"cost\":\"5.00\",\"tax_class_id\":\"9\",\"text\":\"6.20Rs.\"}},\"sort_order\":\"1\",\"error\":false},\"free\":{\"title\":\"Free Shipping\",\"quote\":{\"free\":{\"code\":\"free.free\",\"title\":\"Free Shipping\",\"cost\":0,\"tax_class_id\":0,\"text\":\"0.00Rs.\"}},\"sort_order\":\"2\",\"error\":false},\"pickup\":{\"title\":\"Pickup\",\"quote\":{\"pickup\":{\"code\":\"pickup.pickup\",\"title\":\"Pickup From Store\",\"cost\":0,\"tax_class_id\":0,\"text\":\"0.00Rs.\"}},\"sort_order\":\"3\",\"error\":false}}}', '2020-10-12 19:00:00'),
('34a705af22ed9ccbf27dadfb67', '{\"api_id\":\"1\",\"language\":\"en-gb\",\"currency\":\"INR\"}', '2020-10-13 08:36:08'),
('34aa124a2e6a7b3c1fc38ecf68', '{\"api_id\":\"1\",\"language\":\"en-gb\",\"currency\":\"INR\"}', '2020-10-12 18:59:36'),
('34e5347c772fad30cb16890397', '{\"api_id\":\"1\"}', '2020-10-12 19:34:14'),
('35607ba9a88990f25e005dab03', '{\"api_id\":\"1\",\"language\":\"en-gb\",\"currency\":\"INR\",\"customer_id\":\"1\",\"customer\":{\"customer_id\":\"1\",\"customer_group_id\":\"1\",\"firstname\":\"Pramod Patil\",\"lastname\":\"\",\"email\":\"pro.pramod.pune@gmail.com\",\"telephone\":\"9730519575\",\"custom_field\":[]},\"shipping_address\":{\"shipping_address\":\"1\",\"firstname\":\"Pramod Patil\",\"lastname\":\"\",\"company\":\"abc.com\",\"address_1\":\"pune\",\"address_2\":\"\",\"postcode\":\"411401\",\"city\":\"pune\",\"zone_id\":\"1493\",\"zone\":\"Maharashtra\",\"zone_code\":\"MA\",\"country_id\":\"99\",\"country\":\"India\",\"iso_code_2\":\"IN\",\"iso_code_3\":\"IND\",\"address_format\":\"\",\"custom_field\":[]},\"shipping_methods\":{\"flat\":{\"title\":\"Flat Rate\",\"quote\":{\"flat\":{\"code\":\"flat.flat\",\"title\":\"Flat Shipping Rate\",\"cost\":\"5.00\",\"tax_class_id\":\"9\",\"text\":\"6.20Rs.\"}},\"sort_order\":\"1\",\"error\":false},\"free\":{\"title\":\"Free Shipping\",\"quote\":{\"free\":{\"code\":\"free.free\",\"title\":\"Free Shipping\",\"cost\":0,\"tax_class_id\":0,\"text\":\"0.00Rs.\"}},\"sort_order\":\"2\",\"error\":false},\"pickup\":{\"title\":\"Pickup\",\"quote\":{\"pickup\":{\"code\":\"pickup.pickup\",\"title\":\"Pickup From Store\",\"cost\":0,\"tax_class_id\":0,\"text\":\"0.00Rs.\"}},\"sort_order\":\"3\",\"error\":false}},\"shipping_method\":{\"code\":\"flat.flat\",\"title\":\"Flat Shipping Rate\",\"cost\":\"5.00\",\"tax_class_id\":\"9\",\"text\":\"6.20Rs.\"}}', '2020-10-08 21:43:15'),
('35d74bdc6f150fc607a1f55d0c', '{\"api_id\":\"1\",\"language\":\"en-gb\",\"currency\":\"INR\"}', '2020-10-14 16:22:26'),
('35ecaa997495267c788afd7569', '{\"api_id\":\"1\",\"language\":\"en-gb\",\"currency\":\"INR\",\"payment_address\":{\"firstname\":\"Pramod Patil\",\"lastname\":\"\",\"company\":\"abc.com\",\"address_1\":\"pune\",\"address_2\":\"\",\"postcode\":\"411401\",\"city\":\"pune\",\"zone_id\":\"1493\",\"zone\":\"Maharashtra\",\"zone_code\":\"MA\",\"country_id\":\"99\",\"country\":\"India\",\"iso_code_2\":\"IN\",\"iso_code_3\":\"IND\",\"address_format\":\"\",\"custom_field\":[]},\"customer_id\":\"1\",\"customer\":{\"customer_id\":\"1\",\"customer_group_id\":\"1\",\"firstname\":\"Pramod Patil\",\"lastname\":\"\",\"email\":\"pro.pramod.pune@gmail.com\",\"telephone\":\"9730519575\",\"custom_field\":[]},\"shipping_address\":{\"firstname\":\"Pramod Patil\",\"lastname\":\"\",\"company\":\"abc.com\",\"address_1\":\"pune\",\"address_2\":\"\",\"postcode\":\"411401\",\"city\":\"pune\",\"zone_id\":\"1493\",\"zone\":\"Maharashtra\",\"zone_code\":\"MA\",\"country_id\":\"99\",\"country\":\"India\",\"iso_code_2\":\"IN\",\"iso_code_3\":\"IND\",\"address_format\":\"\",\"custom_field\":[]},\"shipping_methods\":{\"flat\":{\"title\":\"Flat Rate\",\"quote\":{\"flat\":{\"code\":\"flat.flat\",\"title\":\"Flat Shipping Rate\",\"cost\":\"5.00\",\"tax_class_id\":\"9\",\"text\":\"6.20Rs.\"}},\"sort_order\":\"1\",\"error\":false},\"free\":{\"title\":\"Free Shipping\",\"quote\":{\"free\":{\"code\":\"free.free\",\"title\":\"Free Shipping\",\"cost\":0,\"tax_class_id\":0,\"text\":\"0.00Rs.\"}},\"sort_order\":\"2\",\"error\":false},\"pickup\":{\"title\":\"Pickup\",\"quote\":{\"pickup\":{\"code\":\"pickup.pickup\",\"title\":\"Pickup From Store\",\"cost\":0,\"tax_class_id\":0,\"text\":\"0.00Rs.\"}},\"sort_order\":\"3\",\"error\":false}}}', '2020-10-07 19:49:50'),
('363f88de01b4eb34ad89ac0be8', '{\"api_id\":\"1\",\"language\":\"en-gb\",\"currency\":\"INR\"}', '2020-10-13 19:31:30'),
('382f82818c84cef63c174b9d87', '{\"api_id\":\"1\"}', '2020-10-13 19:40:21'),
('39d0b63d011bb162f19444ac89', '{\"api_id\":\"1\"}', '2020-10-15 10:42:49'),
('3ae7a04ebd25a08ab39115a79d', '{\"api_id\":\"1\",\"language\":\"en-gb\",\"currency\":\"INR\",\"payment_address\":{\"firstname\":\"Pramod Patil\",\"lastname\":\"\",\"company\":\"abc.com\",\"address_1\":\"pune\",\"address_2\":\"\",\"postcode\":\"411401\",\"city\":\"pune\",\"zone_id\":\"1493\",\"zone\":\"Maharashtra\",\"zone_code\":\"MA\",\"country_id\":\"99\",\"country\":\"India\",\"iso_code_2\":\"IN\",\"iso_code_3\":\"IND\",\"address_format\":\"\",\"custom_field\":[]},\"customer_id\":\"1\",\"customer\":{\"customer_id\":\"1\",\"customer_group_id\":\"1\",\"firstname\":\"Pramod Patil\",\"lastname\":\"\",\"email\":\"pro.pramod.pune@gmail.com\",\"telephone\":\"9730519575\",\"custom_field\":[]},\"shipping_address\":{\"firstname\":\"Pramod Patil\",\"lastname\":\"\",\"company\":\"abc.com\",\"address_1\":\"pune\",\"address_2\":\"\",\"postcode\":\"411401\",\"city\":\"pune\",\"zone_id\":\"1493\",\"zone\":\"Maharashtra\",\"zone_code\":\"MA\",\"country_id\":\"99\",\"country\":\"India\",\"iso_code_2\":\"IN\",\"iso_code_3\":\"IND\",\"address_format\":\"\",\"custom_field\":[]},\"shipping_methods\":{\"flat\":{\"title\":\"Flat Rate\",\"quote\":{\"flat\":{\"code\":\"flat.flat\",\"title\":\"Flat Shipping Rate\",\"cost\":\"5.00\",\"tax_class_id\":\"9\",\"text\":\"6.20Rs.\"}},\"sort_order\":\"1\",\"error\":false},\"free\":{\"title\":\"Free Shipping\",\"quote\":{\"free\":{\"code\":\"free.free\",\"title\":\"Free Shipping\",\"cost\":0,\"tax_class_id\":0,\"text\":\"0.00Rs.\"}},\"sort_order\":\"2\",\"error\":false},\"pickup\":{\"title\":\"Pickup\",\"quote\":{\"pickup\":{\"code\":\"pickup.pickup\",\"title\":\"Pickup From Store\",\"cost\":0,\"tax_class_id\":0,\"text\":\"0.00Rs.\"}},\"sort_order\":\"3\",\"error\":false}},\"shipping_method\":{\"code\":\"flat.flat\",\"title\":\"Flat Shipping Rate\",\"cost\":\"5.00\",\"tax_class_id\":\"9\",\"text\":\"6.20Rs.\"}}', '2020-10-07 20:10:40'),
('3c419f1dcfe79aa5787fd614bc', '{\"api_id\":\"1\"}', '2020-10-09 06:37:07'),
('3cf4f8ddf15542c0ebc72febcf', '{\"api_id\":\"1\"}', '2020-10-12 21:12:43'),
('3d9d61973d721fa5ed7a123f2c', '{\"api_id\":\"1\",\"language\":\"en-gb\",\"currency\":\"INR\",\"customer_id\":\"1\",\"customer\":{\"customer_id\":\"1\",\"customer_group_id\":\"1\",\"firstname\":\"Pramod Patil\",\"lastname\":\"\",\"email\":\"pro.pramod.pune@gmail.com\",\"telephone\":\"9730519575\",\"custom_field\":[]}}', '2020-10-12 18:21:54'),
('3e9729ba7083a2ff5e02ea07d4', '{\"api_id\":\"1\"}', '2020-10-05 20:09:28'),
('3eb976d69dd38429188b8f0674', '{\"api_id\":\"1\",\"language\":\"en-gb\",\"currency\":\"INR\",\"customer_id\":\"1\",\"customer\":{\"customer_id\":\"1\",\"customer_group_id\":\"1\",\"firstname\":\"Pramod Patil\",\"lastname\":\"\",\"email\":\"pro.pramod.pune@gmail.com\",\"telephone\":\"9730519575\",\"custom_field\":[]}}', '2020-10-06 18:58:26'),
('3f96263b799167403c5e03d746', '{\"api_id\":\"1\",\"language\":\"en-gb\",\"currency\":\"INR\",\"customer_id\":\"1\",\"customer\":{\"customer_id\":\"1\",\"customer_group_id\":\"1\",\"firstname\":\"Pramod Patil\",\"lastname\":\"\",\"email\":\"pro.pramod.pune@gmail.com\",\"telephone\":\"9730519575\",\"custom_field\":[]}}', '2020-10-08 21:20:16'),
('3fca587263219d412be09bce3c', '{\"api_id\":\"1\"}', '2020-10-09 06:44:14'),
('40a6634f82c5e15ea970d376cf', '{\"api_id\":\"1\",\"language\":\"en-gb\",\"currency\":\"INR\",\"payment_address\":{\"firstname\":\"Pramod Patil\",\"lastname\":\"\",\"company\":\"abc.com\",\"address_1\":\"pune\",\"address_2\":\"\",\"postcode\":\"411401\",\"city\":\"pune\",\"zone_id\":\"1493\",\"zone\":\"Maharashtra\",\"zone_code\":\"MA\",\"country_id\":\"99\",\"country\":\"India\",\"iso_code_2\":\"IN\",\"iso_code_3\":\"IND\",\"address_format\":\"\",\"custom_field\":[]},\"customer_id\":\"1\",\"customer\":{\"customer_id\":\"1\",\"customer_group_id\":\"1\",\"firstname\":\"Pramod Patil\",\"lastname\":\"\",\"email\":\"pro.pramod.pune@gmail.com\",\"telephone\":\"9730519575\",\"custom_field\":[]}}', '2020-10-07 19:46:41'),
('40edf49cb65be32187f28bd1d1', '{\"api_id\":\"1\"}', '2020-10-13 16:10:19'),
('40fd67ca713881e28980d9dafe', '{\"api_id\":\"1\",\"language\":\"en-gb\",\"currency\":\"INR\"}', '2020-10-12 20:28:10'),
('41d4c2a430db6e6b5c1030df9d', '{\"api_id\":\"1\",\"language\":\"en-gb\",\"currency\":\"INR\",\"customer_id\":\"1\",\"customer\":{\"customer_id\":\"1\",\"customer_group_id\":\"1\",\"firstname\":\"Pramod Patil\",\"lastname\":\"\",\"email\":\"pro.pramod.pune@gmail.com\",\"telephone\":\"9730519575\",\"custom_field\":[]},\"shipping_address\":{\"shipping_address\":\"\",\"firstname\":\"Pramod Patil\",\"lastname\":\"\",\"company\":\"abc.com\",\"address_1\":\"Lolhapur\",\"address_2\":\"\",\"postcode\":\"411412\",\"city\":\"Kolhapur\",\"zone_id\":\"1493\",\"zone\":\"Maharashtra\",\"zone_code\":\"MA\",\"country_id\":\"99\",\"country\":\"India\",\"iso_code_2\":\"IN\",\"iso_code_3\":\"IND\",\"address_format\":\"\",\"custom_field\":[]},\"shipping_methods\":{\"flat\":{\"title\":\"Flat Rate\",\"quote\":{\"flat\":{\"code\":\"flat.flat\",\"title\":\"Flat Shipping Rate\",\"cost\":\"5.00\",\"tax_class_id\":\"9\",\"text\":\"6.20Rs.\"}},\"sort_order\":\"1\",\"error\":false},\"free\":{\"title\":\"Free Shipping\",\"quote\":{\"free\":{\"code\":\"free.free\",\"title\":\"Free Shipping\",\"cost\":0,\"tax_class_id\":0,\"text\":\"0.00Rs.\"}},\"sort_order\":\"2\",\"error\":false},\"pickup\":{\"title\":\"Pickup\",\"quote\":{\"pickup\":{\"code\":\"pickup.pickup\",\"title\":\"Pickup From Store\",\"cost\":0,\"tax_class_id\":0,\"text\":\"0.00Rs.\"}},\"sort_order\":\"3\",\"error\":false}}}', '2020-10-12 18:38:58'),
('42b736b26fae5fb3f07011fb43', '{\"api_id\":\"1\"}', '2020-10-11 05:23:30'),
('43ad1842321ea5f722ed21483f', '{\"api_id\":\"1\"}', '2020-10-11 05:32:49'),
('43ffb667be84dd14e9ea235e15', '{\"api_id\":\"1\",\"language\":\"en-gb\",\"currency\":\"USD\"}', '2020-10-14 19:56:30'),
('45bd1ce1c4b080c3cc37c45e0b', '{\"api_id\":\"1\",\"language\":\"en-gb\",\"currency\":\"INR\",\"customer_id\":\"1\",\"customer\":{\"customer_id\":\"1\",\"customer_group_id\":\"1\",\"firstname\":\"Pramod Patil\",\"lastname\":\"\",\"email\":\"pro.pramod.pune@gmail.com\",\"telephone\":\"9730519575\",\"custom_field\":[]}}', '2020-10-12 18:33:28'),
('4635a76570ebf80785c804f2b1', '{\"api_id\":\"1\",\"language\":\"en-gb\",\"currency\":\"INR\",\"customer_id\":\"1\",\"customer\":{\"customer_id\":\"1\",\"customer_group_id\":\"1\",\"firstname\":\"Pramod Patil\",\"lastname\":\"\",\"email\":\"pro.pramod.pune@gmail.com\",\"telephone\":\"9730519575\",\"custom_field\":[]}}', '2020-10-06 07:30:59'),
('468b1aff741f97e0af6e37d476', '{\"api_id\":\"1\"}', '2020-10-13 16:14:06'),
('473e1dabaddf3a7888564e33de', '{\"api_id\":\"1\",\"language\":\"en-gb\",\"currency\":\"INR\",\"customer_id\":\"1\",\"customer\":{\"customer_id\":\"1\",\"customer_group_id\":\"1\",\"firstname\":\"Pramod Patil\",\"lastname\":\"\",\"email\":\"pro.pramod.pune@gmail.com\",\"telephone\":\"9730519575\",\"custom_field\":[]},\"shipping_address\":{\"firstname\":\"Pramod Patil\",\"lastname\":\"patil\",\"company\":\"abc.com\",\"address_1\":\"pune\",\"address_2\":\"\",\"postcode\":\"411401\",\"city\":\"pune\",\"zone_id\":\"1493\",\"zone\":\"Maharashtra\",\"zone_code\":\"MA\",\"country_id\":\"99\",\"country\":\"India\",\"iso_code_2\":\"IN\",\"iso_code_3\":\"IND\",\"address_format\":\"\",\"custom_field\":[]},\"shipping_methods\":{\"flat\":{\"title\":\"Flat Rate\",\"quote\":{\"flat\":{\"code\":\"flat.flat\",\"title\":\"Flat Shipping Rate\",\"cost\":\"5.00\",\"tax_class_id\":\"9\",\"text\":\"6.20Rs.\"}},\"sort_order\":\"1\",\"error\":false},\"free\":{\"title\":\"Free Shipping\",\"quote\":{\"free\":{\"code\":\"free.free\",\"title\":\"Free Shipping\",\"cost\":0,\"tax_class_id\":0,\"text\":\"0.00Rs.\"}},\"sort_order\":\"2\",\"error\":false},\"pickup\":{\"title\":\"Pickup\",\"quote\":{\"pickup\":{\"code\":\"pickup.pickup\",\"title\":\"Pickup From Store\",\"cost\":0,\"tax_class_id\":0,\"text\":\"0.00Rs.\"}},\"sort_order\":\"3\",\"error\":false}},\"shipping_method\":{\"code\":\"flat.flat\",\"title\":\"Flat Shipping Rate\",\"cost\":\"5.00\",\"tax_class_id\":\"9\",\"text\":\"6.20Rs.\"}}', '2020-10-05 20:35:15'),
('47b34f79595149462d70b1a39e', '{\"api_id\":\"1\",\"language\":\"en-gb\",\"currency\":\"INR\"}', '2020-10-13 20:02:39'),
('48f6958d61f91939c602317e01', '{\"api_id\":\"1\",\"language\":\"en-gb\",\"currency\":\"INR\"}', '2020-10-16 16:04:22'),
('4a0296f74a2e2afb97af97a259', '{\"api_id\":\"1\"}', '2020-10-09 20:10:06'),
('4a11b3cc238a51af9f875c8cef', '{\"api_id\":\"1\",\"language\":\"en-gb\",\"currency\":\"INR\"}', '2020-10-13 20:01:24'),
('4a311cb47f7cf8150f99d4a79c', '{\"api_id\":\"1\"}', '2020-10-06 08:11:34'),
('4a59f77e0ff77a4eaacb4327ac', '{\"api_id\":\"1\"}', '2020-10-06 08:12:02'),
('4a6aa6fbcec1655071c7b411ac', '{\"api_id\":\"1\",\"language\":\"en-gb\",\"currency\":\"INR\"}', '2020-10-08 19:58:55'),
('4acd8c7d1b1a20336b758baf3d', '{\"api_id\":\"1\"}', '2020-10-15 07:12:54'),
('4b174cab9d652180fb028566ad', '{\"api_id\":\"1\"}', '2020-10-11 05:12:10'),
('4c0ab9d0865746a14849834374', '{\"api_id\":\"1\",\"language\":\"en-gb\",\"currency\":\"INR\"}', '2020-10-13 08:12:19'),
('4c1f003fb81295d144567e8017', '{\"api_id\":\"1\"}', '2020-10-07 17:43:21'),
('4ca81c51e966f586f1fdf7b09c', '{\"api_id\":\"1\"}', '2020-10-06 08:11:25'),
('4de14fa722b10d643413520b79', '{\"api_id\":\"1\",\"language\":\"en-gb\",\"currency\":\"INR\"}', '2020-10-15 09:58:11'),
('4de7de7d8e4b5125bd78f0971b', '{\"api_id\":\"1\",\"language\":\"en-gb\",\"currency\":\"INR\"}', '2020-10-05 19:20:29');
INSERT INTO `ss_session` (`session_id`, `data`, `expire`) VALUES
('4f2bf8e823a1217ff0849c8433', '{\"api_id\":\"1\",\"language\":\"en-gb\",\"currency\":\"INR\",\"customer_id\":\"1\",\"customer\":{\"customer_id\":\"1\",\"customer_group_id\":\"1\",\"firstname\":\"Pramod Patil\",\"lastname\":\"\",\"email\":\"pro.pramod.pune@gmail.com\",\"telephone\":\"9730519575\",\"custom_field\":[]}}', '2020-10-08 21:46:59'),
('4f63ab3e8712e23d7dc1183740', '{\"api_id\":\"1\"}', '2020-10-08 22:34:58'),
('4fdbf77a890aa06433e38147b7', '{\"api_id\":\"1\",\"language\":\"en-gb\",\"currency\":\"INR\",\"customer_id\":\"1\",\"customer\":{\"customer_id\":\"1\",\"customer_group_id\":\"1\",\"firstname\":\"Pramod Patil\",\"lastname\":\"\",\"email\":\"pro.pramod.pune@gmail.com\",\"telephone\":\"9730519575\",\"custom_field\":[]}}', '2020-10-11 19:15:25'),
('50d12a2554d044fab92d7c9a5a', '{\"api_id\":\"1\"}', '2020-10-15 10:27:49'),
('51b684db43fd35a8e93a149b1e', '{\"api_id\":\"1\",\"language\":\"en-gb\",\"currency\":\"INR\",\"customer_id\":\"1\",\"customer\":{\"customer_id\":\"1\",\"customer_group_id\":\"1\",\"firstname\":\"Pramod Patil\",\"lastname\":\"\",\"email\":\"pro.pramod.pune@gmail.com\",\"telephone\":\"9730519575\",\"custom_field\":[]},\"shipping_address\":{\"firstname\":\"Pramod Patil\",\"lastname\":\"\",\"company\":\"abc.com\",\"address_1\":\"pune\",\"address_2\":\"\",\"postcode\":\"411401\",\"city\":\"pune\",\"zone_id\":\"1493\",\"zone\":\"Maharashtra\",\"zone_code\":\"MA\",\"country_id\":\"99\",\"country\":\"India\",\"iso_code_2\":\"IN\",\"iso_code_3\":\"IND\",\"address_format\":\"\",\"custom_field\":[]},\"shipping_methods\":{\"flat\":{\"title\":\"Flat Rate\",\"quote\":{\"flat\":{\"code\":\"flat.flat\",\"title\":\"Flat Shipping Rate\",\"cost\":\"5.00\",\"tax_class_id\":\"9\",\"text\":\"6.20Rs.\"}},\"sort_order\":\"1\",\"error\":false},\"free\":{\"title\":\"Free Shipping\",\"quote\":{\"free\":{\"code\":\"free.free\",\"title\":\"Free Shipping\",\"cost\":0,\"tax_class_id\":0,\"text\":\"0.00Rs.\"}},\"sort_order\":\"2\",\"error\":false},\"pickup\":{\"title\":\"Pickup\",\"quote\":{\"pickup\":{\"code\":\"pickup.pickup\",\"title\":\"Pickup From Store\",\"cost\":0,\"tax_class_id\":0,\"text\":\"0.00Rs.\"}},\"sort_order\":\"3\",\"error\":false}},\"shipping_method\":{\"code\":\"flat.flat\",\"title\":\"Flat Shipping Rate\",\"cost\":\"5.00\",\"tax_class_id\":\"9\",\"text\":\"6.20Rs.\"}}', '2020-10-08 19:24:10'),
('51e8c3ce2f9318b4c4b492300a', '{\"api_id\":\"1\",\"language\":\"en-gb\",\"currency\":\"INR\"}', '2020-10-06 18:42:06'),
('522d2afacafd6831b69cac3f65', '{\"api_id\":\"1\",\"language\":\"en-gb\",\"currency\":\"INR\"}', '2020-10-13 20:24:12'),
('523bdb8dfef8f9e9634dd609a8', '{\"api_id\":\"1\",\"language\":\"en-gb\",\"currency\":\"INR\",\"customer_id\":\"1\",\"customer\":{\"customer_id\":\"1\",\"customer_group_id\":\"1\",\"firstname\":\"Pramod Patil\",\"lastname\":\"\",\"email\":\"pro.pramod.pune@gmail.com\",\"telephone\":\"9730519575\",\"custom_field\":[]}}', '2020-10-05 20:04:12'),
('52f2483c5641679114e9376569', '{\"api_id\":\"1\",\"language\":\"en-gb\",\"currency\":\"INR\"}', '2020-10-14 18:31:11'),
('5334b843ff14882e9c986041dc', '{\"api_id\":\"1\",\"language\":\"en-gb\",\"currency\":\"INR\"}', '2020-10-17 05:10:38'),
('53e13298e60b4845ee36090f8f', '{\"api_id\":\"1\"}', '2020-10-15 10:47:35'),
('54539da06f7fa195f32480ffaf', '{\"api_id\":\"1\",\"language\":\"en-gb\",\"currency\":\"INR\",\"customer_id\":\"1\",\"customer\":{\"customer_id\":\"1\",\"customer_group_id\":\"1\",\"firstname\":\"Pramod Patil\",\"lastname\":\"\",\"email\":\"pro.pramod.pune@gmail.com\",\"telephone\":\"9730519575\",\"custom_field\":[]}}', '2020-10-12 18:31:09'),
('55b273f87641629dd3ef1589b0', '{\"api_id\":\"1\",\"language\":\"en-gb\",\"currency\":\"INR\",\"customer_id\":\"1\",\"customer\":{\"customer_id\":\"1\",\"customer_group_id\":\"1\",\"firstname\":\"Pramod Patil\",\"lastname\":\"\",\"email\":\"pro.pramod.pune@gmail.com\",\"telephone\":\"9730519575\",\"custom_field\":[]}}', '2020-10-11 19:37:14'),
('56985d7bb9048d6ac999ca7e4f', '{\"api_id\":\"1\",\"language\":\"en-gb\",\"currency\":\"INR\"}', '2020-10-08 06:08:24'),
('57a44ff721695044d486b1479a', '{\"api_id\":\"1\"}', '2020-10-13 16:06:54'),
('57cbd4f0727ffcb15ed5df4157', '{\"api_id\":\"1\"}', '2020-10-14 20:22:59'),
('5915906023e33d2f33a90a985b', '{\"api_id\":\"1\"}', '2020-10-11 05:31:55'),
('5951376b2bfaac9d7b39c1e768', '{\"api_id\":\"1\",\"language\":\"en-gb\",\"currency\":\"INR\"}', '2020-10-12 19:18:42'),
('5964031d98ac2794301b6d1b80', '{\"api_id\":\"1\",\"language\":\"en-gb\",\"currency\":\"INR\"}', '2020-10-16 18:57:30'),
('5ab7342612da46c3bffbf656eb', '{\"api_id\":\"1\",\"language\":\"en-gb\",\"currency\":\"INR\",\"customer_id\":\"1\",\"customer\":{\"customer_id\":\"1\",\"customer_group_id\":\"1\",\"firstname\":\"Pramod Patil\",\"lastname\":\"\",\"email\":\"pro.pramod.pune@gmail.com\",\"telephone\":\"9730519575\",\"custom_field\":[]}}', '2020-10-06 18:42:34'),
('5b052e3d0264d4af61c20ed148', '{\"api_id\":\"1\",\"language\":\"en-gb\",\"currency\":\"INR\",\"customer_id\":\"1\",\"customer\":{\"customer_id\":\"1\",\"customer_group_id\":\"1\",\"firstname\":\"Pramod Patil\",\"lastname\":\"\",\"email\":\"pro.pramod.pune@gmail.com\",\"telephone\":\"9730519575\",\"custom_field\":[]}}', '2020-10-09 20:09:55'),
('5b34436e447c3dcdcf523d9c45', '{\"api_id\":\"1\",\"language\":\"en-gb\",\"currency\":\"INR\",\"customer_id\":\"1\",\"customer\":{\"customer_id\":\"1\",\"customer_group_id\":\"1\",\"firstname\":\"Pramod Patil\",\"lastname\":\"\",\"email\":\"pro.pramod.pune@gmail.com\",\"telephone\":\"9730519575\",\"custom_field\":[]}}', '2020-10-06 18:59:45'),
('5b91875ec03e4a5a07d19a3883', '{\"api_id\":\"1\",\"language\":\"en-gb\",\"currency\":\"INR\",\"customer_id\":\"1\",\"customer\":{\"customer_id\":\"1\",\"customer_group_id\":\"1\",\"firstname\":\"Pramod Patil\",\"lastname\":\"\",\"email\":\"pro.pramod.pune@gmail.com\",\"telephone\":\"9730519575\",\"custom_field\":[]}}', '2020-10-12 08:14:37'),
('5bf77cd620d977123b4cfdd655', '{\"api_id\":\"1\",\"language\":\"en-gb\",\"currency\":\"INR\"}', '2020-10-12 21:05:30'),
('5c12065dd3260d57ee0e4b65d4', '{\"api_id\":\"1\",\"language\":\"en-gb\",\"currency\":\"INR\",\"customer_id\":\"1\",\"customer\":{\"customer_id\":\"1\",\"customer_group_id\":\"1\",\"firstname\":\"Pramod Patil\",\"lastname\":\"patil\",\"email\":\"pro.pramod.pune@gmail.com\",\"telephone\":\"9730519575\",\"custom_field\":[]},\"payment_address\":{\"firstname\":\"Pramod Patil\",\"lastname\":\"patil\",\"company\":\"abc.com\",\"address_1\":\"pune\",\"address_2\":\"\",\"postcode\":\"411401\",\"city\":\"pune\",\"zone_id\":\"1493\",\"zone\":\"Maharashtra\",\"zone_code\":\"MA\",\"country_id\":\"99\",\"country\":\"India\",\"iso_code_2\":\"IN\",\"iso_code_3\":\"IND\",\"address_format\":\"\",\"custom_field\":[]},\"payment_methods\":{\"free_checkout\":{\"code\":\"free_checkout\",\"title\":\"Free Checkout\",\"terms\":\"\",\"sort_order\":\"1\"}}}', '2020-10-05 06:59:19'),
('5c1f11d68c02e9d41ccad072a4', '{\"api_id\":\"1\",\"language\":\"en-gb\",\"currency\":\"INR\"}', '2020-10-08 20:17:05'),
('5c650d22f8ace317de5c39b9dd', '{\"api_id\":\"1\",\"language\":\"en-gb\",\"currency\":\"INR\"}', '2020-10-15 10:27:44'),
('5cf691a3aff987b861e7d7f371', '{\"api_id\":\"1\"}', '2020-10-11 05:22:22'),
('5d2e54371e07bf2d26f536b0a0', '{\"api_id\":\"1\",\"language\":\"en-gb\",\"currency\":\"INR\",\"customer_id\":\"1\",\"customer\":{\"customer_id\":\"1\",\"customer_group_id\":\"1\",\"firstname\":\"Pramod Patil\",\"lastname\":\"\",\"email\":\"pro.pramod.pune@gmail.com\",\"telephone\":\"9730519575\",\"custom_field\":[]}}', '2020-10-15 06:45:03'),
('5d737ed4b481e07dd02cd16ab8', '{\"api_id\":\"1\",\"language\":\"en-gb\",\"currency\":\"INR\",\"customer_id\":\"1\",\"customer\":{\"customer_id\":\"1\",\"customer_group_id\":\"1\",\"firstname\":\"Pramod Patil\",\"lastname\":\"\",\"email\":\"pro.pramod.pune@gmail.com\",\"telephone\":\"9730519575\",\"custom_field\":[]},\"shipping_address\":{\"shipping_address\":\"1\",\"firstname\":\"Pramod Patil\",\"lastname\":\"\",\"company\":\"abc.com\",\"address_1\":\"pune\",\"address_2\":\"\",\"postcode\":\"411401\",\"city\":\"pune\",\"zone_id\":\"1493\",\"zone\":\"Maharashtra\",\"zone_code\":\"MA\",\"country_id\":\"99\",\"country\":\"India\",\"iso_code_2\":\"IN\",\"iso_code_3\":\"IND\",\"address_format\":\"\",\"custom_field\":[]},\"payment_address\":{\"payment_address\":\"1\",\"firstname\":\"Pramod Patil\",\"lastname\":\"\",\"company\":\"abc.com\",\"address_1\":\"pune\",\"address_2\":\"\",\"postcode\":\"411401\",\"city\":\"pune\",\"zone_id\":\"1493\",\"zone\":\"Maharashtra\",\"zone_code\":\"MA\",\"country_id\":\"99\",\"country\":\"India\",\"iso_code_2\":\"IN\",\"iso_code_3\":\"IND\",\"address_format\":\"\"},\"payment_methods\":{\"bank_transfer\":{\"code\":\"bank_transfer\",\"title\":\"Bank Transfer\",\"terms\":\"\",\"sort_order\":\"1\"},\"cheque\":{\"code\":\"cheque\",\"title\":\"Cheque \\/ Money Order\",\"terms\":\"\",\"sort_order\":\"3\"},\"cod\":{\"code\":\"cod\",\"title\":\"Cash On Delivery\",\"terms\":\"\",\"sort_order\":\"5\"}}}', '2020-10-10 19:50:09'),
('5df45b4bd676aff013253b65c5', '{\"api_id\":\"1\",\"language\":\"en-gb\",\"currency\":\"INR\"}', '2020-10-05 18:57:17'),
('5e341bffbc440ac5bd7a16312e', '{\"api_id\":\"1\",\"language\":\"en-gb\",\"currency\":\"INR\",\"payment_address\":{\"payment_address\":\"1\",\"firstname\":\"Pramod Patil\",\"lastname\":\"\",\"company\":\"abc.com\",\"address_1\":\"pune\",\"address_2\":\"\",\"postcode\":\"411401\",\"city\":\"pune\",\"zone_id\":\"1493\",\"zone\":\"Maharashtra\",\"zone_code\":\"MA\",\"country_id\":\"99\",\"country\":\"India\",\"iso_code_2\":\"IN\",\"iso_code_3\":\"IND\",\"address_format\":\"\",\"custom_field\":[]},\"payment_methods\":{\"bank_transfer\":{\"code\":\"bank_transfer\",\"title\":\"Bank Transfer\",\"terms\":\"\",\"sort_order\":\"1\"},\"free_checkout\":{\"code\":\"free_checkout\",\"title\":\"Free Checkout\",\"terms\":\"\",\"sort_order\":\"4\"}},\"customer_id\":\"1\",\"customer\":{\"customer_id\":\"1\",\"customer_group_id\":\"1\",\"firstname\":\"Pramod Patil\",\"lastname\":\"\",\"email\":\"pro.pramod.pune@gmail.com\",\"telephone\":\"9730519575\",\"custom_field\":[]}}', '2020-10-08 21:27:24'),
('5e52789457f5f7bbfc7ce4c011', '{\"api_id\":\"1\",\"language\":\"en-gb\",\"currency\":\"INR\"}', '2020-10-05 19:24:54'),
('5f4b88ec0b878bc9abe52e5d78', '{\"api_id\":\"1\"}', '2020-10-11 05:13:24'),
('5f5773597dc3ee3850dfcf4cb9', '{\"api_id\":\"1\"}', '2020-10-09 06:26:53'),
('5f9d78f3201f728efc29d1dd18', '{\"api_id\":\"1\"}', '2020-10-08 20:57:24'),
('6081df035eddf53bba54de176d', '{\"api_id\":\"1\",\"language\":\"en-gb\",\"currency\":\"INR\",\"customer_id\":\"1\",\"customer\":{\"customer_id\":\"1\",\"customer_group_id\":\"1\",\"firstname\":\"Pramod Patil\",\"lastname\":\"\",\"email\":\"pro.pramod.pune@gmail.com\",\"telephone\":\"9730519575\",\"custom_field\":[]}}', '2020-10-05 20:28:15'),
('60ca5a666255837f8ae9d6de3e', '{\"api_id\":\"1\"}', '2020-10-14 20:17:53'),
('61b0dbf45093db7bdbf02f484f', '{\"api_id\":\"1\",\"language\":\"en-gb\",\"currency\":\"INR\",\"customer_id\":\"1\",\"customer\":{\"customer_id\":\"1\",\"customer_group_id\":\"1\",\"firstname\":\"Pramod Patil\",\"lastname\":\"\",\"email\":\"pro.pramod.pune@gmail.com\",\"telephone\":\"9730519575\",\"custom_field\":[]},\"payment_address\":{\"payment_address\":\"1\",\"firstname\":\"Pramod Patil\",\"lastname\":\"\",\"company\":\"abc.com\",\"address_1\":\"pune\",\"address_2\":\"\",\"postcode\":\"411401\",\"city\":\"pune\",\"zone_id\":\"1493\",\"zone\":\"Maharashtra\",\"zone_code\":\"MA\",\"country_id\":\"99\",\"country\":\"India\",\"iso_code_2\":\"IN\",\"iso_code_3\":\"IND\",\"address_format\":\"\",\"custom_field\":[]},\"payment_methods\":{\"bank_transfer\":{\"code\":\"bank_transfer\",\"title\":\"Bank Transfer\",\"terms\":\"\",\"sort_order\":\"1\"},\"free_checkout\":{\"code\":\"free_checkout\",\"title\":\"Free Checkout\",\"terms\":\"\",\"sort_order\":\"4\"}}}', '2020-10-08 21:01:54'),
('627d1032efad2610a474bbc2d4', '{\"api_id\":\"1\",\"language\":\"en-gb\",\"currency\":\"INR\"}', '2020-10-07 19:28:20'),
('629ea6c3450d7b274da4b0f773', '{\"api_id\":\"1\",\"language\":\"en-gb\",\"currency\":\"INR\"}', '2020-10-12 19:13:45'),
('637c37d348bdc80372846ebf94', '{\"api_id\":\"1\"}', '2020-10-16 20:07:09'),
('638c747509662fa71f3e742c75', '{\"api_id\":\"1\"}', '2020-10-11 05:27:11'),
('63b98376c23d9901f76f821d59', '{\"api_id\":\"1\"}', '2020-10-09 07:00:37'),
('64579afc05a4e889dbf104630a', '{\"api_id\":\"1\",\"language\":\"en-gb\",\"currency\":\"INR\",\"customer_id\":\"1\",\"customer\":{\"customer_id\":\"1\",\"customer_group_id\":\"1\",\"firstname\":\"Pramod Patil\",\"lastname\":\"\",\"email\":\"pro.pramod.pune@gmail.com\",\"telephone\":\"9730519575\",\"custom_field\":[]}}', '2020-10-10 19:28:17'),
('6463a4a43664441048c666d95a', '{\"api_id\":\"1\",\"language\":\"en-gb\",\"currency\":\"INR\",\"payment_address\":{\"firstname\":\"Pramod Patil\",\"lastname\":\"\",\"company\":\"abc.com\",\"address_1\":\"pune\",\"address_2\":\"\",\"postcode\":\"411401\",\"city\":\"pune\",\"zone_id\":\"1493\",\"zone\":\"Maharashtra\",\"zone_code\":\"MA\",\"country_id\":\"99\",\"country\":\"India\",\"iso_code_2\":\"IN\",\"iso_code_3\":\"IND\",\"address_format\":\"\",\"custom_field\":[]},\"payment_methods\":{\"bank_transfer\":{\"code\":\"bank_transfer\",\"title\":\"Bank Transfer\",\"terms\":\"\",\"sort_order\":\"1\"},\"free_checkout\":{\"code\":\"free_checkout\",\"title\":\"Free Checkout\",\"terms\":\"\",\"sort_order\":\"4\"}}}', '2020-10-07 19:32:29'),
('650329b0d0340f06b202e90dbb', '{\"api_id\":\"1\",\"language\":\"en-gb\",\"currency\":\"USD\"}', '2020-10-14 20:21:10'),
('6567b1836ebed534d92aab163b', '{\"api_id\":\"1\",\"language\":\"en-gb\",\"currency\":\"INR\",\"customer_id\":\"1\",\"customer\":{\"customer_id\":\"1\",\"customer_group_id\":\"1\",\"firstname\":\"Pramod Patil\",\"lastname\":\"\",\"email\":\"pro.pramod.pune@gmail.com\",\"telephone\":\"9730519575\",\"custom_field\":[]}}', '2020-10-12 18:16:29'),
('65d72a7e386883fd6fbab1a571', '{\"api_id\":\"1\",\"language\":\"en-gb\",\"currency\":\"INR\",\"customer_id\":\"1\",\"customer\":{\"customer_id\":\"1\",\"customer_group_id\":\"1\",\"firstname\":\"Pramod Patil\",\"lastname\":\"\",\"email\":\"pro.pramod.pune@gmail.com\",\"telephone\":\"9730519575\",\"custom_field\":[]}}', '2020-10-06 08:17:35'),
('665e27eb397ce75ec801f7ee6e', '{\"api_id\":\"1\",\"language\":\"en-gb\",\"currency\":\"INR\",\"customer_id\":\"1\",\"customer\":{\"customer_id\":\"1\",\"customer_group_id\":\"1\",\"firstname\":\"Pramod Patil\",\"lastname\":\"\",\"email\":\"pro.pramod.pune@gmail.com\",\"telephone\":\"9730519575\",\"custom_field\":[]}}', '2020-10-09 20:21:10'),
('66b7fa1198d202131246b8c814', '{\"api_id\":\"1\"}', '2020-10-07 18:16:03'),
('677501155b393e87012e2bf912', '{\"api_id\":\"1\",\"language\":\"en-gb\",\"currency\":\"INR\"}', '2020-10-12 19:08:55'),
('67a27ccaa7c836ee29e73decbf', '{\"api_id\":\"1\"}', '2020-10-15 09:54:33'),
('6822ea82b170413b532a35b68e', '{\"api_id\":\"1\",\"language\":\"en-gb\",\"currency\":\"INR\",\"customer_id\":\"1\",\"customer\":{\"customer_id\":\"1\",\"customer_group_id\":\"1\",\"firstname\":\"Pramod Patil\",\"lastname\":\"\",\"email\":\"pro.pramod.pune@gmail.com\",\"telephone\":\"9730519575\",\"custom_field\":[]}}', '2020-10-05 20:06:29'),
('6857d73dc2ce9e08a58a5e2f6f', '{\"api_id\":\"1\"}', '2020-10-16 11:11:41'),
('685c9620cef221ffb40502e58a', '{\"api_id\":\"1\",\"language\":\"en-gb\",\"currency\":\"INR\",\"payment_address\":{\"payment_address\":\"1\",\"firstname\":\"Pramod Patil\",\"lastname\":\"\",\"company\":\"abc.com\",\"address_1\":\"pune\",\"address_2\":\"\",\"postcode\":\"411401\",\"city\":\"pune\",\"zone_id\":\"1493\",\"zone\":\"Maharashtra\",\"zone_code\":\"MA\",\"country_id\":\"99\",\"country\":\"India\",\"iso_code_2\":\"IN\",\"iso_code_3\":\"IND\",\"address_format\":\"\",\"custom_field\":[]},\"payment_methods\":{\"bank_transfer\":{\"code\":\"bank_transfer\",\"title\":\"Bank Transfer\",\"terms\":\"\",\"sort_order\":\"1\"},\"free_checkout\":{\"code\":\"free_checkout\",\"title\":\"Free Checkout\",\"terms\":\"\",\"sort_order\":\"4\"}}}', '2020-10-08 21:28:57'),
('687b9e2126e6bd7a27e222ab3e', '{\"api_id\":\"1\",\"language\":\"en-gb\",\"currency\":\"INR\"}', '2020-10-14 18:34:51'),
('689e55ca265edf0925e5c4c3a5', '{\"api_id\":\"1\",\"language\":\"en-gb\",\"currency\":\"INR\"}', '2020-10-15 09:55:12'),
('692dadc2cc84ee2508a2a4da8d', '{\"api_id\":\"1\",\"language\":\"en-gb\",\"currency\":\"INR\",\"customer_id\":\"1\",\"payment_address\":{\"firstname\":\"Pramod Patil\",\"lastname\":\"\",\"company\":\"abc.com\",\"address_1\":\"pune\",\"address_2\":\"\",\"postcode\":\"411401\",\"city\":\"pune\",\"zone_id\":\"1493\",\"zone\":\"Maharashtra\",\"zone_code\":\"MA\",\"country_id\":\"99\",\"country\":\"India\",\"iso_code_2\":\"IN\",\"iso_code_3\":\"IND\",\"address_format\":\"\",\"custom_field\":[]},\"customer\":{\"customer_id\":\"1\",\"customer_group_id\":\"1\",\"firstname\":\"Pramod Patil\",\"lastname\":\"\",\"email\":\"pro.pramod.pune@gmail.com\",\"telephone\":\"9730519575\",\"custom_field\":[]},\"shipping_address\":{\"firstname\":\"Pramod Patil\",\"lastname\":\"\",\"company\":\"abc.com\",\"address_1\":\"pune\",\"address_2\":\"\",\"postcode\":\"411401\",\"city\":\"pune\",\"zone_id\":\"1493\",\"zone\":\"Maharashtra\",\"zone_code\":\"MA\",\"country_id\":\"99\",\"country\":\"India\",\"iso_code_2\":\"IN\",\"iso_code_3\":\"IND\",\"address_format\":\"\",\"custom_field\":[]},\"shipping_methods\":{\"flat\":{\"title\":\"Flat Rate\",\"quote\":{\"flat\":{\"code\":\"flat.flat\",\"title\":\"Flat Shipping Rate\",\"cost\":\"5.00\",\"tax_class_id\":\"9\",\"text\":\"6.20Rs.\"}},\"sort_order\":\"1\",\"error\":false},\"free\":{\"title\":\"Free Shipping\",\"quote\":{\"free\":{\"code\":\"free.free\",\"title\":\"Free Shipping\",\"cost\":0,\"tax_class_id\":0,\"text\":\"0.00Rs.\"}},\"sort_order\":\"2\",\"error\":false},\"pickup\":{\"title\":\"Pickup\",\"quote\":{\"pickup\":{\"code\":\"pickup.pickup\",\"title\":\"Pickup From Store\",\"cost\":0,\"tax_class_id\":0,\"text\":\"0.00Rs.\"}},\"sort_order\":\"3\",\"error\":false}}}', '2020-10-08 05:42:12'),
('6aa2ab8e799140becfcc6cf60f', '{\"api_id\":\"1\",\"language\":\"en-gb\",\"currency\":\"INR\"}', '2020-10-17 04:37:23'),
('6b37af0a1611c39d7cb011fcb3', '{\"api_id\":\"1\",\"language\":\"en-gb\",\"currency\":\"INR\"}', '2020-10-11 19:13:54'),
('6b4ce9638995d23939dd56675b', '{\"api_id\":\"1\"}', '2020-10-09 06:41:49'),
('6b6005e158b253cbc16f7d6cc6', '{\"api_id\":\"1\",\"language\":\"en-gb\",\"currency\":\"INR\"}', '2020-10-13 21:00:38'),
('6bb47534c1a863f2155fb7fef6', '{\"api_id\":\"1\",\"language\":\"en-gb\",\"currency\":\"INR\",\"customer_id\":\"1\",\"customer\":{\"customer_id\":\"1\",\"customer_group_id\":\"1\",\"firstname\":\"Pramod Patil\",\"lastname\":\"\",\"email\":\"pro.pramod.pune@gmail.com\",\"telephone\":\"9730519575\",\"custom_field\":[]},\"shipping_address\":{\"shipping_address\":\"1\",\"firstname\":\"Pramod Patil\",\"lastname\":\"\",\"company\":\"abc.com\",\"address_1\":\"pune\",\"address_2\":\"\",\"postcode\":\"411401\",\"city\":\"pune\",\"zone_id\":\"1493\",\"zone\":\"Maharashtra\",\"zone_code\":\"MA\",\"country_id\":\"99\",\"country\":\"India\",\"iso_code_2\":\"IN\",\"iso_code_3\":\"IND\",\"address_format\":\"\",\"custom_field\":[]},\"payment_address\":{\"payment_address\":\"1\",\"firstname\":\"Pramod Patil\",\"lastname\":\"\",\"company\":\"abc.com\",\"address_1\":\"pune\",\"address_2\":\"\",\"postcode\":\"411401\",\"city\":\"pune\",\"zone_id\":\"1493\",\"zone\":\"Maharashtra\",\"zone_code\":\"MA\",\"country_id\":\"99\",\"country\":\"India\",\"iso_code_2\":\"IN\",\"iso_code_3\":\"IND\",\"address_format\":\"\"},\"payment_methods\":{\"bank_transfer\":{\"code\":\"bank_transfer\",\"title\":\"Bank Transfer\",\"terms\":\"\",\"sort_order\":\"1\"},\"cheque\":{\"code\":\"cheque\",\"title\":\"Cheque \\/ Money Order\",\"terms\":\"\",\"sort_order\":\"3\"},\"cod\":{\"code\":\"cod\",\"title\":\"Cash On Delivery\",\"terms\":\"\",\"sort_order\":\"5\"}},\"shipping_methods\":{\"flat\":{\"title\":\"Flat Rate\",\"quote\":{\"flat\":{\"code\":\"flat.flat\",\"title\":\"Flat Shipping Rate\",\"cost\":\"5.00\",\"tax_class_id\":\"9\",\"text\":\"6.20Rs.\"}},\"sort_order\":\"1\",\"error\":\"false\"},\"free\":{\"title\":\"Free Shipping\",\"quote\":{\"free\":{\"code\":\"free.free\",\"title\":\"Free Shipping\",\"cost\":\"0\",\"tax_class_id\":\"0\",\"text\":\"0.00Rs.\"}},\"sort_order\":\"2\",\"error\":\"false\"},\"pickup\":{\"title\":\"Pickup\",\"quote\":{\"pickup\":{\"code\":\"pickup.pickup\",\"title\":\"Pickup From Store\",\"cost\":\"0\",\"tax_class_id\":\"0\",\"text\":\"0.00Rs.\"}},\"sort_order\":\"3\",\"error\":\"false\"}},\"shipping_method\":{\"code\":\"flat.flat\",\"title\":\"Flat Shipping Rate\",\"cost\":\"5.00\",\"tax_class_id\":\"9\",\"text\":\"6.20Rs.\"},\"payment_method\":{\"code\":\"cod\",\"title\":\"Cash On Delivery\",\"terms\":\"\",\"sort_order\":\"5\"}}', '2020-10-10 20:24:06'),
('6bba16b8d54c70fd9a3ff2f44a', '{\"api_id\":\"1\"}', '2020-10-12 19:33:25'),
('6bbc3f9bf327a50c1233f326d9', '{\"api_id\":\"1\",\"language\":\"en-gb\",\"currency\":\"INR\",\"customer_id\":\"1\",\"customer\":{\"customer_id\":\"1\",\"customer_group_id\":\"1\",\"firstname\":\"Pramod Patil\",\"lastname\":\"\",\"email\":\"pro.pramod.pune@gmail.com\",\"telephone\":\"9730519575\",\"custom_field\":[]}}', '2020-10-06 19:13:36'),
('6c475e749e00a19a17d0f80254', '{\"api_id\":\"1\",\"language\":\"en-gb\",\"currency\":\"INR\"}', '2020-10-13 18:41:14'),
('6c5c84da04d0ee44a52ff1620c', '{\"api_id\":\"1\",\"language\":\"en-gb\",\"currency\":\"INR\",\"customer_id\":\"1\",\"shipping_address\":{\"firstname\":\"Pramod Patil\",\"lastname\":\"\",\"company\":\"abc.com\",\"address_1\":\"pune\",\"address_2\":\"\",\"postcode\":\"411401\",\"city\":\"pune\",\"zone_id\":\"1493\",\"zone\":\"Maharashtra\",\"zone_code\":\"MA\",\"country_id\":\"99\",\"country\":\"India\",\"iso_code_2\":\"IN\",\"iso_code_3\":\"IND\",\"address_format\":\"\",\"custom_field\":[]},\"customer\":{\"customer_id\":\"1\",\"customer_group_id\":\"1\",\"firstname\":\"Pramod Patil\",\"lastname\":\"\",\"email\":\"pro.pramod.pune@gmail.com\",\"telephone\":\"9730519575\",\"custom_field\":[]},\"payment_address\":{\"firstname\":\"Pramod Patil\",\"lastname\":\"\",\"company\":\"abc.com\",\"address_1\":\"pune\",\"address_2\":\"\",\"postcode\":\"411401\",\"city\":\"pune\",\"zone_id\":\"1493\",\"zone\":\"Maharashtra\",\"zone_code\":\"MA\",\"country_id\":\"99\",\"country\":\"India\",\"iso_code_2\":\"IN\",\"iso_code_3\":\"IND\",\"address_format\":\"\",\"custom_field\":[]},\"payment_methods\":{\"bank_transfer\":{\"code\":\"bank_transfer\",\"title\":\"Bank Transfer\",\"terms\":\"\",\"sort_order\":\"1\"},\"cheque\":{\"code\":\"cheque\",\"title\":\"Cheque \\/ Money Order\",\"terms\":\"\",\"sort_order\":\"3\"},\"cod\":{\"code\":\"cod\",\"title\":\"Cash On Delivery\",\"terms\":\"\",\"sort_order\":\"5\"}},\"payment_method\":{\"code\":\"cod\",\"title\":\"Cash On Delivery\",\"terms\":\"\",\"sort_order\":\"5\"}}', '2020-10-08 19:36:14'),
('6c693bad948b2be901997d31d5', '{\"api_id\":\"1\"}', '2020-10-14 20:19:20'),
('6c8a0977fbf3d835f723f5bc12', '{\"api_id\":\"1\",\"language\":\"en-gb\",\"currency\":\"INR\"}', '2020-10-05 19:16:52'),
('6c9ce636131b2e42c1d218b665', '{\"api_id\":\"1\",\"language\":\"en-gb\",\"currency\":\"INR\"}', '2020-10-13 20:40:51'),
('6ca15898a58c5baa47172e26e7', '{\"api_id\":\"1\",\"language\":\"en-gb\",\"currency\":\"INR\"}', '2020-10-07 19:27:10'),
('6e57f5eeebfde89fd7240f6c83', '{\"api_id\":\"1\",\"language\":\"en-gb\",\"currency\":\"INR\"}', '2020-10-09 20:11:02'),
('6ede7cde0d5e03d1a38a66da16', '{\"api_id\":\"1\",\"language\":\"en-gb\",\"currency\":\"USD\"}', '2020-10-15 09:55:04'),
('6f9a66d5c0c0275f18a6ff61eb', '{\"api_id\":\"1\",\"language\":\"en-gb\",\"currency\":\"INR\"}', '2020-10-13 20:07:35'),
('706a57d0dccf1bf4c2b6e02583', '{\"api_id\":\"1\",\"language\":\"en-gb\",\"currency\":\"INR\"}', '2020-10-14 18:32:24'),
('70e7ea6cbcd3f19c6f02c78cf3', '{\"api_id\":\"1\",\"language\":\"en-gb\",\"currency\":\"INR\",\"customer_id\":\"1\",\"customer\":{\"customer_id\":\"1\",\"customer_group_id\":\"1\",\"firstname\":\"Pramod Patil\",\"lastname\":\"\",\"email\":\"pro.pramod.pune@gmail.com\",\"telephone\":\"9730519575\",\"custom_field\":[]}}', '2020-10-09 20:26:47'),
('70feff53be712582cce269e9fa', '{\"api_id\":\"1\",\"language\":\"en-gb\",\"currency\":\"INR\"}', '2020-10-12 18:32:30'),
('71506b908d053bbcaf82ca7e79', '{\"api_id\":\"1\",\"language\":\"en-gb\",\"currency\":\"INR\"}', '2020-10-07 18:39:50'),
('7189f7990f7954c0a6c121c78f', '{\"api_id\":\"1\",\"language\":\"en-gb\",\"currency\":\"INR\",\"customer_id\":\"1\",\"customer\":{\"customer_id\":\"1\",\"customer_group_id\":\"1\",\"firstname\":\"Pramod Patil\",\"lastname\":\"\",\"email\":\"pro.pramod.pune@gmail.com\",\"telephone\":\"9730519575\",\"custom_field\":[]}}', '2020-10-07 18:18:43'),
('71a4f35b360bb29c26eabc3639', '{\"api_id\":\"1\"}', '2020-10-15 10:45:50'),
('71d13cef2f8512ebb6035c4355', '{\"api_id\":\"1\",\"language\":\"en-gb\",\"currency\":\"INR\"}', '2020-10-13 08:20:23'),
('725455016bcd24fd5c111aaae1', '{\"language\":\"en-gb\",\"currency\":\"INR\",\"install\":\"Wj9j0oqhmY\",\"user_id\":\"1\",\"user_token\":\"67pIV8yv1kq0Rmsqex8ZYgywPPEY3zra\",\"supplier\":{\"supplier_id\":\"2\",\"supplier_group_id\":null,\"firstname\":\"Nitin Patel\",\"lastname\":\"\",\"email\":\"nitinpatel@gmail.com\",\"telephone\":\"8469504050\",\"custom_field\":[]}}', '2020-10-17 06:09:06'),
('73967fb5147b77571a3a15c162', '{\"api_id\":\"1\",\"language\":\"en-gb\",\"currency\":\"INR\",\"payment_address\":{\"firstname\":\"Pramod Patil\",\"lastname\":\"\",\"company\":\"abc.com\",\"address_1\":\"pune\",\"address_2\":\"\",\"postcode\":\"411401\",\"city\":\"pune\",\"zone_id\":\"1493\",\"zone\":\"Maharashtra\",\"zone_code\":\"MA\",\"country_id\":\"99\",\"country\":\"India\",\"iso_code_2\":\"IN\",\"iso_code_3\":\"IND\",\"address_format\":\"\",\"custom_field\":[]},\"customer_id\":\"1\",\"customer\":{\"customer_id\":\"1\",\"customer_group_id\":\"1\",\"firstname\":\"Pramod Patil\",\"lastname\":\"\",\"email\":\"pro.pramod.pune@gmail.com\",\"telephone\":\"9730519575\",\"custom_field\":[]},\"shipping_address\":{\"firstname\":\"Pramod Patil\",\"lastname\":\"\",\"company\":\"abc.com\",\"address_1\":\"pune\",\"address_2\":\"\",\"postcode\":\"411401\",\"city\":\"pune\",\"zone_id\":\"1493\",\"zone\":\"Maharashtra\",\"zone_code\":\"MA\",\"country_id\":\"99\",\"country\":\"India\",\"iso_code_2\":\"IN\",\"iso_code_3\":\"IND\",\"address_format\":\"\",\"custom_field\":[]},\"shipping_methods\":{\"flat\":{\"title\":\"Flat Rate\",\"quote\":{\"flat\":{\"code\":\"flat.flat\",\"title\":\"Flat Shipping Rate\",\"cost\":\"5.00\",\"tax_class_id\":\"9\",\"text\":\"6.20Rs.\"}},\"sort_order\":\"1\",\"error\":false},\"free\":{\"title\":\"Free Shipping\",\"quote\":{\"free\":{\"code\":\"free.free\",\"title\":\"Free Shipping\",\"cost\":0,\"tax_class_id\":0,\"text\":\"0.00Rs.\"}},\"sort_order\":\"2\",\"error\":false},\"pickup\":{\"title\":\"Pickup\",\"quote\":{\"pickup\":{\"code\":\"pickup.pickup\",\"title\":\"Pickup From Store\",\"cost\":0,\"tax_class_id\":0,\"text\":\"0.00Rs.\"}},\"sort_order\":\"3\",\"error\":false}}}', '2020-10-08 06:03:42'),
('73bad7314fb753b689fefe09ae', '{\"api_id\":\"1\"}', '2020-10-10 19:52:35'),
('73df56c99840601595f299e622', '{\"api_id\":\"1\",\"language\":\"en-gb\",\"currency\":\"INR\"}', '2020-10-11 19:17:32'),
('748f5772803d9991cec0ef1505', '{\"api_id\":\"1\",\"language\":\"en-gb\",\"currency\":\"INR\"}', '2020-10-12 19:09:15'),
('74ad006bb0c689c0533f9226fe', '{\"api_id\":\"1\",\"language\":\"en-gb\",\"currency\":\"INR\"}', '2020-10-12 20:18:21'),
('752ca8feb40789bae2af258706', '{\"api_id\":\"1\"}', '2020-10-12 20:10:26'),
('755300e6928d6dca14221e47ef', '{\"api_id\":\"1\",\"language\":\"en-gb\",\"currency\":\"INR\"}', '2020-10-05 07:04:57'),
('75d86d94462e4d4d5b1f572eaf', '{\"api_id\":\"1\"}', '2020-10-05 19:16:49'),
('763d26e8d0de94e556fa994e2e', '{\"api_id\":\"1\",\"language\":\"en-gb\",\"currency\":\"INR\"}', '2020-10-13 20:21:28'),
('7647e5d444028e160ce99e1105', '{\"api_id\":\"1\",\"language\":\"en-gb\",\"currency\":\"INR\",\"customer_id\":\"1\",\"shipping_address\":{\"firstname\":\"Pramod Patil\",\"lastname\":\"\",\"company\":\"abc.com\",\"address_1\":\"pune\",\"address_2\":\"\",\"postcode\":\"411401\",\"city\":\"pune\",\"zone_id\":\"1493\",\"zone\":\"Maharashtra\",\"zone_code\":\"MA\",\"country_id\":\"99\",\"country\":\"India\",\"iso_code_2\":\"IN\",\"iso_code_3\":\"IND\",\"address_format\":\"\",\"custom_field\":[]},\"shipping_methods\":{\"flat\":{\"title\":\"Flat Rate\",\"quote\":{\"flat\":{\"code\":\"flat.flat\",\"title\":\"Flat Shipping Rate\",\"cost\":\"5.00\",\"tax_class_id\":\"9\",\"text\":\"6.20Rs.\"}},\"sort_order\":\"1\",\"error\":false},\"free\":{\"title\":\"Free Shipping\",\"quote\":{\"free\":{\"code\":\"free.free\",\"title\":\"Free Shipping\",\"cost\":0,\"tax_class_id\":0,\"text\":\"0.00Rs.\"}},\"sort_order\":\"2\",\"error\":false},\"pickup\":{\"title\":\"Pickup\",\"quote\":{\"pickup\":{\"code\":\"pickup.pickup\",\"title\":\"Pickup From Store\",\"cost\":0,\"tax_class_id\":0,\"text\":\"0.00Rs.\"}},\"sort_order\":\"3\",\"error\":false}},\"customer\":{\"customer_id\":\"1\",\"customer_group_id\":\"1\",\"firstname\":\"Pramod Patil\",\"lastname\":\"\",\"email\":\"pro.pramod.pune@gmail.com\",\"telephone\":\"9730519575\",\"custom_field\":[]},\"payment_address\":{\"firstname\":\"Pramod Patil\",\"lastname\":\"\",\"company\":\"abc.com\",\"address_1\":\"pune\",\"address_2\":\"\",\"postcode\":\"411401\",\"city\":\"pune\",\"zone_id\":\"1493\",\"zone\":\"Maharashtra\",\"zone_code\":\"MA\",\"country_id\":\"99\",\"country\":\"India\",\"iso_code_2\":\"IN\",\"iso_code_3\":\"IND\",\"address_format\":\"\",\"custom_field\":[]},\"payment_methods\":{\"bank_transfer\":{\"code\":\"bank_transfer\",\"title\":\"Bank Transfer\",\"terms\":\"\",\"sort_order\":\"1\"},\"cheque\":{\"code\":\"cheque\",\"title\":\"Cheque \\/ Money Order\",\"terms\":\"\",\"sort_order\":\"3\"},\"cod\":{\"code\":\"cod\",\"title\":\"Cash On Delivery\",\"terms\":\"\",\"sort_order\":\"5\"}},\"payment_method\":{\"code\":\"cod\",\"title\":\"Cash On Delivery\",\"terms\":\"\",\"sort_order\":\"5\"},\"shipping_method\":{\"code\":\"flat.flat\",\"title\":\"Flat Shipping Rate\",\"cost\":\"5.00\",\"tax_class_id\":\"9\",\"text\":\"6.20Rs.\"}}', '2020-10-08 20:04:12'),
('7773a4485369b617b146e2ceb2', '{\"api_id\":\"1\",\"language\":\"en-gb\",\"currency\":\"INR\",\"customer_id\":\"1\",\"customer\":{\"customer_id\":\"1\",\"customer_group_id\":\"1\",\"firstname\":\"Pramod Patil\",\"lastname\":\"\",\"email\":\"pro.pramod.pune@gmail.com\",\"telephone\":\"9730519575\",\"custom_field\":[]}}', '2020-10-06 18:35:11'),
('77c05c1ff6cb6a9bb7d9de16b5', '{\"api_id\":\"1\",\"language\":\"en-gb\",\"currency\":\"INR\"}', '2020-10-05 19:31:24'),
('77f7a83d026798a06c64def243', '{\"api_id\":\"1\",\"language\":\"en-gb\",\"currency\":\"INR\",\"customer_id\":\"1\",\"customer\":{\"customer_id\":\"1\",\"customer_group_id\":\"1\",\"firstname\":\"Pramod Patil\",\"lastname\":\"\",\"email\":\"pro.pramod.pune@gmail.com\",\"telephone\":\"9730519575\",\"custom_field\":[]},\"shipping_address\":{\"shipping_address\":\"\",\"firstname\":\"Pramod Patil\",\"lastname\":\"\",\"company\":\"abc.com\",\"address_1\":\"Lolhapur\",\"address_2\":\"\",\"postcode\":\"411412\",\"city\":\"Kolhapur\",\"zone_id\":\"1493\",\"zone\":\"Maharashtra\",\"zone_code\":\"MA\",\"country_id\":\"99\",\"country\":\"India\",\"iso_code_2\":\"IN\",\"iso_code_3\":\"IND\",\"address_format\":\"\",\"custom_field\":[]},\"shipping_methods\":{\"flat\":{\"title\":\"Flat Rate\",\"quote\":{\"flat\":{\"code\":\"flat.flat\",\"title\":\"Flat Shipping Rate\",\"cost\":\"5.00\",\"tax_class_id\":\"9\",\"text\":\"6.20Rs.\"}},\"sort_order\":\"1\",\"error\":false},\"free\":{\"title\":\"Free Shipping\",\"quote\":{\"free\":{\"code\":\"free.free\",\"title\":\"Free Shipping\",\"cost\":0,\"tax_class_id\":0,\"text\":\"0.00Rs.\"}},\"sort_order\":\"2\",\"error\":false},\"pickup\":{\"title\":\"Pickup\",\"quote\":{\"pickup\":{\"code\":\"pickup.pickup\",\"title\":\"Pickup From Store\",\"cost\":0,\"tax_class_id\":0,\"text\":\"0.00Rs.\"}},\"sort_order\":\"3\",\"error\":false}}}', '2020-10-12 18:51:46'),
('78a4b6e36cfa98dfcac43b8f5e', '{\"api_id\":\"1\"}', '2020-10-13 21:00:38'),
('7962aed7d5187f4da00a241f8d', '{\"api_id\":\"1\",\"language\":\"en-gb\",\"currency\":\"INR\",\"customer_id\":\"1\",\"customer\":{\"customer_id\":\"1\",\"customer_group_id\":\"1\",\"firstname\":\"Pramod Patil\",\"lastname\":\"\",\"email\":\"pro.pramod.pune@gmail.com\",\"telephone\":\"9730519575\",\"custom_field\":[]}}', '2020-10-10 19:41:11'),
('79905524f1da598524738d4340', '{\"api_id\":\"1\"}', '2020-10-14 19:56:14'),
('79d32fa82d0eee3b6550a03ff8', '{\"api_id\":\"1\"}', '2020-10-08 20:46:01'),
('7a77cbc705e89ac5114ca78d01', '{\"api_id\":\"1\",\"language\":\"en-gb\",\"currency\":\"INR\"}', '2020-10-14 15:46:09'),
('7ae528b0515b7938259430856d', '{\"api_id\":\"1\",\"language\":\"en-gb\",\"currency\":\"INR\"}', '2020-10-14 15:57:40'),
('7b0b850e1b226e9ed91290fd33', '{\"api_id\":\"1\",\"language\":\"en-gb\",\"currency\":\"INR\",\"customer_id\":\"1\",\"customer\":{\"customer_id\":\"1\",\"customer_group_id\":\"1\",\"firstname\":\"Pramod Patil\",\"lastname\":\"\",\"email\":\"pro.pramod.pune@gmail.com\",\"telephone\":\"9730519575\",\"custom_field\":[]}}', '2020-10-05 20:25:25'),
('7b7919154cd7f97157535ce3ae', '{\"api_id\":\"1\",\"language\":\"en-gb\",\"currency\":\"INR\"}', '2020-10-14 19:59:47'),
('7b7dba5ce2b89a7c7a1b939944', '{\"api_id\":\"1\",\"language\":\"en-gb\",\"currency\":\"USD\"}', '2020-10-14 20:17:58'),
('7bc2b908cd65eaf77dc7eeabd3', '{\"api_id\":\"1\"}', '2020-10-17 06:01:29'),
('7bcab1069da94371f28a1a89b7', '{\"api_id\":\"1\",\"language\":\"en-gb\",\"currency\":\"INR\"}', '2020-10-13 08:41:52'),
('7bd0d2a88f354bc7fc431c326e', '{\"api_id\":\"1\",\"language\":\"en-gb\",\"currency\":\"INR\",\"customer_id\":\"1\",\"customer\":{\"customer_id\":\"1\",\"customer_group_id\":\"1\",\"firstname\":\"Pramod Patil\",\"lastname\":\"\",\"email\":\"pro.pramod.pune@gmail.com\",\"telephone\":\"9730519575\",\"custom_field\":[]}}', '2020-10-09 20:10:17'),
('7c02e70d31a2b3059a72c318b7', '{\"api_id\":\"1\",\"language\":\"en-gb\",\"currency\":\"INR\",\"customer_id\":\"1\",\"customer\":{\"customer_id\":\"1\",\"customer_group_id\":\"1\",\"firstname\":\"Pramod Patil\",\"lastname\":\"\",\"email\":\"pro.pramod.pune@gmail.com\",\"telephone\":\"9730519575\",\"custom_field\":[]},\"shipping_address\":{\"firstname\":\"Pramod Patil\",\"lastname\":\"\",\"company\":\"abc.com\",\"address_1\":\"pune\",\"address_2\":\"\",\"postcode\":\"411401\",\"city\":\"pune\",\"zone_id\":\"1493\",\"zone\":\"Maharashtra\",\"zone_code\":\"MA\",\"country_id\":\"99\",\"country\":\"India\",\"iso_code_2\":\"IN\",\"iso_code_3\":\"IND\",\"address_format\":\"\",\"custom_field\":[]},\"payment_address\":{\"firstname\":\"Pramod Patil\",\"lastname\":\"\",\"company\":\"abc.com\",\"address_1\":\"pune\",\"address_2\":\"\",\"postcode\":\"411401\",\"city\":\"pune\",\"zone_id\":\"1493\",\"zone\":\"Maharashtra\",\"zone_code\":\"MA\",\"country_id\":\"99\",\"country\":\"India\",\"iso_code_2\":\"IN\",\"iso_code_3\":\"IND\",\"address_format\":\"\",\"custom_field\":[]},\"payment_methods\":{\"bank_transfer\":{\"code\":\"bank_transfer\",\"title\":\"Bank Transfer\",\"terms\":\"\",\"sort_order\":\"1\"},\"cheque\":{\"code\":\"cheque\",\"title\":\"Cheque \\/ Money Order\",\"terms\":\"\",\"sort_order\":\"3\"},\"cod\":{\"code\":\"cod\",\"title\":\"Cash On Delivery\",\"terms\":\"\",\"sort_order\":\"5\"}}}', '2020-10-08 19:52:01'),
('7c19b7dd95e4d8f7a6f498175d', '{\"api_id\":\"1\",\"language\":\"en-gb\",\"currency\":\"INR\"}', '2020-10-16 11:11:59'),
('7c3bb1a076ef3b9f7fd28ab79f', '{\"api_id\":\"1\"}', '2020-10-12 19:18:26'),
('7cb2fa984a56578f0dd19d81e0', '{\"api_id\":\"1\",\"language\":\"en-gb\",\"currency\":\"INR\"}', '2020-10-12 21:09:47'),
('7ea252fa1b8ff7e8066dcef05c', '{\"api_id\":\"1\",\"language\":\"en-gb\",\"currency\":\"INR\"}', '2020-10-13 08:19:07'),
('7f1c0b0eb57c53dd839fbcae91', '{\"api_id\":\"1\"}', '2020-10-13 15:55:51'),
('7f3fd4a949e451fb252465ebc5', '{\"api_id\":\"1\",\"language\":\"en-gb\",\"currency\":\"INR\"}', '2020-10-10 18:50:41'),
('7fd14d885cf4d6a3198c653bcd', '{\"api_id\":\"1\",\"language\":\"en-gb\",\"currency\":\"INR\"}', '2020-10-06 18:43:50'),
('805cd39934e00a4d6b3c8c6b32', '{\"api_id\":\"1\",\"language\":\"en-gb\",\"currency\":\"INR\",\"customer_id\":\"1\",\"customer\":{\"customer_id\":\"1\",\"customer_group_id\":\"1\",\"firstname\":\"Pramod Patil\",\"lastname\":\"\",\"email\":\"pro.pramod.pune@gmail.com\",\"telephone\":\"9730519575\",\"custom_field\":[]},\"shipping_address\":{\"shipping_address\":\"1\",\"firstname\":\"Pramod Patil\",\"lastname\":\"\",\"company\":\"abc.com\",\"address_1\":\"pune\",\"address_2\":\"\",\"postcode\":\"411401\",\"city\":\"pune\",\"zone_id\":\"1493\",\"zone\":\"Maharashtra\",\"zone_code\":\"MA\",\"country_id\":\"99\",\"country\":\"India\",\"iso_code_2\":\"IN\",\"iso_code_3\":\"IND\",\"address_format\":\"\",\"custom_field\":[]},\"shipping_methods\":{\"flat\":{\"title\":\"Flat Rate\",\"quote\":{\"flat\":{\"code\":\"flat.flat\",\"title\":\"Flat Shipping Rate\",\"cost\":\"5.00\",\"tax_class_id\":\"9\",\"text\":\"6.20Rs.\"}},\"sort_order\":\"1\",\"error\":false},\"free\":{\"title\":\"Free Shipping\",\"quote\":{\"free\":{\"code\":\"free.free\",\"title\":\"Free Shipping\",\"cost\":0,\"tax_class_id\":0,\"text\":\"0.00Rs.\"}},\"sort_order\":\"2\",\"error\":false},\"pickup\":{\"title\":\"Pickup\",\"quote\":{\"pickup\":{\"code\":\"pickup.pickup\",\"title\":\"Pickup From Store\",\"cost\":0,\"tax_class_id\":0,\"text\":\"0.00Rs.\"}},\"sort_order\":\"3\",\"error\":false}}}', '2020-10-08 22:08:22'),
('8065df7bbc1aae68f979c72595', '{\"api_id\":\"1\"}', '2020-10-13 08:20:21'),
('80b3ebfbe08e5930d93df69d99', '{\"api_id\":\"1\",\"language\":\"en-gb\",\"currency\":\"INR\",\"customer_id\":\"1\",\"customer\":{\"customer_id\":\"1\",\"customer_group_id\":\"1\",\"firstname\":\"Pramod Patil\",\"lastname\":\"\",\"email\":\"pro.pramod.pune@gmail.com\",\"telephone\":\"9730519575\",\"custom_field\":[]}}', '2020-10-12 18:23:17'),
('810abc1d8acf42f0a83199c694', '{\"api_id\":\"1\",\"language\":\"en-gb\",\"currency\":\"INR\"}', '2020-10-14 18:36:43'),
('8123b323fd272b338bf4d539dd', '{\"api_id\":\"1\",\"language\":\"en-gb\",\"currency\":\"INR\",\"customer_id\":\"1\",\"payment_address\":{\"payment_address\":\"1\",\"firstname\":\"Pramod Patil\",\"lastname\":\"\",\"company\":\"abc.com\",\"address_1\":\"pune\",\"address_2\":\"\",\"postcode\":\"411401\",\"city\":\"pune\",\"zone_id\":\"1493\",\"zone\":\"Maharashtra\",\"zone_code\":\"MA\",\"country_id\":\"99\",\"country\":\"India\",\"iso_code_2\":\"IN\",\"iso_code_3\":\"IND\",\"address_format\":\"\",\"custom_field\":[]},\"customer\":{\"customer_id\":\"1\",\"customer_group_id\":\"1\",\"firstname\":\"Pramod Patil\",\"lastname\":\"\",\"email\":\"pro.pramod.pune@gmail.com\",\"telephone\":\"9730519575\",\"custom_field\":[]},\"shipping_address\":{\"shipping_address\":\"1\",\"firstname\":\"Pramod Patil\",\"lastname\":\"\",\"company\":\"abc.com\",\"address_1\":\"pune\",\"address_2\":\"\",\"postcode\":\"411401\",\"city\":\"pune\",\"zone_id\":\"1493\",\"zone\":\"Maharashtra\",\"zone_code\":\"MA\",\"country_id\":\"99\",\"country\":\"India\",\"iso_code_2\":\"IN\",\"iso_code_3\":\"IND\",\"address_format\":\"\",\"custom_field\":[]},\"payment_methods\":{\"bank_transfer\":{\"code\":\"bank_transfer\",\"title\":\"Bank Transfer\",\"terms\":\"\",\"sort_order\":\"1\"},\"cheque\":{\"code\":\"cheque\",\"title\":\"Cheque \\/ Money Order\",\"terms\":\"\",\"sort_order\":\"3\"},\"cod\":{\"code\":\"cod\",\"title\":\"Cash On Delivery\",\"terms\":\"\",\"sort_order\":\"5\"}},\"payment_method\":{\"code\":\"cod\",\"title\":\"Cash On Delivery\",\"terms\":\"\",\"sort_order\":\"5\"}}', '2020-10-08 21:00:48'),
('83209c09ad569f5b495afa896b', '{\"api_id\":\"1\",\"language\":\"en-gb\",\"currency\":\"INR\"}', '2020-10-14 18:45:22'),
('832771ec4edd4447d5987163c6', '{\"api_id\":\"1\"}', '2020-10-14 20:21:37'),
('835492a5c51086700103900af2', '{\"api_id\":\"1\",\"language\":\"en-gb\",\"currency\":\"INR\",\"customer_id\":\"1\",\"payment_address\":{\"firstname\":\"Pramod Patil\",\"lastname\":\"\",\"company\":\"abc.com\",\"address_1\":\"pune\",\"address_2\":\"\",\"postcode\":\"411401\",\"city\":\"pune\",\"zone_id\":\"1493\",\"zone\":\"Maharashtra\",\"zone_code\":\"MA\",\"country_id\":\"99\",\"country\":\"India\",\"iso_code_2\":\"IN\",\"iso_code_3\":\"IND\",\"address_format\":\"\",\"custom_field\":[]},\"payment_methods\":{\"bank_transfer\":{\"code\":\"bank_transfer\",\"title\":\"Bank Transfer\",\"terms\":\"\",\"sort_order\":\"1\"},\"free_checkout\":{\"code\":\"free_checkout\",\"title\":\"Free Checkout\",\"terms\":\"\",\"sort_order\":\"4\"}},\"customer\":{\"customer_id\":\"1\",\"customer_group_id\":\"1\",\"firstname\":\"Pramod Patil\",\"lastname\":\"\",\"email\":\"pro.pramod.pune@gmail.com\",\"telephone\":\"9730519575\",\"custom_field\":[]}}', '2020-10-08 19:45:51'),
('8475627a431b4fa615a071b3fc', '{\"api_id\":\"1\",\"language\":\"en-gb\",\"currency\":\"USD\"}', '2020-10-15 06:45:42'),
('84d4bd0b383feb106885eb223d', '{\"api_id\":\"1\",\"language\":\"en-gb\",\"currency\":\"INR\",\"customer_id\":\"1\",\"customer\":{\"customer_id\":\"1\",\"customer_group_id\":\"1\",\"firstname\":\"Pramod Patil\",\"lastname\":\"\",\"email\":\"pro.pramod.pune@gmail.com\",\"telephone\":\"9730519575\",\"custom_field\":[]}}', '2020-10-14 18:22:40'),
('864c46a570debe4ba7790c3403', '{\"api_id\":\"1\",\"language\":\"en-gb\",\"currency\":\"INR\",\"customer_id\":\"1\",\"customer\":{\"customer_id\":\"1\",\"customer_group_id\":\"1\",\"firstname\":\"Pramod Patil\",\"lastname\":\"\",\"email\":\"pro.pramod.pune@gmail.com\",\"telephone\":\"9730519575\",\"custom_field\":[]}}', '2020-10-07 18:15:32'),
('866cd19c5a74bc6b78220b4ac4', '{\"api_id\":\"1\",\"language\":\"en-gb\",\"currency\":\"INR\",\"customer_id\":\"1\",\"customer\":{\"customer_id\":\"1\",\"customer_group_id\":\"1\",\"firstname\":\"Pramod Patil\",\"lastname\":\"\",\"email\":\"pro.pramod.pune@gmail.com\",\"telephone\":\"9730519575\",\"custom_field\":[]},\"shipping_address\":{\"shipping_address\":\"1\",\"firstname\":\"Pramod Patil\",\"lastname\":\"\",\"company\":\"abc.com\",\"address_1\":\"pune\",\"address_2\":\"\",\"postcode\":\"411401\",\"city\":\"pune\",\"zone_id\":\"1493\",\"zone\":\"Maharashtra\",\"zone_code\":\"MA\",\"country_id\":\"99\",\"country\":\"India\",\"iso_code_2\":\"IN\",\"iso_code_3\":\"IND\",\"address_format\":\"\",\"custom_field\":[]},\"payment_address\":{\"payment_address\":\"0\",\"firstname\":\"Pramod Patil\",\"lastname\":\"\",\"company\":\"abc.com\",\"address_1\":\"pune\",\"address_2\":\"\",\"postcode\":\"411401\",\"city\":\"pune\",\"zone_id\":\"1493\",\"zone\":\"Maharashtra\",\"zone_code\":\"MA\",\"country_id\":\"99\",\"country\":\"India\",\"iso_code_2\":\"IN\",\"iso_code_3\":\"IND\",\"address_format\":\"\"},\"payment_methods\":{\"bank_transfer\":{\"code\":\"bank_transfer\",\"title\":\"Bank Transfer\",\"terms\":\"\",\"sort_order\":\"1\"},\"cheque\":{\"code\":\"cheque\",\"title\":\"Cheque \\/ Money Order\",\"terms\":\"\",\"sort_order\":\"3\"},\"cod\":{\"code\":\"cod\",\"title\":\"Cash On Delivery\",\"terms\":\"\",\"sort_order\":\"5\"}}}', '2020-10-08 22:51:06'),
('868b5c825627185e23f5222106', '{\"api_id\":\"1\",\"language\":\"en-gb\",\"currency\":\"INR\",\"customer_id\":\"1\",\"customer\":{\"customer_id\":\"1\",\"customer_group_id\":\"1\",\"firstname\":\"Pramod Patil\",\"lastname\":\"\",\"email\":\"pro.pramod.pune@gmail.com\",\"telephone\":\"9730519575\",\"custom_field\":[]}}', '2020-10-08 22:12:47'),
('86c496e58579a6f0a10ef2a80f', '{\"api_id\":\"1\",\"language\":\"en-gb\",\"currency\":\"INR\"}', '2020-10-09 20:11:03'),
('8709a00518c24bab8bc60bab2c', '{\"api_id\":\"1\",\"language\":\"en-gb\",\"currency\":\"INR\"}', '2020-10-14 15:57:39'),
('87f5f8f60e32c328a9aee80147', '{\"api_id\":\"1\",\"language\":\"en-gb\",\"currency\":\"INR\"}', '2020-10-13 21:27:41'),
('88666235f75968640022bc2ef4', '{\"api_id\":\"1\",\"language\":\"en-gb\",\"currency\":\"INR\",\"customer_id\":\"1\",\"customer\":{\"customer_id\":\"1\",\"customer_group_id\":\"1\",\"firstname\":\"Pramod Patil\",\"lastname\":\"\",\"email\":\"pro.pramod.pune@gmail.com\",\"telephone\":\"9730519575\",\"custom_field\":[]}}', '2020-10-08 22:07:33'),
('88d91af801239f16f651c6278f', '{\"api_id\":\"1\"}', '2020-10-12 20:09:42'),
('893f10960f53bd9b7388806402', '{\"api_id\":\"1\",\"language\":\"en-gb\",\"currency\":\"INR\"}', '2020-10-05 19:06:32'),
('89aad8632f18f0005cdd4e6154', '{\"api_id\":\"1\"}', '2020-10-13 18:41:10'),
('89d915f09408dd06b5a61df182', '{\"api_id\":\"1\",\"language\":\"en-gb\",\"currency\":\"INR\",\"customer_id\":\"1\",\"shipping_address\":{\"firstname\":\"Pramod Patil\",\"lastname\":\"\",\"company\":\"abc.com\",\"address_1\":\"pune\",\"address_2\":\"\",\"postcode\":\"411401\",\"city\":\"pune\",\"zone_id\":\"1493\",\"zone\":\"Maharashtra\",\"zone_code\":\"MA\",\"country_id\":\"99\",\"country\":\"India\",\"iso_code_2\":\"IN\",\"iso_code_3\":\"IND\",\"address_format\":\"\",\"custom_field\":[]},\"payment_address\":{\"firstname\":\"Pramod Patil\",\"lastname\":\"\",\"company\":\"abc.com\",\"address_1\":\"pune\",\"address_2\":\"\",\"postcode\":\"411401\",\"city\":\"pune\",\"zone_id\":\"1493\",\"zone\":\"Maharashtra\",\"zone_code\":\"MA\",\"country_id\":\"99\",\"country\":\"India\",\"iso_code_2\":\"IN\",\"iso_code_3\":\"IND\",\"address_format\":\"\",\"custom_field\":[]},\"payment_methods\":{\"bank_transfer\":{\"code\":\"bank_transfer\",\"title\":\"Bank Transfer\",\"terms\":\"\",\"sort_order\":\"1\"},\"cheque\":{\"code\":\"cheque\",\"title\":\"Cheque \\/ Money Order\",\"terms\":\"\",\"sort_order\":\"3\"},\"cod\":{\"code\":\"cod\",\"title\":\"Cash On Delivery\",\"terms\":\"\",\"sort_order\":\"5\"}},\"customer\":{\"customer_id\":\"1\",\"customer_group_id\":\"1\",\"firstname\":\"Pramod Patil\",\"lastname\":\"\",\"email\":\"pro.pramod.pune@gmail.com\",\"telephone\":\"9730519575\",\"custom_field\":[]}}', '2020-10-08 20:36:12'),
('8a26198f39bbc95d08a4059c8a', '{\"api_id\":\"1\",\"language\":\"en-gb\",\"currency\":\"INR\"}', '2020-10-08 20:18:47'),
('8a57606c80954d13516193fedd', '{\"api_id\":\"1\",\"language\":\"en-gb\",\"currency\":\"INR\",\"customer_id\":\"1\",\"customer\":{\"customer_id\":\"1\",\"customer_group_id\":\"1\",\"firstname\":\"Pramod Patil\",\"lastname\":\"\",\"email\":\"pro.pramod.pune@gmail.com\",\"telephone\":\"9730519575\",\"custom_field\":[]},\"payment_address\":{\"payment_address\":\"0\",\"firstname\":\"Pramod Patil\",\"lastname\":\"\",\"company\":\"abc.com\",\"address_1\":\"pune\",\"address_2\":\"\",\"postcode\":\"411401\",\"city\":\"pune\",\"zone_id\":\"1493\",\"zone\":\"Maharashtra\",\"zone_code\":\"MA\",\"country_id\":\"99\",\"country\":\"India\",\"iso_code_2\":\"IN\",\"iso_code_3\":\"IND\",\"address_format\":\"\"},\"payment_methods\":{\"bank_transfer\":{\"code\":\"bank_transfer\",\"title\":\"Bank Transfer\",\"terms\":\"\",\"sort_order\":\"1\"},\"cheque\":{\"code\":\"cheque\",\"title\":\"Cheque \\/ Money Order\",\"terms\":\"\",\"sort_order\":\"3\"},\"cod\":{\"code\":\"cod\",\"title\":\"Cash On Delivery\",\"terms\":\"\",\"sort_order\":\"5\"}}}', '2020-10-11 05:43:53'),
('8bee42317b70691331b9289b7f', '{\"api_id\":\"1\",\"language\":\"en-gb\",\"currency\":\"INR\",\"customer_id\":\"1\",\"customer\":{\"customer_id\":\"1\",\"customer_group_id\":\"1\",\"firstname\":\"Pramod Patil\",\"lastname\":\"\",\"email\":\"pro.pramod.pune@gmail.com\",\"telephone\":\"9730519575\",\"custom_field\":[]}}', '2020-10-10 04:58:23'),
('8c889cf989788978e2aa94a3be', '{\"api_id\":\"1\",\"language\":\"en-gb\",\"currency\":\"INR\",\"payment_address\":{\"firstname\":\"Pramod Patil\",\"lastname\":\"\",\"company\":\"abc.com\",\"address_1\":\"pune\",\"address_2\":\"\",\"postcode\":\"411401\",\"city\":\"pune\",\"zone_id\":\"1493\",\"zone\":\"Maharashtra\",\"zone_code\":\"MA\",\"country_id\":\"99\",\"country\":\"India\",\"iso_code_2\":\"IN\",\"iso_code_3\":\"IND\",\"address_format\":\"\",\"custom_field\":[]},\"payment_methods\":{\"bank_transfer\":{\"code\":\"bank_transfer\",\"title\":\"Bank Transfer\",\"terms\":\"\",\"sort_order\":\"1\"},\"free_checkout\":{\"code\":\"free_checkout\",\"title\":\"Free Checkout\",\"terms\":\"\",\"sort_order\":\"4\"}},\"customer_id\":\"1\",\"customer\":{\"customer_id\":\"1\",\"customer_group_id\":\"1\",\"firstname\":\"Pramod Patil\",\"lastname\":\"\",\"email\":\"pro.pramod.pune@gmail.com\",\"telephone\":\"9730519575\",\"custom_field\":[]}}', '2020-10-08 20:45:21'),
('8c93d420d81cf6cac9603969ad', '{\"api_id\":\"1\",\"language\":\"en-gb\",\"currency\":\"INR\"}', '2020-10-17 05:07:55'),
('8d3047bc4386f61602f72247a6', '{\"api_id\":\"1\",\"language\":\"en-gb\",\"currency\":\"INR\",\"customer_id\":\"1\",\"customer\":{\"customer_id\":\"1\",\"customer_group_id\":\"1\",\"firstname\":\"Pramod Patil\",\"lastname\":\"\",\"email\":\"pro.pramod.pune@gmail.com\",\"telephone\":\"9730519575\",\"custom_field\":[]}}', '2020-10-06 19:23:57'),
('8d519ee43541a73e06a66e9149', '{\"api_id\":\"1\"}', '2020-10-16 11:39:46'),
('8d6d018a4fa0160d1af93b763a', '{\"api_id\":\"1\"}', '2020-10-15 10:43:10');
INSERT INTO `ss_session` (`session_id`, `data`, `expire`) VALUES
('8d7f4fe6f11aca457a5cfd10f9', '{\"api_id\":\"1\",\"language\":\"en-gb\",\"currency\":\"INR\",\"customer_id\":\"1\",\"payment_address\":{\"firstname\":\"Pramod Patil\",\"lastname\":\"\",\"company\":\"abc.com\",\"address_1\":\"pune\",\"address_2\":\"\",\"postcode\":\"411401\",\"city\":\"pune\",\"zone_id\":\"1493\",\"zone\":\"Maharashtra\",\"zone_code\":\"MA\",\"country_id\":\"99\",\"country\":\"India\",\"iso_code_2\":\"IN\",\"iso_code_3\":\"IND\",\"address_format\":\"\",\"custom_field\":[]},\"customer\":{\"customer_id\":\"1\",\"customer_group_id\":\"1\",\"firstname\":\"Pramod Patil\",\"lastname\":\"\",\"email\":\"pro.pramod.pune@gmail.com\",\"telephone\":\"9730519575\",\"custom_field\":[]},\"payment_methods\":{\"bank_transfer\":{\"code\":\"bank_transfer\",\"title\":\"Bank Transfer\",\"terms\":\"\",\"sort_order\":\"1\"},\"cheque\":{\"code\":\"cheque\",\"title\":\"Cheque \\/ Money Order\",\"terms\":\"\",\"sort_order\":\"3\"},\"cod\":{\"code\":\"cod\",\"title\":\"Cash On Delivery\",\"terms\":\"\",\"sort_order\":\"5\"}},\"shipping_address\":{\"firstname\":\"Pramod Patil\",\"lastname\":\"\",\"company\":\"abc.com\",\"address_1\":\"pune\",\"address_2\":\"\",\"postcode\":\"411401\",\"city\":\"pune\",\"zone_id\":\"1493\",\"zone\":\"Maharashtra\",\"zone_code\":\"MA\",\"country_id\":\"99\",\"country\":\"India\",\"iso_code_2\":\"IN\",\"iso_code_3\":\"IND\",\"address_format\":\"\",\"custom_field\":[]},\"shipping_methods\":{\"flat\":{\"title\":\"Flat Rate\",\"quote\":{\"flat\":{\"code\":\"flat.flat\",\"title\":\"Flat Shipping Rate\",\"cost\":\"5.00\",\"tax_class_id\":\"9\",\"text\":\"6.20Rs.\"}},\"sort_order\":\"1\",\"error\":false},\"free\":{\"title\":\"Free Shipping\",\"quote\":{\"free\":{\"code\":\"free.free\",\"title\":\"Free Shipping\",\"cost\":0,\"tax_class_id\":0,\"text\":\"0.00Rs.\"}},\"sort_order\":\"2\",\"error\":false},\"pickup\":{\"title\":\"Pickup\",\"quote\":{\"pickup\":{\"code\":\"pickup.pickup\",\"title\":\"Pickup From Store\",\"cost\":0,\"tax_class_id\":0,\"text\":\"0.00Rs.\"}},\"sort_order\":\"3\",\"error\":false}},\"shipping_method\":{\"code\":\"flat.flat\",\"title\":\"Flat Shipping Rate\",\"cost\":\"5.00\",\"tax_class_id\":\"9\",\"text\":\"6.20Rs.\"},\"payment_method\":{\"code\":\"cod\",\"title\":\"Cash On Delivery\",\"terms\":\"\",\"sort_order\":\"5\"}}', '2020-10-08 20:49:17'),
('8e8e97ff3f777eb1e467bbe1a7', '{\"api_id\":\"1\",\"language\":\"en-gb\",\"currency\":\"INR\"}', '2020-10-14 14:43:13'),
('8ef142c6a8cdc1fdf79a836e46', '{\"api_id\":\"1\",\"language\":\"en-gb\",\"currency\":\"INR\",\"customer_id\":\"1\",\"customer\":{\"customer_id\":\"1\",\"customer_group_id\":\"1\",\"firstname\":\"Pramod Patil\",\"lastname\":\"\",\"email\":\"pro.pramod.pune@gmail.com\",\"telephone\":\"9730519575\",\"custom_field\":[]}}', '2020-10-06 07:18:30'),
('8ef78536a9d31df46d4c1b6cb4', '{\"api_id\":\"1\"}', '2020-10-05 07:02:50'),
('8efb0fe9b3436b8a8a88feeea7', '{\"api_id\":\"1\",\"language\":\"en-gb\",\"currency\":\"INR\",\"customer_id\":\"1\",\"customer\":{\"customer_id\":\"1\",\"customer_group_id\":\"1\",\"firstname\":\"Pramod Patil\",\"lastname\":\"\",\"email\":\"pro.pramod.pune@gmail.com\",\"telephone\":\"9730519575\",\"custom_field\":[]},\"payment_address\":{\"payment_address\":\"1\",\"firstname\":\"Pramod Patil\",\"lastname\":\"\",\"company\":\"abc.com\",\"address_1\":\"pune\",\"address_2\":\"\",\"postcode\":\"411401\",\"city\":\"pune\",\"zone_id\":\"1493\",\"zone\":\"Maharashtra\",\"zone_code\":\"MA\",\"country_id\":\"99\",\"country\":\"India\",\"iso_code_2\":\"IN\",\"iso_code_3\":\"IND\",\"address_format\":\"\",\"custom_field\":[]},\"payment_methods\":{\"bank_transfer\":{\"code\":\"bank_transfer\",\"title\":\"Bank Transfer\",\"terms\":\"\",\"sort_order\":\"1\"},\"free_checkout\":{\"code\":\"free_checkout\",\"title\":\"Free Checkout\",\"terms\":\"\",\"sort_order\":\"4\"}}}', '2020-10-08 21:39:24'),
('8f5a470637b11b6604cafc3e42', '{\"api_id\":\"1\",\"language\":\"en-gb\",\"currency\":\"INR\",\"customer_id\":\"1\",\"customer\":{\"customer_id\":\"1\",\"customer_group_id\":\"1\",\"firstname\":\"Pramod Patil\",\"lastname\":\"\",\"email\":\"pro.pramod.pune@gmail.com\",\"telephone\":\"9730519575\",\"custom_field\":[]},\"shipping_address\":{\"firstname\":\"Pramod Patil\",\"lastname\":\"dsfs\",\"company\":\"abc.com\",\"address_1\":\"pune\",\"address_2\":\"\",\"postcode\":\"411401\",\"city\":\"pune\",\"zone_id\":\"1493\",\"zone\":\"Maharashtra\",\"zone_code\":\"MA\",\"country_id\":\"99\",\"country\":\"India\",\"iso_code_2\":\"IN\",\"iso_code_3\":\"IND\",\"address_format\":\"\",\"custom_field\":[]},\"shipping_methods\":{\"flat\":{\"title\":\"Flat Rate\",\"quote\":{\"flat\":{\"code\":\"flat.flat\",\"title\":\"Flat Shipping Rate\",\"cost\":\"5.00\",\"tax_class_id\":\"9\",\"text\":\"6.20Rs.\"}},\"sort_order\":\"1\",\"error\":false},\"free\":{\"title\":\"Free Shipping\",\"quote\":{\"free\":{\"code\":\"free.free\",\"title\":\"Free Shipping\",\"cost\":0,\"tax_class_id\":0,\"text\":\"0.00Rs.\"}},\"sort_order\":\"2\",\"error\":false},\"pickup\":{\"title\":\"Pickup\",\"quote\":{\"pickup\":{\"code\":\"pickup.pickup\",\"title\":\"Pickup From Store\",\"cost\":0,\"tax_class_id\":0,\"text\":\"0.00Rs.\"}},\"sort_order\":\"3\",\"error\":false}}}', '2020-10-05 20:30:23'),
('8f9304ae659222bca36bbeccd8', '{\"api_id\":\"1\",\"language\":\"en-gb\",\"currency\":\"INR\",\"customer_id\":\"1\",\"customer\":{\"customer_id\":\"1\",\"customer_group_id\":\"1\",\"firstname\":\"Pramod Patil\",\"lastname\":\"\",\"email\":\"pro.pramod.pune@gmail.com\",\"telephone\":\"9730519575\",\"custom_field\":[]}}', '2020-10-06 18:43:35'),
('8fa107d772cc1f36e962a841ae', '{\"api_id\":\"1\"}', '2020-10-08 20:57:27'),
('8fb94df95d812d561675ca6ff8', '{\"api_id\":\"1\",\"language\":\"en-gb\",\"currency\":\"INR\"}', '2020-10-13 21:19:11'),
('9077d502f747e15779f3042efd', '{\"api_id\":\"1\",\"language\":\"en-gb\",\"currency\":\"INR\",\"customer_id\":\"1\",\"customer\":{\"customer_id\":\"1\",\"customer_group_id\":\"1\",\"firstname\":\"Pramod Patil\",\"lastname\":\"\",\"email\":\"pro.pramod.pune@gmail.com\",\"telephone\":\"9730519575\",\"custom_field\":[]},\"payment_address\":{\"payment_address\":\"1\",\"firstname\":\"Pramod Patil\",\"lastname\":\"\",\"company\":\"abc.com\",\"address_1\":\"pune\",\"address_2\":\"\",\"postcode\":\"411401\",\"city\":\"pune\",\"zone_id\":\"1493\",\"zone\":\"Maharashtra\",\"zone_code\":\"MA\",\"country_id\":\"99\",\"country\":\"India\",\"iso_code_2\":\"IN\",\"iso_code_3\":\"IND\",\"address_format\":\"\",\"custom_field\":[]},\"payment_methods\":{\"bank_transfer\":{\"code\":\"bank_transfer\",\"title\":\"Bank Transfer\",\"terms\":\"\",\"sort_order\":\"1\"},\"cheque\":{\"code\":\"cheque\",\"title\":\"Cheque \\/ Money Order\",\"terms\":\"\",\"sort_order\":\"3\"},\"cod\":{\"code\":\"cod\",\"title\":\"Cash On Delivery\",\"terms\":\"\",\"sort_order\":\"5\"}}}', '2020-10-08 21:40:48'),
('914c2378c1ad0ac39c07f84dc0', '{\"api_id\":\"1\",\"language\":\"en-gb\",\"currency\":\"INR\"}', '2020-10-13 20:04:08'),
('91bfc07e51f5a6ebf3f4bab666', '{\"api_id\":\"1\",\"language\":\"en-gb\",\"currency\":\"INR\"}', '2020-10-13 20:05:22'),
('927b879480901e6b50aaf927c2', '{\"api_id\":\"1\",\"language\":\"en-gb\",\"currency\":\"INR\"}', '2020-10-16 18:19:02'),
('92dc5bcb0ca16f72ccc345d559', '{\"api_id\":\"1\",\"language\":\"en-gb\",\"currency\":\"INR\"}', '2020-10-07 18:45:45'),
('92dc5e1cba52855093e7ce46e9', '{\"api_id\":\"1\",\"language\":\"en-gb\",\"currency\":\"INR\"}', '2020-10-05 19:09:35'),
('93dcea6e3a18e2571d38bee906', '{\"api_id\":\"1\",\"language\":\"en-gb\",\"currency\":\"INR\",\"customer_id\":\"1\",\"customer\":{\"customer_id\":\"1\",\"customer_group_id\":\"1\",\"firstname\":\"Pramod Patil\",\"lastname\":\"\",\"email\":\"pro.pramod.pune@gmail.com\",\"telephone\":\"9730519575\",\"custom_field\":[]}}', '2020-10-05 19:34:10'),
('941eabf3d0586f585a324cadbb', '{\"api_id\":\"1\",\"language\":\"en-gb\",\"currency\":\"INR\"}', '2020-10-13 19:59:20'),
('94646acdb9808c809603e768fd', '{\"api_id\":\"1\"}', '2020-10-08 20:16:58'),
('95c396722822b58d45abed7024', '{\"api_id\":\"1\",\"language\":\"en-gb\",\"currency\":\"INR\",\"customer_id\":\"1\",\"payment_address\":{\"firstname\":\"Pramod Patil\",\"lastname\":\"\",\"company\":\"abc.com\",\"address_1\":\"pune\",\"address_2\":\"\",\"postcode\":\"411401\",\"city\":\"pune\",\"zone_id\":\"1493\",\"zone\":\"Maharashtra\",\"zone_code\":\"MA\",\"country_id\":\"99\",\"country\":\"India\",\"iso_code_2\":\"IN\",\"iso_code_3\":\"IND\",\"address_format\":\"\",\"custom_field\":[]},\"customer\":{\"customer_id\":\"1\",\"customer_group_id\":\"1\",\"firstname\":\"Pramod Patil\",\"lastname\":\"\",\"email\":\"pro.pramod.pune@gmail.com\",\"telephone\":\"9730519575\",\"custom_field\":[]},\"shipping_address\":{\"firstname\":\"Pramod Patil\",\"lastname\":\"\",\"company\":\"abc.com\",\"address_1\":\"pune\",\"address_2\":\"\",\"postcode\":\"411401\",\"city\":\"pune\",\"zone_id\":\"1493\",\"zone\":\"Maharashtra\",\"zone_code\":\"MA\",\"country_id\":\"99\",\"country\":\"India\",\"iso_code_2\":\"IN\",\"iso_code_3\":\"IND\",\"address_format\":\"\",\"custom_field\":[]},\"shipping_methods\":{\"flat\":{\"title\":\"Flat Rate\",\"quote\":{\"flat\":{\"code\":\"flat.flat\",\"title\":\"Flat Shipping Rate\",\"cost\":\"5.00\",\"tax_class_id\":\"9\",\"text\":\"6.20Rs.\"}},\"sort_order\":\"1\",\"error\":false},\"free\":{\"title\":\"Free Shipping\",\"quote\":{\"free\":{\"code\":\"free.free\",\"title\":\"Free Shipping\",\"cost\":0,\"tax_class_id\":0,\"text\":\"0.00Rs.\"}},\"sort_order\":\"2\",\"error\":false},\"pickup\":{\"title\":\"Pickup\",\"quote\":{\"pickup\":{\"code\":\"pickup.pickup\",\"title\":\"Pickup From Store\",\"cost\":0,\"tax_class_id\":0,\"text\":\"0.00Rs.\"}},\"sort_order\":\"3\",\"error\":false}},\"shipping_method\":{\"code\":\"flat.flat\",\"title\":\"Flat Shipping Rate\",\"cost\":\"5.00\",\"tax_class_id\":\"9\",\"text\":\"6.20Rs.\"}}', '2020-10-08 05:32:29'),
('9631dd1341d2a734ce0772a97e', '{\"api_id\":\"1\",\"language\":\"en-gb\",\"currency\":\"INR\"}', '2020-10-14 16:23:15'),
('9661eafd710d8b5589504432e4', '{\"api_id\":\"1\",\"language\":\"en-gb\",\"currency\":\"INR\"}', '2020-10-12 19:13:46'),
('969b2bc012f4b023186015f759', '{\"api_id\":\"1\"}', '2020-10-12 20:10:28'),
('975d6244a224b858964963f939', '{\"api_id\":\"1\",\"language\":\"en-gb\",\"currency\":\"INR\",\"customer_id\":\"1\",\"payment_address\":{\"firstname\":\"Pramod Patil\",\"lastname\":\"\",\"company\":\"abc.com\",\"address_1\":\"pune\",\"address_2\":\"\",\"postcode\":\"411401\",\"city\":\"pune\",\"zone_id\":\"1493\",\"zone\":\"Maharashtra\",\"zone_code\":\"MA\",\"country_id\":\"99\",\"country\":\"India\",\"iso_code_2\":\"IN\",\"iso_code_3\":\"IND\",\"address_format\":\"\",\"custom_field\":[]},\"customer\":{\"customer_id\":\"1\",\"customer_group_id\":\"1\",\"firstname\":\"Pramod Patil\",\"lastname\":\"\",\"email\":\"pro.pramod.pune@gmail.com\",\"telephone\":\"9730519575\",\"custom_field\":[]},\"shipping_address\":{\"firstname\":\"Pramod Patil\",\"lastname\":\"\",\"company\":\"abc.com\",\"address_1\":\"pune\",\"address_2\":\"\",\"postcode\":\"411401\",\"city\":\"pune\",\"zone_id\":\"1493\",\"zone\":\"Maharashtra\",\"zone_code\":\"MA\",\"country_id\":\"99\",\"country\":\"India\",\"iso_code_2\":\"IN\",\"iso_code_3\":\"IND\",\"address_format\":\"\",\"custom_field\":[]},\"shipping_methods\":{\"flat\":{\"title\":\"Flat Rate\",\"quote\":{\"flat\":{\"code\":\"flat.flat\",\"title\":\"Flat Shipping Rate\",\"cost\":\"5.00\",\"tax_class_id\":\"9\",\"text\":\"6.20Rs.\"}},\"sort_order\":\"1\",\"error\":false},\"free\":{\"title\":\"Free Shipping\",\"quote\":{\"free\":{\"code\":\"free.free\",\"title\":\"Free Shipping\",\"cost\":0,\"tax_class_id\":0,\"text\":\"0.00Rs.\"}},\"sort_order\":\"2\",\"error\":false},\"pickup\":{\"title\":\"Pickup\",\"quote\":{\"pickup\":{\"code\":\"pickup.pickup\",\"title\":\"Pickup From Store\",\"cost\":0,\"tax_class_id\":0,\"text\":\"0.00Rs.\"}},\"sort_order\":\"3\",\"error\":false}}}', '2020-10-07 19:57:45'),
('980154efd4c8417727aba5e6b4', '{\"api_id\":\"1\"}', '2020-10-08 21:37:55'),
('98f201a24c83c6245a11df3ff8', '{\"api_id\":\"1\",\"language\":\"en-gb\",\"currency\":\"INR\",\"customer_id\":\"1\",\"customer\":{\"customer_id\":\"1\",\"customer_group_id\":\"1\",\"firstname\":\"Pramod Patil\",\"lastname\":\"\",\"email\":\"pro.pramod.pune@gmail.com\",\"telephone\":\"9730519575\",\"custom_field\":[]}}', '2020-10-07 17:48:48'),
('99061f7953a99476e2e600202e', '{\"api_id\":\"1\",\"language\":\"en-gb\",\"currency\":\"INR\"}', '2020-10-12 20:23:01'),
('9a60f1926932d0c57b8d589b99', '{\"api_id\":\"1\"}', '2020-10-11 05:33:03'),
('9b722e95f37184d88d16e12539', '{\"api_id\":\"1\",\"language\":\"en-gb\",\"currency\":\"INR\",\"customer_id\":\"1\",\"customer\":{\"customer_id\":\"1\",\"customer_group_id\":\"1\",\"firstname\":\"Pramod Patil\",\"lastname\":\"\",\"email\":\"pro.pramod.pune@gmail.com\",\"telephone\":\"9730519575\",\"custom_field\":[]},\"shipping_address\":{\"shipping_address\":\"1\",\"firstname\":\"Pramod Patil\",\"lastname\":\"\",\"company\":\"abc.com\",\"address_1\":\"pune\",\"address_2\":\"\",\"postcode\":\"411401\",\"city\":\"pune\",\"zone_id\":\"1493\",\"zone\":\"Maharashtra\",\"zone_code\":\"MA\",\"country_id\":\"99\",\"country\":\"India\",\"iso_code_2\":\"IN\",\"iso_code_3\":\"IND\",\"address_format\":\"\",\"custom_field\":[]},\"shipping_methods\":{\"flat\":{\"title\":\"Flat Rate\",\"quote\":{\"flat\":{\"code\":\"flat.flat\",\"title\":\"Flat Shipping Rate\",\"cost\":\"5.00\",\"tax_class_id\":\"9\",\"text\":\"6.20Rs.\"}},\"sort_order\":\"1\",\"error\":\"false\"},\"free\":{\"title\":\"Free Shipping\",\"quote\":{\"free\":{\"code\":\"free.free\",\"title\":\"Free Shipping\",\"cost\":\"0\",\"tax_class_id\":\"0\",\"text\":\"0.00Rs.\"}},\"sort_order\":\"2\",\"error\":\"false\"},\"pickup\":{\"title\":\"Pickup\",\"quote\":{\"pickup\":{\"code\":\"pickup.pickup\",\"title\":\"Pickup From Store\",\"cost\":\"0\",\"tax_class_id\":\"0\",\"text\":\"0.00Rs.\"}},\"sort_order\":\"3\",\"error\":\"false\"}},\"shipping_method\":{\"code\":\"flat.flat\",\"title\":\"Flat Shipping Rate\",\"cost\":\"5.00\",\"tax_class_id\":\"9\",\"text\":\"6.20Rs.\"},\"payment_address\":{\"payment_address\":\"1\",\"firstname\":\"Pramod Patil\",\"lastname\":\"\",\"company\":\"abc.com\",\"address_1\":\"pune\",\"address_2\":\"\",\"postcode\":\"411401\",\"city\":\"pune\",\"zone_id\":\"1493\",\"zone\":\"Maharashtra\",\"zone_code\":\"MA\",\"country_id\":\"99\",\"country\":\"India\",\"iso_code_2\":\"IN\",\"iso_code_3\":\"IND\",\"address_format\":\"\"},\"payment_methods\":{\"bank_transfer\":{\"code\":\"bank_transfer\",\"title\":\"Bank Transfer\",\"terms\":\"\",\"sort_order\":\"1\"},\"cheque\":{\"code\":\"cheque\",\"title\":\"Cheque \\/ Money Order\",\"terms\":\"\",\"sort_order\":\"3\"},\"cod\":{\"code\":\"cod\",\"title\":\"Cash On Delivery\",\"terms\":\"\",\"sort_order\":\"5\"}},\"payment_method\":{\"code\":\"cod\",\"title\":\"Cash On Delivery\",\"terms\":\"\",\"sort_order\":\"5\"}}', '2020-10-13 16:02:52'),
('9bd7c1b8ac1a4e739d38d25017', '{\"api_id\":\"1\",\"language\":\"en-gb\",\"currency\":\"INR\",\"customer_id\":\"1\",\"customer\":{\"customer_id\":\"1\",\"customer_group_id\":\"1\",\"firstname\":\"Pramod Patil\",\"lastname\":\"\",\"email\":\"pro.pramod.pune@gmail.com\",\"telephone\":\"9730519575\",\"custom_field\":[]}}', '2020-10-09 20:13:04'),
('9c3030289118aeea3984212554', '{\"api_id\":\"1\",\"language\":\"en-gb\",\"currency\":\"INR\",\"customer_id\":\"1\",\"customer\":{\"customer_id\":\"1\",\"customer_group_id\":\"1\",\"firstname\":\"Pramod Patil\",\"lastname\":\"\",\"email\":\"pro.pramod.pune@gmail.com\",\"telephone\":\"9730519575\",\"custom_field\":[]}}', '2020-10-11 05:23:17'),
('9d082861d3008a89ef6f458041', '{\"api_id\":\"1\",\"language\":\"en-gb\",\"currency\":\"INR\"}', '2020-10-05 19:27:08'),
('9d3ef7a1ce5df981579b2501dd', '{\"api_id\":\"1\",\"language\":\"en-gb\",\"currency\":\"INR\"}', '2020-10-06 18:41:18'),
('9df722eb3ad67ac83a5d6723c3', '{\"api_id\":\"1\"}', '2020-10-12 20:10:27'),
('9dfbcf2faa9eb52592ce66a6e9', '{\"api_id\":\"1\"}', '2020-10-05 06:00:02'),
('9e7cbd91041972c2a13e9d7e54', '{\"api_id\":\"1\",\"language\":\"en-gb\",\"currency\":\"INR\",\"customer_id\":\"1\",\"customer\":{\"customer_id\":\"1\",\"customer_group_id\":\"1\",\"firstname\":\"Pramod Patil\",\"lastname\":\"\",\"email\":\"pro.pramod.pune@gmail.com\",\"telephone\":\"9730519575\",\"custom_field\":[]}}', '2020-10-15 07:43:32'),
('9e863b3c17087a28b6f35b63fd', '{\"api_id\":\"1\",\"language\":\"en-gb\",\"currency\":\"INR\"}', '2020-10-13 20:03:19'),
('a03ec3396ddb23be353fe7baf8', '{\"api_id\":\"1\"}', '2020-10-08 20:04:57'),
('a0a1e92cfcb8bb2be2ce8fc630', '{\"api_id\":\"1\",\"language\":\"en-gb\",\"currency\":\"INR\"}', '2020-10-15 10:28:41'),
('a2626af685e590a8da65018882', '{\"api_id\":\"1\",\"language\":\"en-gb\",\"currency\":\"INR\",\"customer_id\":\"1\",\"customer\":{\"customer_id\":\"1\",\"customer_group_id\":\"1\",\"firstname\":\"Pramod Patil\",\"lastname\":\"\",\"email\":\"pro.pramod.pune@gmail.com\",\"telephone\":\"9730519575\",\"custom_field\":[]},\"payment_address\":{\"payment_address\":\"1\",\"firstname\":\"Pramod Patil\",\"lastname\":\"\",\"company\":\"abc.com\",\"address_1\":\"pune\",\"address_2\":\"\",\"postcode\":\"411401\",\"city\":\"pune\",\"zone_id\":\"1493\",\"zone\":\"Maharashtra\",\"zone_code\":\"MA\",\"country_id\":\"99\",\"country\":\"India\",\"iso_code_2\":\"IN\",\"iso_code_3\":\"IND\",\"address_format\":\"\"},\"payment_methods\":{\"bank_transfer\":{\"code\":\"bank_transfer\",\"title\":\"Bank Transfer\",\"terms\":\"\",\"sort_order\":\"1\"},\"cheque\":{\"code\":\"cheque\",\"title\":\"Cheque \\/ Money Order\",\"terms\":\"\",\"sort_order\":\"3\"},\"cod\":{\"code\":\"cod\",\"title\":\"Cash On Delivery\",\"terms\":\"\",\"sort_order\":\"5\"}}}', '2020-10-11 05:40:30'),
('a29b26a31966a10159187d4cfd', '{\"api_id\":\"1\"}', '2020-10-12 19:17:54'),
('a353c42be2a2d2bdd91618b617', '{\"api_id\":\"1\",\"language\":\"en-gb\",\"currency\":\"INR\"}', '2020-10-09 20:14:42'),
('a37b6e2f7db9e60a29b6183f8a', '{\"api_id\":\"1\",\"language\":\"en-gb\",\"currency\":\"INR\",\"customer_id\":\"1\",\"customer\":{\"customer_id\":\"1\",\"customer_group_id\":\"1\",\"firstname\":\"Pramod Patil\",\"lastname\":\"\",\"email\":\"pro.pramod.pune@gmail.com\",\"telephone\":\"9730519575\",\"custom_field\":[]},\"shipping_address\":{\"shipping_address\":\"1\",\"firstname\":\"Pramod Patil\",\"lastname\":\"\",\"company\":\"abc.com\",\"address_1\":\"pune\",\"address_2\":\"\",\"postcode\":\"411401\",\"city\":\"pune\",\"zone_id\":\"1493\",\"zone\":\"Maharashtra\",\"zone_code\":\"MA\",\"country_id\":\"99\",\"country\":\"India\",\"iso_code_2\":\"IN\",\"iso_code_3\":\"IND\",\"address_format\":\"\",\"custom_field\":[]},\"shipping_methods\":{\"flat\":{\"title\":\"Flat Rate\",\"quote\":{\"flat\":{\"code\":\"flat.flat\",\"title\":\"Flat Shipping Rate\",\"cost\":\"5.00\",\"tax_class_id\":\"9\",\"text\":\"6.20Rs.\"}},\"sort_order\":\"1\",\"error\":false},\"free\":{\"title\":\"Free Shipping\",\"quote\":{\"free\":{\"code\":\"free.free\",\"title\":\"Free Shipping\",\"cost\":0,\"tax_class_id\":0,\"text\":\"0.00Rs.\"}},\"sort_order\":\"2\",\"error\":false},\"pickup\":{\"title\":\"Pickup\",\"quote\":{\"pickup\":{\"code\":\"pickup.pickup\",\"title\":\"Pickup From Store\",\"cost\":0,\"tax_class_id\":0,\"text\":\"0.00Rs.\"}},\"sort_order\":\"3\",\"error\":false}}}', '2020-10-08 22:12:01'),
('a3c1671ac687871beb6c0983f2', '{\"api_id\":\"1\",\"language\":\"en-gb\",\"currency\":\"INR\",\"customer_id\":\"1\",\"customer\":{\"customer_id\":\"1\",\"customer_group_id\":\"1\",\"firstname\":\"Pramod Patil\",\"lastname\":\"\",\"email\":\"pro.pramod.pune@gmail.com\",\"telephone\":\"9730519575\",\"custom_field\":[]}}', '2020-10-06 18:43:40'),
('a506ae93eaed3e888d2b135ccf', '{\"api_id\":\"1\"}', '2020-10-09 07:02:06'),
('a5918c0b671715d9fb716d3636', '{\"api_id\":\"1\",\"language\":\"en-gb\",\"currency\":\"INR\",\"customer_id\":\"1\",\"customer\":{\"customer_id\":\"1\",\"customer_group_id\":\"1\",\"firstname\":\"Pramod Patil\",\"lastname\":\"\",\"email\":\"pro.pramod.pune@gmail.com\",\"telephone\":\"9730519575\",\"custom_field\":[]},\"shipping_address\":{\"shipping_address\":\"1\",\"firstname\":\"Pramod Patil\",\"lastname\":\"\",\"company\":\"abc.com\",\"address_1\":\"pune\",\"address_2\":\"\",\"postcode\":\"411401\",\"city\":\"pune\",\"zone_id\":\"1493\",\"zone\":\"Maharashtra\",\"zone_code\":\"MA\",\"country_id\":\"99\",\"country\":\"India\",\"iso_code_2\":\"IN\",\"iso_code_3\":\"IND\",\"address_format\":\"\",\"custom_field\":[]},\"shipping_methods\":{\"flat\":{\"title\":\"Flat Rate\",\"quote\":{\"flat\":{\"code\":\"flat.flat\",\"title\":\"Flat Shipping Rate\",\"cost\":\"5.00\",\"tax_class_id\":\"9\",\"text\":\"6.20Rs.\"}},\"sort_order\":\"1\",\"error\":false},\"free\":{\"title\":\"Free Shipping\",\"quote\":{\"free\":{\"code\":\"free.free\",\"title\":\"Free Shipping\",\"cost\":0,\"tax_class_id\":0,\"text\":\"0.00Rs.\"}},\"sort_order\":\"2\",\"error\":false},\"pickup\":{\"title\":\"Pickup\",\"quote\":{\"pickup\":{\"code\":\"pickup.pickup\",\"title\":\"Pickup From Store\",\"cost\":0,\"tax_class_id\":0,\"text\":\"0.00Rs.\"}},\"sort_order\":\"3\",\"error\":false}}}', '2020-10-08 21:59:59'),
('a66a1473759feebcd835298ad3', '{\"api_id\":\"1\",\"language\":\"en-gb\",\"currency\":\"INR\",\"customer_id\":\"1\",\"payment_address\":{\"firstname\":\"Pramod Patil\",\"lastname\":\"\",\"company\":\"abc.com\",\"address_1\":\"pune\",\"address_2\":\"\",\"postcode\":\"411401\",\"city\":\"pune\",\"zone_id\":\"1493\",\"zone\":\"Maharashtra\",\"zone_code\":\"MA\",\"country_id\":\"99\",\"country\":\"India\",\"iso_code_2\":\"IN\",\"iso_code_3\":\"IND\",\"address_format\":\"\",\"custom_field\":[]},\"customer\":{\"customer_id\":\"1\",\"customer_group_id\":\"1\",\"firstname\":\"Pramod Patil\",\"lastname\":\"\",\"email\":\"pro.pramod.pune@gmail.com\",\"telephone\":\"9730519575\",\"custom_field\":[]},\"shipping_address\":{\"firstname\":\"Pramod Patil\",\"lastname\":\"\",\"company\":\"abc.com\",\"address_1\":\"pune\",\"address_2\":\"\",\"postcode\":\"411401\",\"city\":\"pune\",\"zone_id\":\"1493\",\"zone\":\"Maharashtra\",\"zone_code\":\"MA\",\"country_id\":\"99\",\"country\":\"India\",\"iso_code_2\":\"IN\",\"iso_code_3\":\"IND\",\"address_format\":\"\",\"custom_field\":[]},\"shipping_methods\":{\"flat\":{\"title\":\"Flat Rate\",\"quote\":{\"flat\":{\"code\":\"flat.flat\",\"title\":\"Flat Shipping Rate\",\"cost\":\"5.00\",\"tax_class_id\":\"9\",\"text\":\"6.20Rs.\"}},\"sort_order\":\"1\",\"error\":false},\"free\":{\"title\":\"Free Shipping\",\"quote\":{\"free\":{\"code\":\"free.free\",\"title\":\"Free Shipping\",\"cost\":0,\"tax_class_id\":0,\"text\":\"0.00Rs.\"}},\"sort_order\":\"2\",\"error\":false},\"pickup\":{\"title\":\"Pickup\",\"quote\":{\"pickup\":{\"code\":\"pickup.pickup\",\"title\":\"Pickup From Store\",\"cost\":0,\"tax_class_id\":0,\"text\":\"0.00Rs.\"}},\"sort_order\":\"3\",\"error\":false}}}', '2020-10-08 19:22:26'),
('a6828e82b7c14ce2b94d47fa4a', '{\"api_id\":\"1\",\"language\":\"en-gb\",\"currency\":\"INR\"}', '2020-10-16 16:09:38'),
('a693ae481708a2b51cbb6d4e01', '{\"api_id\":\"1\"}', '2020-10-09 06:26:51'),
('a7bd6ee971589666aca18b81f7', '{\"api_id\":\"1\"}', '2020-10-11 04:49:08'),
('a7d0e6efff2737f2b97f941aa7', '{\"api_id\":\"1\"}', '2020-10-11 04:46:12'),
('a877fac84bdd1a9c99f7b5db7b', '{\"api_id\":\"1\",\"language\":\"en-gb\",\"currency\":\"INR\",\"customer_id\":\"1\",\"customer\":{\"customer_id\":\"1\",\"customer_group_id\":\"1\",\"firstname\":\"Pramod Patil\",\"lastname\":\"\",\"email\":\"pro.pramod.pune@gmail.com\",\"telephone\":\"9730519575\",\"custom_field\":[]}}', '2020-10-10 19:30:29'),
('a89aac95a5a05d15b9c5d08b41', '{\"api_id\":\"1\"}', '2020-10-13 16:03:07'),
('a8a46e64d20bec85c63fa7587c', '{\"api_id\":\"1\",\"language\":\"en-gb\",\"currency\":\"INR\",\"customer_id\":\"1\",\"customer\":{\"customer_id\":\"1\",\"customer_group_id\":\"1\",\"firstname\":\"Pramod Patil\",\"lastname\":\"\",\"email\":\"pro.pramod.pune@gmail.com\",\"telephone\":\"9730519575\",\"custom_field\":[]}}', '2020-10-10 18:56:00'),
('a8bd077e95e20e4f4e1d6a812f', '{\"api_id\":\"1\",\"language\":\"en-gb\",\"currency\":\"INR\",\"customer_id\":\"1\",\"customer\":{\"customer_id\":\"1\",\"customer_group_id\":\"1\",\"firstname\":\"Pramod Patil\",\"lastname\":\"\",\"email\":\"pro.pramod.pune@gmail.com\",\"telephone\":\"9730519575\",\"custom_field\":[]},\"shipping_address\":{\"shipping_address\":\"\",\"firstname\":\"Pramod Patil\",\"lastname\":\"\",\"company\":\"abc.com\",\"address_1\":\"Lolhapur\",\"address_2\":\"\",\"postcode\":\"411412\",\"city\":\"Kolhapur\",\"zone_id\":\"1493\",\"zone\":\"Maharashtra\",\"zone_code\":\"MA\",\"country_id\":\"99\",\"country\":\"India\",\"iso_code_2\":\"IN\",\"iso_code_3\":\"IND\",\"address_format\":\"\",\"custom_field\":[]},\"shipping_methods\":{\"flat\":{\"title\":\"Flat Rate\",\"quote\":{\"flat\":{\"code\":\"flat.flat\",\"title\":\"Flat Shipping Rate\",\"cost\":\"5.00\",\"tax_class_id\":\"9\",\"text\":\"6.20Rs.\"}},\"sort_order\":\"1\",\"error\":false},\"free\":{\"title\":\"Free Shipping\",\"quote\":{\"free\":{\"code\":\"free.free\",\"title\":\"Free Shipping\",\"cost\":0,\"tax_class_id\":0,\"text\":\"0.00Rs.\"}},\"sort_order\":\"2\",\"error\":false},\"pickup\":{\"title\":\"Pickup\",\"quote\":{\"pickup\":{\"code\":\"pickup.pickup\",\"title\":\"Pickup From Store\",\"cost\":0,\"tax_class_id\":0,\"text\":\"0.00Rs.\"}},\"sort_order\":\"3\",\"error\":false}}}', '2020-10-12 19:03:31'),
('a9c03a19945cdfde692fee4a2a', '{\"api_id\":\"1\"}', '2020-10-08 20:04:59'),
('aa367e78909d2e76ff3373db46', '{\"api_id\":\"1\"}', '2020-10-13 08:36:06'),
('aa9a49b1c2cfe5d329604838d4', '{\"api_id\":\"1\"}', '2020-10-05 18:54:31'),
('ab776dbbd01ade7eba561ce44b', '{\"api_id\":\"1\",\"language\":\"en-gb\",\"currency\":\"USD\"}', '2020-10-09 06:41:48'),
('abc8647e6f137df255b87500fd', '{\"api_id\":\"1\",\"language\":\"en-gb\",\"currency\":\"INR\"}', '2020-10-08 21:27:07'),
('acc465653f54eed7a05f8e9e36', '{\"api_id\":\"1\",\"language\":\"en-gb\",\"currency\":\"INR\",\"customer_id\":\"1\",\"customer\":{\"customer_id\":\"1\",\"customer_group_id\":\"1\",\"firstname\":\"Pramod Patil\",\"lastname\":\"\",\"email\":\"pro.pramod.pune@gmail.com\",\"telephone\":\"9730519575\",\"custom_field\":[]}}', '2020-10-12 18:32:47'),
('ad2c76adb7b2783b390b84c29a', '{\"api_id\":\"1\"}', '2020-10-05 06:56:19'),
('ad7ac0706de430cb36e8b3d149', '{\"api_id\":\"1\",\"language\":\"en-gb\",\"currency\":\"INR\",\"customer_id\":\"1\",\"customer\":{\"customer_id\":\"1\",\"customer_group_id\":\"1\",\"firstname\":\"Pramod Patil\",\"lastname\":\"\",\"email\":\"pro.pramod.pune@gmail.com\",\"telephone\":\"9730519575\",\"custom_field\":[]}}', '2020-10-10 19:31:57'),
('adfe3f86a0674da3ce67e4d6b8', '{\"api_id\":\"1\",\"language\":\"en-gb\",\"currency\":\"INR\",\"payment_address\":{\"shipping_address\":\"\",\"firstname\":\"Pramod Patil\",\"lastname\":\"\",\"company\":\"abc.com\",\"address_1\":\"pune\",\"address_2\":\"\",\"postcode\":\"411401\",\"city\":\"pune\",\"zone_id\":\"1493\",\"zone\":\"Maharashtra\",\"zone_code\":\"MA\",\"country_id\":\"99\",\"country\":\"India\",\"iso_code_2\":\"IN\",\"iso_code_3\":\"IND\",\"address_format\":\"\",\"custom_field\":[]},\"payment_methods\":{\"bank_transfer\":{\"code\":\"bank_transfer\",\"title\":\"Bank Transfer\",\"terms\":\"\",\"sort_order\":\"1\"},\"free_checkout\":{\"code\":\"free_checkout\",\"title\":\"Free Checkout\",\"terms\":\"\",\"sort_order\":\"4\"}},\"customer_id\":\"1\",\"customer\":{\"customer_id\":\"1\",\"customer_group_id\":\"1\",\"firstname\":\"Pramod Patil\",\"lastname\":\"\",\"email\":\"pro.pramod.pune@gmail.com\",\"telephone\":\"9730519575\",\"custom_field\":[]}}', '2020-10-08 20:52:50'),
('ae6059b6fa9cca77fb3e700ab9', '{\"api_id\":\"1\",\"language\":\"en-gb\",\"currency\":\"INR\"}', '2020-10-14 18:23:01'),
('ae863e3442d24d1e5e53afe136', '{\"api_id\":\"1\",\"language\":\"en-gb\",\"currency\":\"INR\",\"customer_id\":\"1\",\"customer\":{\"customer_id\":\"1\",\"customer_group_id\":\"1\",\"firstname\":\"Pramod Patil\",\"lastname\":\"\",\"email\":\"pro.pramod.pune@gmail.com\",\"telephone\":\"9730519575\",\"custom_field\":[]},\"shipping_address\":{\"firstname\":\"Pramod Patil\",\"lastname\":\"Patil\",\"company\":\"abc.com\",\"address_1\":\"pune\",\"address_2\":\"\",\"postcode\":\"411401\",\"city\":\"pune\",\"zone_id\":\"1493\",\"zone\":\"Maharashtra\",\"zone_code\":\"MA\",\"country_id\":\"99\",\"country\":\"India\",\"iso_code_2\":\"IN\",\"iso_code_3\":\"IND\",\"address_format\":\"\",\"custom_field\":[]},\"shipping_methods\":{\"flat\":{\"title\":\"Flat Rate\",\"quote\":{\"flat\":{\"code\":\"flat.flat\",\"title\":\"Flat Shipping Rate\",\"cost\":\"5.00\",\"tax_class_id\":\"9\",\"text\":\"6.20Rs.\"}},\"sort_order\":\"1\",\"error\":false},\"free\":{\"title\":\"Free Shipping\",\"quote\":{\"free\":{\"code\":\"free.free\",\"title\":\"Free Shipping\",\"cost\":0,\"tax_class_id\":0,\"text\":\"0.00Rs.\"}},\"sort_order\":\"2\",\"error\":false},\"pickup\":{\"title\":\"Pickup\",\"quote\":{\"pickup\":{\"code\":\"pickup.pickup\",\"title\":\"Pickup From Store\",\"cost\":0,\"tax_class_id\":0,\"text\":\"0.00Rs.\"}},\"sort_order\":\"3\",\"error\":false}},\"shipping_method\":{\"code\":\"free.free\",\"title\":\"Free Shipping\",\"cost\":0,\"tax_class_id\":0,\"text\":\"0.00Rs.\"}}', '2020-10-06 07:15:40'),
('ae9327db8bdb6885e6dc381195', '{\"api_id\":\"1\",\"language\":\"en-gb\",\"currency\":\"INR\",\"customer\":{\"customer_id\":\"0\",\"customer_group_id\":\"1\",\"firstname\":\"Pramod\",\"lastname\":\"Patil\",\"email\":\"pro.pramod.pune@gmail.com\",\"telephone\":\"9730519575\",\"custom_field\":[]}}', '2020-10-05 05:59:43'),
('af27230b6edf60420158586379', '{\"api_id\":\"1\",\"language\":\"en-gb\",\"currency\":\"INR\"}', '2020-10-16 18:00:00'),
('af346ad9298c86e6b20b3ed1d7', '{\"api_id\":\"1\"}', '2020-10-12 21:05:27'),
('af426cf5e6623f2252a57ef982', '{\"api_id\":\"1\"}', '2020-10-09 19:47:58'),
('b017b2aa29f96cfd1240c54229', '{\"api_id\":\"1\",\"language\":\"en-gb\",\"currency\":\"INR\",\"payment_address\":{\"firstname\":\"Pramod Patil\",\"lastname\":\"\",\"company\":\"abc.com\",\"address_1\":\"pune\",\"address_2\":\"\",\"postcode\":\"411401\",\"city\":\"pune\",\"zone_id\":\"1493\",\"zone\":\"Maharashtra\",\"zone_code\":\"MA\",\"country_id\":\"99\",\"country\":\"India\",\"iso_code_2\":\"IN\",\"iso_code_3\":\"IND\",\"address_format\":\"\",\"custom_field\":[]},\"payment_methods\":{\"bank_transfer\":{\"code\":\"bank_transfer\",\"title\":\"Bank Transfer\",\"terms\":\"\",\"sort_order\":\"1\"},\"free_checkout\":{\"code\":\"free_checkout\",\"title\":\"Free Checkout\",\"terms\":\"\",\"sort_order\":\"4\"}},\"customer_id\":\"1\",\"customer\":{\"customer_id\":\"1\",\"customer_group_id\":\"1\",\"firstname\":\"Pramod Patil\",\"lastname\":\"\",\"email\":\"pro.pramod.pune@gmail.com\",\"telephone\":\"9730519575\",\"custom_field\":[]}}', '2020-10-08 20:45:36'),
('b046b1a06417f2cf3110f6c49c', '{\"api_id\":\"1\",\"language\":\"en-gb\",\"currency\":\"INR\",\"customer_id\":\"1\",\"customer\":{\"customer_id\":\"1\",\"customer_group_id\":\"1\",\"firstname\":\"Pramod Patil\",\"lastname\":\"\",\"email\":\"pro.pramod.pune@gmail.com\",\"telephone\":\"9730519575\",\"custom_field\":[]}}', '2020-10-06 08:10:54'),
('b04e5caff67cab0a7e58384041', '{\"api_id\":\"1\",\"language\":\"en-gb\",\"currency\":\"INR\",\"customer_id\":\"1\",\"payment_address\":{\"payment_address\":\"1\",\"firstname\":\"Pramod Patil\",\"lastname\":\"\",\"company\":\"abc.com\",\"address_1\":\"pune\",\"address_2\":\"\",\"postcode\":\"411401\",\"city\":\"pune\",\"zone_id\":\"1493\",\"zone\":\"Maharashtra\",\"zone_code\":\"MA\",\"country_id\":\"99\",\"country\":\"India\",\"iso_code_2\":\"IN\",\"iso_code_3\":\"IND\",\"address_format\":\"\",\"custom_field\":[]},\"customer\":{\"customer_id\":\"1\",\"customer_group_id\":\"1\",\"firstname\":\"Pramod Patil\",\"lastname\":\"\",\"email\":\"pro.pramod.pune@gmail.com\",\"telephone\":\"9730519575\",\"custom_field\":[]},\"shipping_address\":{\"shipping_address\":\"1\",\"firstname\":\"Pramod Patil\",\"lastname\":\"\",\"company\":\"abc.com\",\"address_1\":\"pune\",\"address_2\":\"\",\"postcode\":\"411401\",\"city\":\"pune\",\"zone_id\":\"1493\",\"zone\":\"Maharashtra\",\"zone_code\":\"MA\",\"country_id\":\"99\",\"country\":\"India\",\"iso_code_2\":\"IN\",\"iso_code_3\":\"IND\",\"address_format\":\"\",\"custom_field\":[]},\"payment_methods\":{\"bank_transfer\":{\"code\":\"bank_transfer\",\"title\":\"Bank Transfer\",\"terms\":\"\",\"sort_order\":\"1\"},\"cheque\":{\"code\":\"cheque\",\"title\":\"Cheque \\/ Money Order\",\"terms\":\"\",\"sort_order\":\"3\"},\"cod\":{\"code\":\"cod\",\"title\":\"Cash On Delivery\",\"terms\":\"\",\"sort_order\":\"5\"}}}', '2020-10-08 21:15:11'),
('b0e8612fd41d7b5bf6dac51293', '{\"api_id\":\"1\",\"language\":\"en-gb\",\"currency\":\"INR\"}', '2020-10-06 18:56:06'),
('b11889ae377c0da7067ea62a91', '{\"api_id\":\"1\"}', '2020-10-12 20:10:27'),
('b1ae02eeae85d13e91254b56d0', '{\"api_id\":\"1\",\"language\":\"en-gb\",\"currency\":\"INR\",\"customer_id\":\"1\",\"customer\":{\"customer_id\":\"1\",\"customer_group_id\":\"1\",\"firstname\":\"Pramod Patil\",\"lastname\":\"\",\"email\":\"pro.pramod.pune@gmail.com\",\"telephone\":\"9730519575\",\"custom_field\":[]},\"payment_address\":{\"payment_address\":null,\"firstname\":\"Pramod Patil\",\"lastname\":\"\",\"company\":\"abc.com\",\"address_1\":\"pune\",\"address_2\":\"\",\"postcode\":\"411401\",\"city\":\"pune\",\"zone_id\":\"1493\",\"zone\":\"Maharashtra\",\"zone_code\":\"MA\",\"country_id\":\"99\",\"country\":\"India\",\"iso_code_2\":\"IN\",\"iso_code_3\":\"IND\",\"address_format\":\"\",\"custom_field\":[]}}', '2020-10-11 19:35:49'),
('b28bf35f8d416f044e17e4f01a', '{\"api_id\":\"1\",\"language\":\"en-gb\",\"currency\":\"INR\",\"customer_id\":\"1\",\"customer\":{\"customer_id\":\"1\",\"customer_group_id\":\"1\",\"firstname\":\"Pramod Patil\",\"lastname\":\"\",\"email\":\"pro.pramod.pune@gmail.com\",\"telephone\":\"9730519575\",\"custom_field\":[]},\"payment_address\":{\"payment_address\":\"1\",\"firstname\":\"Pramod Patil\",\"lastname\":\"\",\"company\":\"abc.com\",\"address_1\":\"pune\",\"address_2\":\"\",\"postcode\":\"411401\",\"city\":\"pune\",\"zone_id\":\"1493\",\"zone\":\"Maharashtra\",\"zone_code\":\"MA\",\"country_id\":\"99\",\"country\":\"India\",\"iso_code_2\":\"IN\",\"iso_code_3\":\"IND\",\"address_format\":\"\",\"custom_field\":[]},\"payment_methods\":{\"bank_transfer\":{\"code\":\"bank_transfer\",\"title\":\"Bank Transfer\",\"terms\":\"\",\"sort_order\":\"1\"},\"free_checkout\":{\"code\":\"free_checkout\",\"title\":\"Free Checkout\",\"terms\":\"\",\"sort_order\":\"4\"}}}', '2020-10-08 21:28:37'),
('b28bf388d7502cfc259a3dc1a8', '{\"api_id\":\"1\"}', '2020-10-13 15:55:51'),
('b34b3987ad2324a8bacb7ab8ff', '{\"api_id\":\"1\",\"language\":\"en-gb\",\"currency\":\"INR\"}', '2020-10-05 18:59:45'),
('b3d44827677cf3ad205bec2f08', '{\"api_id\":\"1\",\"language\":\"en-gb\",\"currency\":\"INR\",\"customer_id\":\"1\",\"customer\":{\"customer_id\":\"1\",\"customer_group_id\":\"1\",\"firstname\":\"Pramod Patil\",\"lastname\":\"\",\"email\":\"pro.pramod.pune@gmail.com\",\"telephone\":\"9730519575\",\"custom_field\":[]}}', '2020-10-09 20:16:07'),
('b3dcc617fe7831c12dfb7f2855', '{\"api_id\":\"1\",\"language\":\"en-gb\",\"currency\":\"INR\"}', '2020-10-05 18:54:35'),
('b46d6e2bbf4b6b5b6214ee6b23', '{\"api_id\":\"1\"}', '2020-10-15 10:43:13'),
('b531a7bad23fb61fd4d163cb51', '{\"api_id\":\"1\",\"language\":\"en-gb\",\"currency\":\"INR\"}', '2020-10-13 20:28:29'),
('b5c44846782210a7e4542625ec', '{\"api_id\":\"1\"}', '2020-10-07 17:41:55'),
('b6447670d8e76b383effa8e450', '{\"api_id\":\"1\",\"language\":\"en-gb\",\"currency\":\"INR\",\"customer_id\":\"1\",\"customer\":{\"customer_id\":\"1\",\"customer_group_id\":\"1\",\"firstname\":\"Pramod Patil\",\"lastname\":\"\",\"email\":\"pro.pramod.pune@gmail.com\",\"telephone\":\"9730519575\",\"custom_field\":[]}}', '2020-10-10 19:33:27'),
('b66ba29e860b31a0633340dd94', '{\"api_id\":\"1\",\"language\":\"en-gb\",\"currency\":\"INR\",\"customer_id\":\"1\",\"customer\":{\"customer_id\":\"1\",\"customer_group_id\":\"1\",\"firstname\":\"Pramod Patil\",\"lastname\":\"\",\"email\":\"pro.pramod.pune@gmail.com\",\"telephone\":\"9730519575\",\"custom_field\":[]},\"payment_address\":{\"shipping_address\":\"\",\"firstname\":\"Pramod Patil\",\"lastname\":\"\",\"company\":\"abc.com\",\"address_1\":\"pune\",\"address_2\":\"\",\"postcode\":\"411401\",\"city\":\"pune\",\"zone_id\":\"1493\",\"zone\":\"Maharashtra\",\"zone_code\":\"MA\",\"country_id\":\"99\",\"country\":\"India\",\"iso_code_2\":\"IN\",\"iso_code_3\":\"IND\",\"address_format\":\"\",\"custom_field\":[]},\"payment_methods\":{\"bank_transfer\":{\"code\":\"bank_transfer\",\"title\":\"Bank Transfer\",\"terms\":\"\",\"sort_order\":\"1\"},\"cheque\":{\"code\":\"cheque\",\"title\":\"Cheque \\/ Money Order\",\"terms\":\"\",\"sort_order\":\"3\"},\"cod\":{\"code\":\"cod\",\"title\":\"Cash On Delivery\",\"terms\":\"\",\"sort_order\":\"5\"}}}', '2020-10-08 20:54:25'),
('b6a62c9146a7f4024c4f3ffa2e', '{\"api_id\":\"1\",\"language\":\"en-gb\",\"currency\":\"INR\"}', '2020-10-16 16:02:29'),
('b6fc72bb1222f154025907cdab', '{\"api_id\":\"1\"}', '2020-10-14 19:40:38'),
('b723f88c45f3b73dd97abf5778', '{\"api_id\":\"1\",\"language\":\"en-gb\",\"currency\":\"INR\"}', '2020-10-13 21:00:37'),
('b73fdedddd9f6c2f1d17181013', '{\"api_id\":\"1\",\"language\":\"en-gb\",\"currency\":\"INR\"}', '2020-10-05 19:06:25'),
('b7460ca4d62b0b13f0cbe91375', '{\"api_id\":\"1\",\"language\":\"en-gb\",\"currency\":\"INR\",\"customer_id\":\"1\",\"customer\":{\"customer_id\":\"1\",\"customer_group_id\":\"1\",\"firstname\":\"Pramod Patil\",\"lastname\":\"\",\"email\":\"pro.pramod.pune@gmail.com\",\"telephone\":\"9730519575\",\"custom_field\":[]}}', '2020-10-12 18:34:59'),
('b77100fbe7e17629afc6d68ed4', '{\"api_id\":\"1\",\"language\":\"en-gb\",\"currency\":\"INR\",\"customer_id\":\"1\",\"customer\":{\"customer_id\":\"1\",\"customer_group_id\":\"1\",\"firstname\":\"Pramod Patil\",\"lastname\":\"\",\"email\":\"pro.pramod.pune@gmail.com\",\"telephone\":\"9730519575\",\"custom_field\":[]}}', '2020-10-12 18:33:54'),
('b7b7ab96f5cbb15c748be0f62d', '{\"api_id\":\"1\"}', '2020-10-14 20:22:35'),
('b82d68dda0406bac1b399f5fb6', '{\"api_id\":\"1\",\"language\":\"en-gb\",\"currency\":\"INR\"}', '2020-10-16 20:07:11'),
('b917fdad317e6b5f53031cf35e', '{\"api_id\":\"1\",\"language\":\"en-gb\",\"currency\":\"INR\"}', '2020-10-08 20:36:18'),
('b93b482b33303fc1ab3e0667dc', '{\"api_id\":\"1\",\"language\":\"en-gb\",\"currency\":\"INR\"}', '2020-10-12 21:12:01'),
('b95d200d79e06dff14bd866110', '{\"api_id\":\"1\",\"language\":\"en-gb\",\"currency\":\"INR\",\"customer_id\":\"1\",\"customer\":{\"customer_id\":\"1\",\"customer_group_id\":\"1\",\"firstname\":\"Pramod Patil\",\"lastname\":\"\",\"email\":\"pro.pramod.pune@gmail.com\",\"telephone\":\"9730519575\",\"custom_field\":[]}}', '2020-10-09 20:14:31'),
('b96ae5217884c1ebe9a672740d', '{\"api_id\":\"1\",\"language\":\"en-gb\",\"currency\":\"INR\",\"customer_id\":\"1\",\"customer\":{\"customer_id\":\"1\",\"customer_group_id\":\"1\",\"firstname\":\"Pramod Patil\",\"lastname\":\"\",\"email\":\"pro.pramod.pune@gmail.com\",\"telephone\":\"9730519575\",\"custom_field\":[]},\"shipping_address\":{\"firstname\":\"Pramod Patil\",\"lastname\":\"\",\"company\":\"abc.com\",\"address_1\":\"pune\",\"address_2\":\"\",\"postcode\":\"411401\",\"city\":\"pune\",\"zone_id\":\"1493\",\"zone\":\"Maharashtra\",\"zone_code\":\"MA\",\"country_id\":\"99\",\"country\":\"India\",\"iso_code_2\":\"IN\",\"iso_code_3\":\"IND\",\"address_format\":\"\",\"custom_field\":[]},\"shipping_methods\":{\"flat\":{\"title\":\"Flat Rate\",\"quote\":{\"flat\":{\"code\":\"flat.flat\",\"title\":\"Flat Shipping Rate\",\"cost\":\"5.00\",\"tax_class_id\":\"9\",\"text\":\"6.20Rs.\"}},\"sort_order\":\"1\",\"error\":false},\"free\":{\"title\":\"Free Shipping\",\"quote\":{\"free\":{\"code\":\"free.free\",\"title\":\"Free Shipping\",\"cost\":0,\"tax_class_id\":0,\"text\":\"0.00Rs.\"}},\"sort_order\":\"2\",\"error\":false},\"pickup\":{\"title\":\"Pickup\",\"quote\":{\"pickup\":{\"code\":\"pickup.pickup\",\"title\":\"Pickup From Store\",\"cost\":0,\"tax_class_id\":0,\"text\":\"0.00Rs.\"}},\"sort_order\":\"3\",\"error\":false}},\"payment_address\":{\"firstname\":\"Pramod Patil\",\"lastname\":\"\",\"company\":\"abc.com\",\"address_1\":\"pune\",\"address_2\":\"\",\"postcode\":\"411401\",\"city\":\"pune\",\"zone_id\":\"1493\",\"zone\":\"Maharashtra\",\"zone_code\":\"MA\",\"country_id\":\"99\",\"country\":\"India\",\"iso_code_2\":\"IN\",\"iso_code_3\":\"IND\",\"address_format\":\"\",\"custom_field\":[]},\"payment_methods\":{\"bank_transfer\":{\"code\":\"bank_transfer\",\"title\":\"Bank Transfer\",\"terms\":\"\",\"sort_order\":\"1\"},\"cheque\":{\"code\":\"cheque\",\"title\":\"Cheque \\/ Money Order\",\"terms\":\"\",\"sort_order\":\"3\"},\"cod\":{\"code\":\"cod\",\"title\":\"Cash On Delivery\",\"terms\":\"\",\"sort_order\":\"5\"}}}', '2020-10-08 06:18:42'),
('bb7b07d3d902c220246831f750', '{\"api_id\":\"1\",\"language\":\"en-gb\",\"currency\":\"INR\"}', '2020-10-11 19:12:53'),
('bb81ac97f70e1d318dcb402ac8', '{\"api_id\":\"1\"}', '2020-10-08 21:28:46'),
('bbacb53a65b544e14bccef5ac7', '{\"api_id\":\"1\",\"language\":\"en-gb\",\"currency\":\"INR\",\"payment_address\":{\"firstname\":\"Pramod Patil\",\"lastname\":\"\",\"company\":\"abc.com\",\"address_1\":\"pune\",\"address_2\":\"\",\"postcode\":\"411401\",\"city\":\"pune\",\"zone_id\":\"1493\",\"zone\":\"Maharashtra\",\"zone_code\":\"MA\",\"country_id\":\"99\",\"country\":\"India\",\"iso_code_2\":\"IN\",\"iso_code_3\":\"IND\",\"address_format\":\"\",\"custom_field\":[]},\"payment_methods\":{\"bank_transfer\":{\"code\":\"bank_transfer\",\"title\":\"Bank Transfer\",\"terms\":\"\",\"sort_order\":\"1\"},\"free_checkout\":{\"code\":\"free_checkout\",\"title\":\"Free Checkout\",\"terms\":\"\",\"sort_order\":\"4\"}}}', '2020-10-08 19:58:16'),
('bbb6fa353a5625c340f08cfa0c', '{\"api_id\":\"1\",\"language\":\"en-gb\",\"currency\":\"INR\",\"payment_address\":{\"firstname\":\"Pramod Patil\",\"lastname\":\"\",\"company\":\"abc.com\",\"address_1\":\"pune\",\"address_2\":\"\",\"postcode\":\"411401\",\"city\":\"pune\",\"zone_id\":\"1493\",\"zone\":\"Maharashtra\",\"zone_code\":\"MA\",\"country_id\":\"99\",\"country\":\"India\",\"iso_code_2\":\"IN\",\"iso_code_3\":\"IND\",\"address_format\":\"\",\"custom_field\":[]},\"customer_id\":\"1\",\"customer\":{\"customer_id\":\"1\",\"customer_group_id\":\"1\",\"firstname\":\"Pramod Patil\",\"lastname\":\"\",\"email\":\"pro.pramod.pune@gmail.com\",\"telephone\":\"9730519575\",\"custom_field\":[]}}', '2020-10-08 19:56:05'),
('bc2ac18b954ef0fb3f7f3d9370', '{\"api_id\":\"1\"}', '2020-10-12 19:07:27'),
('bd1e88da1f7be21b9c1a53ca48', '{\"api_id\":\"1\"}', '2020-10-14 19:56:25'),
('bd3e1b6696e3c4b6e2b1cf03ec', '{\"api_id\":\"1\"}', '2020-10-11 05:24:06'),
('bdabb1940ee68db061dc164e8f', '{\"api_id\":\"1\",\"language\":\"en-gb\",\"currency\":\"INR\",\"payment_address\":{\"firstname\":\"Pramod Patil\",\"lastname\":\"\",\"company\":\"abc.com\",\"address_1\":\"pune\",\"address_2\":\"\",\"postcode\":\"411401\",\"city\":\"pune\",\"zone_id\":\"1493\",\"zone\":\"Maharashtra\",\"zone_code\":\"MA\",\"country_id\":\"99\",\"country\":\"India\",\"iso_code_2\":\"IN\",\"iso_code_3\":\"IND\",\"address_format\":\"\",\"custom_field\":[]},\"payment_methods\":{\"bank_transfer\":{\"code\":\"bank_transfer\",\"title\":\"Bank Transfer\",\"terms\":\"\",\"sort_order\":\"1\"},\"free_checkout\":{\"code\":\"free_checkout\",\"title\":\"Free Checkout\",\"terms\":\"\",\"sort_order\":\"4\"}},\"customer_id\":\"1\",\"customer\":{\"customer_id\":\"1\",\"customer_group_id\":\"1\",\"firstname\":\"Pramod Patil\",\"lastname\":\"\",\"email\":\"pro.pramod.pune@gmail.com\",\"telephone\":\"9730519575\",\"custom_field\":[]}}', '2020-10-08 19:58:49'),
('bdad02dde0f0df071617f53578', '{\"api_id\":\"1\",\"language\":\"en-gb\",\"currency\":\"USD\"}', '2020-10-15 07:13:00'),
('bdd7c88cea14ab9ba935dc6c50', '{\"api_id\":\"1\",\"language\":\"en-gb\",\"currency\":\"INR\"}', '2020-10-13 21:24:39'),
('bdde3fc2729026df14aefc88d1', '{\"api_id\":\"1\",\"language\":\"en-gb\",\"currency\":\"INR\"}', '2020-10-05 18:56:06'),
('be31c7a7ba76413edbc46cabbb', '{\"api_id\":\"1\",\"language\":\"en-gb\",\"currency\":\"INR\",\"customer_id\":\"1\",\"customer\":{\"customer_id\":\"1\",\"customer_group_id\":\"1\",\"firstname\":\"Pramod Patil\",\"lastname\":\"\",\"email\":\"pro.pramod.pune@gmail.com\",\"telephone\":\"9730519575\",\"custom_field\":[]}}', '2020-10-08 20:00:53'),
('be7875e977259825173caa3f3f', '{\"api_id\":\"1\",\"language\":\"en-gb\",\"currency\":\"INR\",\"customer_id\":\"1\",\"customer\":{\"customer_id\":\"1\",\"customer_group_id\":\"1\",\"firstname\":\"Pramod Patil\",\"lastname\":\"\",\"email\":\"pro.pramod.pune@gmail.com\",\"telephone\":\"9730519575\",\"custom_field\":[]}}', '2020-10-06 07:21:42'),
('bfac7decffe7103b861a8b9fcc', '{\"api_id\":\"1\",\"language\":\"en-gb\",\"currency\":\"INR\",\"customer_id\":\"1\",\"customer\":{\"customer_id\":\"1\",\"customer_group_id\":\"1\",\"firstname\":\"Pramod Patil\",\"lastname\":\"\",\"email\":\"pro.pramod.pune@gmail.com\",\"telephone\":\"9730519575\",\"custom_field\":[]}}', '2020-10-05 20:20:39'),
('c07c0af3a344393124cc00da74', '{\"api_id\":\"1\",\"language\":\"en-gb\",\"currency\":\"INR\",\"customer_id\":\"1\",\"customer\":{\"customer_id\":\"1\",\"customer_group_id\":\"1\",\"firstname\":\"Pramod Patil\",\"lastname\":\"\",\"email\":\"pro.pramod.pune@gmail.com\",\"telephone\":\"9730519575\",\"custom_field\":[]}}', '2020-10-05 19:36:48'),
('c25ec057b1320da26e288eb6c1', '{\"api_id\":\"1\"}', '2020-10-11 04:50:01'),
('c36fa2476330ae93a296234a88', '{\"api_id\":\"1\",\"language\":\"en-gb\",\"currency\":\"INR\",\"customer_id\":\"1\",\"customer\":{\"customer_id\":\"1\",\"customer_group_id\":\"1\",\"firstname\":\"Pramod Patil\",\"lastname\":\"\",\"email\":\"pro.pramod.pune@gmail.com\",\"telephone\":\"9730519575\",\"custom_field\":[]}}', '2020-10-11 19:23:36'),
('c3dd0836bbaadbf39b90435cb3', '{\"api_id\":\"1\",\"language\":\"en-gb\",\"currency\":\"INR\",\"customer_id\":\"1\",\"customer\":{\"customer_id\":\"1\",\"customer_group_id\":\"1\",\"firstname\":\"Pramod Patil\",\"lastname\":\"\",\"email\":\"pro.pramod.pune@gmail.com\",\"telephone\":\"9730519575\",\"custom_field\":[]},\"shipping_address\":{\"shipping_address\":\"1\",\"firstname\":\"Pramod Patil\",\"lastname\":\"\",\"company\":\"abc.com\",\"address_1\":\"pune\",\"address_2\":\"\",\"postcode\":\"411401\",\"city\":\"pune\",\"zone_id\":\"1493\",\"zone\":\"Maharashtra\",\"zone_code\":\"MA\",\"country_id\":\"99\",\"country\":\"India\",\"iso_code_2\":\"IN\",\"iso_code_3\":\"IND\",\"address_format\":\"\",\"custom_field\":[]},\"payment_address\":{\"payment_address\":\"0\",\"firstname\":\"Pramod Patil\",\"lastname\":\"\",\"company\":\"abc.com\",\"address_1\":\"pune\",\"address_2\":\"\",\"postcode\":\"411401\",\"city\":\"pune\",\"zone_id\":\"1493\",\"zone\":\"Maharashtra\",\"zone_code\":\"MA\",\"country_id\":\"99\",\"country\":\"India\",\"iso_code_2\":\"IN\",\"iso_code_3\":\"IND\",\"address_format\":\"\"},\"payment_methods\":{\"bank_transfer\":{\"code\":\"bank_transfer\",\"title\":\"Bank Transfer\",\"terms\":\"\",\"sort_order\":\"1\"},\"cheque\":{\"code\":\"cheque\",\"title\":\"Cheque \\/ Money Order\",\"terms\":\"\",\"sort_order\":\"3\"},\"cod\":{\"code\":\"cod\",\"title\":\"Cash On Delivery\",\"terms\":\"\",\"sort_order\":\"5\"}}}', '2020-10-09 07:01:10'),
('c3decfb392967436f555789123', '{\"api_id\":\"1\",\"language\":\"en-gb\",\"currency\":\"INR\",\"customer_id\":\"1\",\"customer\":{\"customer_id\":\"1\",\"customer_group_id\":\"1\",\"firstname\":\"Pramod Patil\",\"lastname\":\"\",\"email\":\"pro.pramod.pune@gmail.com\",\"telephone\":\"9730519575\",\"custom_field\":[]},\"payment_address\":{\"payment_address\":\"1\",\"firstname\":\"Pramod Patil\",\"lastname\":\"\",\"company\":\"abc.com\",\"address_1\":\"pune\",\"address_2\":\"\",\"postcode\":\"411401\",\"city\":\"pune\",\"zone_id\":\"1493\",\"zone\":\"Maharashtra\",\"zone_code\":\"MA\",\"country_id\":\"99\",\"country\":\"India\",\"iso_code_2\":\"IN\",\"iso_code_3\":\"IND\",\"address_format\":\"\"},\"shipping_address\":{\"shipping_address\":\"1\",\"firstname\":\"Pramod Patil\",\"lastname\":\"\",\"company\":\"abc.com\",\"address_1\":\"pune\",\"address_2\":\"\",\"postcode\":\"411401\",\"city\":\"pune\",\"zone_id\":\"1493\",\"zone\":\"Maharashtra\",\"zone_code\":\"MA\",\"country_id\":\"99\",\"country\":\"India\",\"iso_code_2\":\"IN\",\"iso_code_3\":\"IND\",\"address_format\":\"\",\"custom_field\":[]},\"payment_methods\":{\"bank_transfer\":{\"code\":\"bank_transfer\",\"title\":\"Bank Transfer\",\"terms\":\"\",\"sort_order\":\"1\"},\"cheque\":{\"code\":\"cheque\",\"title\":\"Cheque \\/ Money Order\",\"terms\":\"\",\"sort_order\":\"3\"},\"cod\":{\"code\":\"cod\",\"title\":\"Cash On Delivery\",\"terms\":\"\",\"sort_order\":\"5\"}}}', '2020-10-09 06:46:01'),
('c42ea9246c68121f20ad9e4217', '{\"api_id\":\"1\"}', '2020-10-12 19:20:20'),
('c453b230e48b8eed2a956f586b', '{\"api_id\":\"1\",\"language\":\"en-gb\",\"currency\":\"INR\"}', '2020-10-06 18:55:53'),
('c48f5f3614fdfa9f57f9087095', '{\"api_id\":\"1\",\"language\":\"en-gb\",\"currency\":\"INR\"}', '2020-10-12 19:19:45'),
('c5158857861cc3486fcfe6f12c', '{\"api_id\":\"1\"}', '2020-10-12 19:33:27');
INSERT INTO `ss_session` (`session_id`, `data`, `expire`) VALUES
('c51ce03f3e5fd1489dbea33900', '{\"api_id\":\"1\",\"language\":\"en-gb\",\"currency\":\"INR\",\"customer_id\":\"1\",\"customer\":{\"customer_id\":\"1\",\"customer_group_id\":\"1\",\"firstname\":\"Pramod Patil\",\"lastname\":\"\",\"email\":\"pro.pramod.pune@gmail.com\",\"telephone\":\"9730519575\",\"custom_field\":[]},\"shipping_address\":{\"shipping_address\":\"1\",\"firstname\":\"Pramod Patil\",\"lastname\":\"\",\"company\":\"abc.com\",\"address_1\":\"pune\",\"address_2\":\"\",\"postcode\":\"411401\",\"city\":\"pune\",\"zone_id\":\"1493\",\"zone\":\"Maharashtra\",\"zone_code\":\"MA\",\"country_id\":\"99\",\"country\":\"India\",\"iso_code_2\":\"IN\",\"iso_code_3\":\"IND\",\"address_format\":\"\",\"custom_field\":[]},\"shipping_methods\":{\"flat\":{\"title\":\"Flat Rate\",\"quote\":{\"flat\":{\"code\":\"flat.flat\",\"title\":\"Flat Shipping Rate\",\"cost\":\"5.00\",\"tax_class_id\":\"9\",\"text\":\"6.20Rs.\"}},\"sort_order\":\"1\",\"error\":false},\"free\":{\"title\":\"Free Shipping\",\"quote\":{\"free\":{\"code\":\"free.free\",\"title\":\"Free Shipping\",\"cost\":0,\"tax_class_id\":0,\"text\":\"0.00Rs.\"}},\"sort_order\":\"2\",\"error\":false},\"pickup\":{\"title\":\"Pickup\",\"quote\":{\"pickup\":{\"code\":\"pickup.pickup\",\"title\":\"Pickup From Store\",\"cost\":0,\"tax_class_id\":0,\"text\":\"0.00Rs.\"}},\"sort_order\":\"3\",\"error\":false}}}', '2020-10-10 20:00:58'),
('c54428642141af051176485576', '{\"api_id\":\"1\"}', '2020-10-06 08:11:59'),
('c6efd7c6a05b2e7abdfd351c8a', '{\"api_id\":\"1\",\"language\":\"en-gb\",\"currency\":\"INR\",\"customer_id\":\"1\",\"customer\":{\"customer_id\":\"1\",\"customer_group_id\":\"1\",\"firstname\":\"Pramod Patil\",\"lastname\":\"\",\"email\":\"pro.pramod.pune@gmail.com\",\"telephone\":\"9730519575\",\"custom_field\":[]}}', '2020-10-10 19:39:57'),
('c6fa0fd19f1189c33cdea79913', '{\"api_id\":\"1\",\"language\":\"en-gb\",\"currency\":\"INR\",\"customer_id\":\"1\",\"customer\":{\"customer_id\":\"1\",\"customer_group_id\":\"1\",\"firstname\":\"Pramod Patil\",\"lastname\":\"\",\"email\":\"pro.pramod.pune@gmail.com\",\"telephone\":\"9730519575\",\"custom_field\":[]}}', '2020-10-07 17:55:00'),
('c7033112497fbc6ee833f5ebe4', '{\"api_id\":\"1\",\"language\":\"en-gb\",\"currency\":\"INR\",\"customer_id\":\"1\",\"customer\":{\"customer_id\":\"1\",\"customer_group_id\":\"1\",\"firstname\":\"Pramod Patil\",\"lastname\":\"\",\"email\":\"pro.pramod.pune@gmail.com\",\"telephone\":\"9730519575\",\"custom_field\":[]}}', '2020-10-10 18:37:21'),
('c79a4d251f3c114d6e29307d74', '{\"api_id\":\"1\",\"language\":\"en-gb\",\"currency\":\"INR\"}', '2020-10-05 19:04:12'),
('c823528368df6a1430bc6169ac', '{\"api_id\":\"1\"}', '2020-10-17 05:13:28'),
('c858699e4399106bce43cfc109', '{\"api_id\":\"1\"}', '2020-10-06 18:56:01'),
('c94d43cab3b610217e751f2cdd', '{\"api_id\":\"1\",\"language\":\"en-gb\",\"currency\":\"INR\"}', '2020-10-16 11:12:03'),
('ca0d26dd5fd1083933b429d36b', '{\"api_id\":\"1\",\"language\":\"en-gb\",\"currency\":\"INR\",\"payment_address\":{\"payment_address\":\"1\",\"firstname\":\"Pramod Patil\",\"lastname\":\"\",\"company\":\"abc.com\",\"address_1\":\"pune\",\"address_2\":\"\",\"postcode\":\"411401\",\"city\":\"pune\",\"zone_id\":\"1493\",\"zone\":\"Maharashtra\",\"zone_code\":\"MA\",\"country_id\":\"99\",\"country\":\"India\",\"iso_code_2\":\"IN\",\"iso_code_3\":\"IND\",\"address_format\":\"\",\"custom_field\":[]},\"payment_methods\":{\"bank_transfer\":{\"code\":\"bank_transfer\",\"title\":\"Bank Transfer\",\"terms\":\"\",\"sort_order\":\"1\"},\"free_checkout\":{\"code\":\"free_checkout\",\"title\":\"Free Checkout\",\"terms\":\"\",\"sort_order\":\"4\"}},\"customer_id\":\"1\",\"customer\":{\"customer_id\":\"1\",\"customer_group_id\":\"1\",\"firstname\":\"Pramod Patil\",\"lastname\":\"\",\"email\":\"pro.pramod.pune@gmail.com\",\"telephone\":\"9730519575\",\"custom_field\":[]}}', '2020-10-08 21:27:02'),
('ca41cbac04033ae30c131e5ba4', '{\"api_id\":\"1\",\"language\":\"en-gb\",\"currency\":\"INR\",\"customer_id\":\"1\",\"customer\":{\"customer_id\":\"1\",\"customer_group_id\":\"1\",\"firstname\":\"Pramod Patil\",\"lastname\":\"\",\"email\":\"pro.pramod.pune@gmail.com\",\"telephone\":\"9730519575\",\"custom_field\":[]}}', '2020-10-06 19:12:33'),
('cac321dbea141cfaa85f0facb4', '{\"api_id\":\"1\",\"language\":\"en-gb\",\"currency\":\"INR\",\"customer_id\":\"1\",\"customer\":{\"customer_id\":\"1\",\"customer_group_id\":\"1\",\"firstname\":\"Pramod Patil\",\"lastname\":\"\",\"email\":\"pro.pramod.pune@gmail.com\",\"telephone\":\"9730519575\",\"custom_field\":[]}}', '2020-10-06 19:09:01'),
('cb710b41ab91444a2e7c449175', '{\"api_id\":\"1\",\"language\":\"en-gb\",\"currency\":\"INR\"}', '2020-10-15 10:42:56'),
('cc3ef718f09f44a11f523ef89d', '{\"api_id\":\"1\",\"language\":\"en-gb\",\"currency\":\"INR\"}', '2020-10-13 19:40:25'),
('cc6cebf6a5662f9f9de0628087', '{\"api_id\":\"1\",\"language\":\"en-gb\",\"currency\":\"INR\"}', '2020-10-05 19:29:37'),
('cd265e675f52bf20dc9c9231aa', '{\"api_id\":\"1\",\"language\":\"en-gb\",\"currency\":\"INR\"}', '2020-10-13 19:52:36'),
('cd94dd5d60b827164326851245', '{\"api_id\":\"1\",\"language\":\"en-gb\",\"currency\":\"INR\"}', '2020-10-13 20:58:10'),
('cdac32955eb740d36fc26eb45c', '{\"api_id\":\"1\",\"language\":\"en-gb\",\"currency\":\"INR\"}', '2020-10-14 15:45:47'),
('ce069908c428037a9e25f1258a', '{\"api_id\":\"1\",\"language\":\"en-gb\",\"currency\":\"INR\"}', '2020-10-14 18:37:31'),
('ce639f78d43f5652d87625dc76', '{\"api_id\":\"1\"}', '2020-10-05 07:10:36'),
('cf6adf03508726589279b1760d', '{\"api_id\":\"1\",\"language\":\"en-gb\",\"currency\":\"INR\",\"customer_id\":\"1\",\"customer\":{\"customer_id\":\"1\",\"customer_group_id\":\"1\",\"firstname\":\"Pramod Patil\",\"lastname\":\"\",\"email\":\"pro.pramod.pune@gmail.com\",\"telephone\":\"9730519575\",\"custom_field\":[]}}', '2020-10-11 19:21:23'),
('cfaf4c99ef9cbc977e863a9548', '{\"api_id\":\"1\"}', '2020-10-12 20:04:59'),
('d054f53436d512a0eb6b758967', '{\"api_id\":\"1\",\"language\":\"en-gb\",\"currency\":\"INR\",\"customer_id\":\"1\",\"customer\":{\"customer_id\":\"1\",\"customer_group_id\":\"1\",\"firstname\":\"Pramod Patil\",\"lastname\":\"\",\"email\":\"pro.pramod.pune@gmail.com\",\"telephone\":\"9730519575\",\"custom_field\":[]}}', '2020-10-09 20:09:24'),
('d0c81993c4708608a0611e32eb', '{\"api_id\":\"1\",\"language\":\"en-gb\",\"currency\":\"INR\",\"customer_id\":\"1\",\"customer\":{\"customer_id\":\"1\",\"customer_group_id\":\"1\",\"firstname\":\"Pramod Patil\",\"lastname\":\"patil\",\"email\":\"pro.pramod.pune@gmail.com\",\"telephone\":\"9730519575\",\"custom_field\":[]},\"payment_address\":{\"firstname\":\"Pramod Patil\",\"lastname\":\"patil\",\"company\":\"abc.com\",\"address_1\":\"pune\",\"address_2\":\"\",\"postcode\":\"411401\",\"city\":\"pune\",\"zone_id\":\"1493\",\"zone\":\"Maharashtra\",\"zone_code\":\"MA\",\"country_id\":\"99\",\"country\":\"India\",\"iso_code_2\":\"IN\",\"iso_code_3\":\"IND\",\"address_format\":\"\",\"custom_field\":[]},\"payment_methods\":{\"free_checkout\":{\"code\":\"free_checkout\",\"title\":\"Free Checkout\",\"terms\":\"\",\"sort_order\":\"1\"}},\"payment_method\":{\"code\":\"free_checkout\",\"title\":\"Free Checkout\",\"terms\":\"\",\"sort_order\":\"1\"}}', '2020-10-05 06:53:24'),
('d2ae51645826241558b7473ed5', '{\"api_id\":\"1\",\"language\":\"en-gb\",\"currency\":\"INR\",\"customer_id\":\"1\",\"payment_address\":{\"firstname\":\"Pramod Patil\",\"lastname\":\"\",\"company\":\"abc.com\",\"address_1\":\"pune\",\"address_2\":\"\",\"postcode\":\"411401\",\"city\":\"pune\",\"zone_id\":\"1493\",\"zone\":\"Maharashtra\",\"zone_code\":\"MA\",\"country_id\":\"99\",\"country\":\"India\",\"iso_code_2\":\"IN\",\"iso_code_3\":\"IND\",\"address_format\":\"\",\"custom_field\":[]},\"customer\":{\"customer_id\":\"1\",\"customer_group_id\":\"1\",\"firstname\":\"Pramod Patil\",\"lastname\":\"\",\"email\":\"pro.pramod.pune@gmail.com\",\"telephone\":\"9730519575\",\"custom_field\":[]},\"shipping_address\":{\"firstname\":\"Pramod Patil\",\"lastname\":\"\",\"company\":\"abc.com\",\"address_1\":\"pune\",\"address_2\":\"\",\"postcode\":\"411401\",\"city\":\"pune\",\"zone_id\":\"1493\",\"zone\":\"Maharashtra\",\"zone_code\":\"MA\",\"country_id\":\"99\",\"country\":\"India\",\"iso_code_2\":\"IN\",\"iso_code_3\":\"IND\",\"address_format\":\"\",\"custom_field\":[]},\"payment_methods\":{\"bank_transfer\":{\"code\":\"bank_transfer\",\"title\":\"Bank Transfer\",\"terms\":\"\",\"sort_order\":\"1\"},\"cheque\":{\"code\":\"cheque\",\"title\":\"Cheque \\/ Money Order\",\"terms\":\"\",\"sort_order\":\"3\"},\"cod\":{\"code\":\"cod\",\"title\":\"Cash On Delivery\",\"terms\":\"\",\"sort_order\":\"5\"}},\"payment_method\":{\"code\":\"cod\",\"title\":\"Cash On Delivery\",\"terms\":\"\",\"sort_order\":\"5\"}}', '2020-10-08 19:40:09'),
('d37529c8cb43d2f492a25e11e0', '{\"api_id\":\"1\"}', '2020-10-08 20:24:51'),
('d4047278143e29ce0ffc4c215d', '{\"api_id\":\"1\",\"language\":\"en-gb\",\"currency\":\"INR\"}', '2020-10-13 21:00:39'),
('d51bc8e8ecc636d08257315550', '{\"api_id\":\"1\",\"language\":\"en-gb\",\"currency\":\"INR\"}', '2020-10-16 18:55:08'),
('d5dc8489d40146b6537dc101e3', '{\"api_id\":\"1\"}', '2020-10-08 20:17:47'),
('d6190b820da8b97b859e05a299', '{\"api_id\":\"1\"}', '2020-10-12 20:25:04'),
('d6df496ba1cf4bd886a6dd8ef9', '{\"api_id\":\"1\"}', '2020-10-07 18:16:12'),
('d81d8bbe648e60d366af1e2249', '{\"api_id\":\"1\"}', '2020-10-08 20:25:14'),
('d846790da0b5e57e13e96c6ad9', '{\"api_id\":\"1\"}', '2020-10-15 09:55:06'),
('d854fd206b4e34be30c42492b9', '{\"api_id\":\"1\",\"language\":\"en-gb\",\"currency\":\"INR\",\"customer_id\":\"1\",\"customer\":{\"customer_id\":\"1\",\"customer_group_id\":\"1\",\"firstname\":\"Pramod Patil\",\"lastname\":\"\",\"email\":\"pro.pramod.pune@gmail.com\",\"telephone\":\"9730519575\",\"custom_field\":[]},\"shipping_address\":{\"firstname\":\"Pramod Patil\",\"lastname\":\"\",\"company\":\"abc.com\",\"address_1\":\"pune\",\"address_2\":\"\",\"postcode\":\"411401\",\"city\":\"pune\",\"zone_id\":\"1493\",\"zone\":\"Maharashtra\",\"zone_code\":\"MA\",\"country_id\":\"99\",\"country\":\"India\",\"iso_code_2\":\"IN\",\"iso_code_3\":\"IND\",\"address_format\":\"\",\"custom_field\":[]}}', '2020-10-07 20:04:45'),
('d87d310c111b597c0861992e9e', '{\"api_id\":\"1\",\"language\":\"en-gb\",\"currency\":\"INR\"}', '2020-10-16 19:14:25'),
('d87f6f885c972d214533a460d4', '{\"api_id\":\"1\",\"language\":\"en-gb\",\"currency\":\"INR\",\"customer_id\":\"1\",\"customer\":{\"customer_id\":\"1\",\"customer_group_id\":\"1\",\"firstname\":\"Pramod Patil\",\"lastname\":\"\",\"email\":\"pro.pramod.pune@gmail.com\",\"telephone\":\"9730519575\",\"custom_field\":[]}}', '2020-10-08 22:05:56'),
('d9c95fb1c88087d32e0598749b', '{\"api_id\":\"1\",\"language\":\"en-gb\",\"currency\":\"INR\",\"customer_id\":\"1\",\"customer\":{\"customer_id\":\"1\",\"customer_group_id\":\"1\",\"firstname\":\"Pramod Patil\",\"lastname\":\"\",\"email\":\"pro.pramod.pune@gmail.com\",\"telephone\":\"9730519575\",\"custom_field\":[]}}', '2020-10-09 20:25:45'),
('d9d096d86c74ffcd92a91f0e67', '{\"api_id\":\"1\",\"language\":\"en-gb\",\"currency\":\"INR\",\"customer_id\":\"1\",\"customer\":{\"customer_id\":\"1\",\"customer_group_id\":\"1\",\"firstname\":\"Pramod Patil\",\"lastname\":\"\",\"email\":\"pro.pramod.pune@gmail.com\",\"telephone\":\"9730519575\",\"custom_field\":[]}}', '2020-10-05 20:04:48'),
('da236d53df669aae33cabb0686', '{\"api_id\":\"1\",\"language\":\"en-gb\",\"currency\":\"INR\",\"customer_id\":\"1\",\"payment_address\":{\"firstname\":\"Pramod Patil\",\"lastname\":\"\",\"company\":\"abc.com\",\"address_1\":\"pune\",\"address_2\":\"\",\"postcode\":\"411401\",\"city\":\"pune\",\"zone_id\":\"1493\",\"zone\":\"Maharashtra\",\"zone_code\":\"MA\",\"country_id\":\"99\",\"country\":\"India\",\"iso_code_2\":\"IN\",\"iso_code_3\":\"IND\",\"address_format\":\"\",\"custom_field\":[]},\"customer\":{\"customer_id\":\"1\",\"customer_group_id\":\"1\",\"firstname\":\"Pramod Patil\",\"lastname\":\"\",\"email\":\"pro.pramod.pune@gmail.com\",\"telephone\":\"9730519575\",\"custom_field\":[]},\"shipping_address\":{\"firstname\":\"Pramod Patil\",\"lastname\":\"\",\"company\":\"abc.com\",\"address_1\":\"pune\",\"address_2\":\"\",\"postcode\":\"411401\",\"city\":\"pune\",\"zone_id\":\"1493\",\"zone\":\"Maharashtra\",\"zone_code\":\"MA\",\"country_id\":\"99\",\"country\":\"India\",\"iso_code_2\":\"IN\",\"iso_code_3\":\"IND\",\"address_format\":\"\",\"custom_field\":[]},\"payment_methods\":{\"bank_transfer\":{\"code\":\"bank_transfer\",\"title\":\"Bank Transfer\",\"terms\":\"\",\"sort_order\":\"1\"},\"cheque\":{\"code\":\"cheque\",\"title\":\"Cheque \\/ Money Order\",\"terms\":\"\",\"sort_order\":\"3\"},\"cod\":{\"code\":\"cod\",\"title\":\"Cash On Delivery\",\"terms\":\"\",\"sort_order\":\"5\"}},\"payment_method\":{\"code\":\"cod\",\"title\":\"Cash On Delivery\",\"terms\":\"\",\"sort_order\":\"5\"}}', '2020-10-08 20:16:52'),
('dadde55f43625330e33be63ca0', '{\"api_id\":\"1\",\"language\":\"en-gb\",\"currency\":\"INR\",\"payment_address\":{\"payment_address\":\"1\",\"firstname\":\"Pramod Patil\",\"lastname\":\"\",\"company\":\"abc.com\",\"address_1\":\"pune\",\"address_2\":\"\",\"postcode\":\"411401\",\"city\":\"pune\",\"zone_id\":\"1493\",\"zone\":\"Maharashtra\",\"zone_code\":\"MA\",\"country_id\":\"99\",\"country\":\"India\",\"iso_code_2\":\"IN\",\"iso_code_3\":\"IND\",\"address_format\":\"\",\"custom_field\":[]},\"payment_methods\":{\"bank_transfer\":{\"code\":\"bank_transfer\",\"title\":\"Bank Transfer\",\"terms\":\"\",\"sort_order\":\"1\"},\"free_checkout\":{\"code\":\"free_checkout\",\"title\":\"Free Checkout\",\"terms\":\"\",\"sort_order\":\"4\"}},\"customer_id\":\"1\",\"customer\":{\"customer_id\":\"1\",\"customer_group_id\":\"1\",\"firstname\":\"Pramod Patil\",\"lastname\":\"\",\"email\":\"pro.pramod.pune@gmail.com\",\"telephone\":\"9730519575\",\"custom_field\":[]}}', '2020-10-08 21:02:32'),
('db55398a516df25f69a90de963', '{\"api_id\":\"1\",\"language\":\"en-gb\",\"currency\":\"USD\"}', '2020-10-14 19:51:06'),
('dc761b86618547d71ebe9dc3e5', '{\"api_id\":\"1\",\"language\":\"en-gb\",\"currency\":\"INR\"}', '2020-10-11 19:21:47'),
('dcc2dcb864be41c1055c951979', '{\"api_id\":\"1\",\"language\":\"en-gb\",\"currency\":\"INR\"}', '2020-10-11 19:15:45'),
('dce5ff0f08a33399a8dd0707bb', '{\"api_id\":\"1\"}', '2020-10-05 06:47:27'),
('dd55828868a4470572922cc6bf', '{\"api_id\":\"1\",\"language\":\"en-gb\",\"currency\":\"INR\"}', '2020-10-05 19:09:59'),
('dd5b78ef2c776db603057fd761', '{\"api_id\":\"1\",\"language\":\"en-gb\",\"currency\":\"INR\"}', '2020-10-05 19:30:40'),
('dda3aab69e76024f07b68bd28a', '{\"api_id\":\"1\",\"language\":\"en-gb\",\"currency\":\"INR\"}', '2020-10-12 19:14:44'),
('de0941ed22d46b430b6f472179', '{\"api_id\":\"1\"}', '2020-10-16 17:59:55'),
('de7470c2af8ca8313a5d7be32b', '{\"api_id\":\"1\",\"language\":\"en-gb\",\"currency\":\"INR\"}', '2020-10-16 18:52:55'),
('df0d6d76e7cc7fb466a0d0ff77', '{\"api_id\":\"1\"}', '2020-10-12 19:20:11'),
('df63f84da56a5c277b1150d704', '{\"api_id\":\"1\",\"language\":\"en-gb\",\"currency\":\"INR\"}', '2020-10-16 18:43:28'),
('dfcbf13c8a12565dedaf12c66f', '{\"api_id\":\"1\",\"language\":\"en-gb\",\"currency\":\"INR\",\"payment_address\":{\"firstname\":\"Pramod Patil\",\"lastname\":\"\",\"company\":\"abc.com\",\"address_1\":\"pune\",\"address_2\":\"\",\"postcode\":\"411401\",\"city\":\"pune\",\"zone_id\":\"1493\",\"zone\":\"Maharashtra\",\"zone_code\":\"MA\",\"country_id\":\"99\",\"country\":\"India\",\"iso_code_2\":\"IN\",\"iso_code_3\":\"IND\",\"address_format\":\"\",\"custom_field\":[]}}', '2020-10-07 19:34:46'),
('e087ed771fd8fc739cfaa7c199', '{\"api_id\":\"1\",\"language\":\"en-gb\",\"currency\":\"INR\"}', '2020-10-11 19:15:44'),
('e1071db79cf2b256c4056ceefe', '{\"api_id\":\"1\",\"language\":\"en-gb\",\"currency\":\"INR\",\"customer_id\":\"1\",\"customer\":{\"customer_id\":\"1\",\"customer_group_id\":\"1\",\"firstname\":\"Pramod Patil\",\"lastname\":\"\",\"email\":\"pro.pramod.pune@gmail.com\",\"telephone\":\"9730519575\",\"custom_field\":[]},\"shipping_address\":{\"shipping_address\":\"3\",\"firstname\":\"Pramod Patil\",\"lastname\":\"\",\"company\":\"abc.com\",\"address_1\":\"Lolhapur\",\"address_2\":\"\",\"postcode\":\"411412\",\"city\":\"Kolhapur\",\"zone_id\":\"1493\",\"zone\":\"Maharashtra\",\"zone_code\":\"MA\",\"country_id\":\"99\",\"country\":\"India\",\"iso_code_2\":\"IN\",\"iso_code_3\":\"IND\",\"address_format\":\"\",\"custom_field\":[]},\"shipping_methods\":{\"flat\":{\"title\":\"Flat Rate\",\"quote\":{\"flat\":{\"code\":\"flat.flat\",\"title\":\"Flat Shipping Rate\",\"cost\":\"5.00\",\"tax_class_id\":\"9\",\"text\":\"6.20Rs.\"}},\"sort_order\":\"1\",\"error\":\"false\"},\"free\":{\"title\":\"Free Shipping\",\"quote\":{\"free\":{\"code\":\"free.free\",\"title\":\"Free Shipping\",\"cost\":\"0\",\"tax_class_id\":\"0\",\"text\":\"0.00Rs.\"}},\"sort_order\":\"2\",\"error\":\"false\"},\"pickup\":{\"title\":\"Pickup\",\"quote\":{\"pickup\":{\"code\":\"pickup.pickup\",\"title\":\"Pickup From Store\",\"cost\":\"0\",\"tax_class_id\":\"0\",\"text\":\"0.00Rs.\"}},\"sort_order\":\"3\",\"error\":\"false\"}},\"shipping_method\":{\"code\":\"flat.flat\",\"title\":\"Flat Shipping Rate\",\"cost\":\"5.00\",\"tax_class_id\":\"9\",\"text\":\"6.20Rs.\"},\"payment_address\":{\"payment_address\":\"1\",\"firstname\":\"Pramod Patil\",\"lastname\":\"\",\"company\":\"abc.com\",\"address_1\":\"pune\",\"address_2\":\"\",\"postcode\":\"411401\",\"city\":\"pune\",\"zone_id\":\"1493\",\"zone\":\"Maharashtra\",\"zone_code\":\"MA\",\"country_id\":\"99\",\"country\":\"India\",\"iso_code_2\":\"IN\",\"iso_code_3\":\"IND\",\"address_format\":\"\"},\"payment_methods\":{\"bank_transfer\":{\"code\":\"bank_transfer\",\"title\":\"Bank Transfer\",\"terms\":\"\",\"sort_order\":\"1\"},\"cheque\":{\"code\":\"cheque\",\"title\":\"Cheque \\/ Money Order\",\"terms\":\"\",\"sort_order\":\"3\"},\"cod\":{\"code\":\"cod\",\"title\":\"Cash On Delivery\",\"terms\":\"\",\"sort_order\":\"5\"}},\"payment_method\":{\"code\":\"cod\",\"title\":\"Cash On Delivery\",\"terms\":\"\",\"sort_order\":\"5\"}}', '2020-10-12 19:07:21'),
('e12f097d1bc4dafd364d31f79f', '{\"api_id\":\"1\",\"language\":\"en-gb\",\"currency\":\"INR\"}', '2020-10-13 20:22:30'),
('e1c5fb0551743c80e25c7c063e', '{\"api_id\":\"1\",\"language\":\"en-gb\",\"currency\":\"INR\",\"customer_id\":\"1\",\"customer\":{\"customer_id\":\"1\",\"customer_group_id\":\"1\",\"firstname\":\"Pramod Patil\",\"lastname\":\"\",\"email\":\"pro.pramod.pune@gmail.com\",\"telephone\":\"9730519575\",\"custom_field\":[]}}', '2020-10-11 19:15:54'),
('e21446a8d9df8d4a1900faf911', '{\"api_id\":\"1\",\"language\":\"en-gb\",\"currency\":\"INR\",\"customer_id\":\"1\",\"customer\":{\"customer_id\":\"1\",\"customer_group_id\":\"1\",\"firstname\":\"Pramod Patil\",\"lastname\":\"\",\"email\":\"pro.pramod.pune@gmail.com\",\"telephone\":\"9730519575\",\"custom_field\":[]}}', '2020-10-09 20:15:02'),
('e351314f6f9aaf8afaf3444f0e', '{\"api_id\":\"1\",\"language\":\"en-gb\",\"currency\":\"INR\",\"customer_id\":\"1\",\"customer\":{\"customer_id\":\"1\",\"customer_group_id\":\"1\",\"firstname\":\"Pramod Patil\",\"lastname\":\"\",\"email\":\"pro.pramod.pune@gmail.com\",\"telephone\":\"9730519575\",\"custom_field\":[]}}', '2020-10-14 18:59:05'),
('e35143443c395816f47599cee2', '{\"api_id\":\"1\"}', '2020-10-11 05:24:02'),
('e3da510860f7394cbe0e24ec08', '{\"api_id\":\"1\",\"language\":\"en-gb\",\"currency\":\"INR\"}', '2020-10-09 20:07:40'),
('e541d4ba16f761556b0b3928c8', '{\"api_id\":\"1\"}', '2020-10-14 20:21:05'),
('e6dd75ba5dc99c01078529fee6', '{\"api_id\":\"1\"}', '2020-10-14 19:59:42'),
('e822c297a91d499fea0561826e', '{\"api_id\":\"1\",\"language\":\"en-gb\",\"currency\":\"INR\",\"customer_id\":\"1\",\"customer\":{\"customer_id\":\"1\",\"customer_group_id\":\"1\",\"firstname\":\"Pramod Patil\",\"lastname\":\"\",\"email\":\"pro.pramod.pune@gmail.com\",\"telephone\":\"9730519575\",\"custom_field\":[]}}', '2020-10-09 20:33:19'),
('e8da651d770056e66c43c9f0ad', '{\"api_id\":\"1\"}', '2020-10-12 20:06:51'),
('e91281d89ff11f31a86eb1a1ad', '{\"api_id\":\"1\",\"language\":\"en-gb\",\"currency\":\"INR\",\"customer_id\":\"1\",\"customer\":{\"customer_id\":\"1\",\"customer_group_id\":\"1\",\"firstname\":\"Pramod Patil\",\"lastname\":\"\",\"email\":\"pro.pramod.pune@gmail.com\",\"telephone\":\"9730519575\",\"custom_field\":[]},\"payment_address\":{\"payment_address\":\"1\",\"firstname\":\"Pramod Patil\",\"lastname\":\"\",\"company\":\"abc.com\",\"address_1\":\"pune\",\"address_2\":\"\",\"postcode\":\"411401\",\"city\":\"pune\",\"zone_id\":\"1493\",\"zone\":\"Maharashtra\",\"zone_code\":\"MA\",\"country_id\":\"99\",\"country\":\"India\",\"iso_code_2\":\"IN\",\"iso_code_3\":\"IND\",\"address_format\":\"\",\"custom_field\":[]},\"shipping_address\":{\"shipping_address\":\"1\",\"firstname\":\"Pramod Patil\",\"lastname\":\"\",\"company\":\"abc.com\",\"address_1\":\"pune\",\"address_2\":\"\",\"postcode\":\"411401\",\"city\":\"pune\",\"zone_id\":\"1493\",\"zone\":\"Maharashtra\",\"zone_code\":\"MA\",\"country_id\":\"99\",\"country\":\"India\",\"iso_code_2\":\"IN\",\"iso_code_3\":\"IND\",\"address_format\":\"\",\"custom_field\":[]},\"payment_methods\":{\"bank_transfer\":{\"code\":\"bank_transfer\",\"title\":\"Bank Transfer\",\"terms\":\"\",\"sort_order\":\"1\"},\"cheque\":{\"code\":\"cheque\",\"title\":\"Cheque \\/ Money Order\",\"terms\":\"\",\"sort_order\":\"3\"},\"cod\":{\"code\":\"cod\",\"title\":\"Cash On Delivery\",\"terms\":\"\",\"sort_order\":\"5\"}}}', '2020-10-08 21:26:06'),
('e91a3cb7b1d981631a9dac9a03', '{\"api_id\":\"1\",\"language\":\"en-gb\",\"currency\":\"INR\"}', '2020-10-13 16:15:30'),
('e99645fa3a38d6765bf23c55fb', '{\"api_id\":\"1\",\"language\":\"en-gb\",\"currency\":\"INR\"}', '2020-10-12 19:12:21'),
('e9bec662690b934a0539848e33', '{\"api_id\":\"1\",\"language\":\"en-gb\",\"currency\":\"INR\"}', '2020-10-14 18:27:51'),
('ea5b8537d9be674b46f2cd0935', '{\"api_id\":\"1\",\"language\":\"en-gb\",\"currency\":\"USD\"}', '2020-10-14 20:19:27'),
('ea674c65dcb4a5df32226e3537', '{\"api_id\":\"1\",\"language\":\"en-gb\",\"currency\":\"INR\"}', '2020-10-13 20:45:40'),
('eae2cb8b2cb8f31ef28cf1fca4', '{\"api_id\":\"1\"}', '2020-10-07 17:42:43'),
('eb20eebeba723768c68cbec38f', '{\"api_id\":\"1\"}', '2020-10-05 05:57:57'),
('eb40e04d2f70fd301ec3ad430f', '{\"api_id\":\"1\",\"language\":\"en-gb\",\"currency\":\"INR\",\"customer_id\":\"1\",\"payment_address\":{\"payment_address\":\"1\",\"firstname\":\"Pramod Patil\",\"lastname\":\"\",\"company\":\"abc.com\",\"address_1\":\"pune\",\"address_2\":\"\",\"postcode\":\"411401\",\"city\":\"pune\",\"zone_id\":\"1493\",\"zone\":\"Maharashtra\",\"zone_code\":\"MA\",\"country_id\":\"99\",\"country\":\"India\",\"iso_code_2\":\"IN\",\"iso_code_3\":\"IND\",\"address_format\":\"\",\"custom_field\":[]},\"customer\":{\"customer_id\":\"1\",\"customer_group_id\":\"1\",\"firstname\":\"Pramod Patil\",\"lastname\":\"\",\"email\":\"pro.pramod.pune@gmail.com\",\"telephone\":\"9730519575\",\"custom_field\":[]},\"shipping_address\":{\"shipping_address\":\"1\",\"firstname\":\"Pramod Patil\",\"lastname\":\"\",\"company\":\"abc.com\",\"address_1\":\"pune\",\"address_2\":\"\",\"postcode\":\"411401\",\"city\":\"pune\",\"zone_id\":\"1493\",\"zone\":\"Maharashtra\",\"zone_code\":\"MA\",\"country_id\":\"99\",\"country\":\"India\",\"iso_code_2\":\"IN\",\"iso_code_3\":\"IND\",\"address_format\":\"\",\"custom_field\":[]},\"payment_methods\":{\"bank_transfer\":{\"code\":\"bank_transfer\",\"title\":\"Bank Transfer\",\"terms\":\"\",\"sort_order\":\"1\"},\"cheque\":{\"code\":\"cheque\",\"title\":\"Cheque \\/ Money Order\",\"terms\":\"\",\"sort_order\":\"3\"},\"cod\":{\"code\":\"cod\",\"title\":\"Cash On Delivery\",\"terms\":\"\",\"sort_order\":\"5\"}}}', '2020-10-08 21:37:23'),
('ebc184b62fc0e05f921604d236', '{\"api_id\":\"1\"}', '2020-10-14 18:22:58'),
('ed20679643ff0a865681fcc357', '{\"api_id\":\"1\",\"language\":\"en-gb\",\"currency\":\"INR\",\"payment_address\":{\"firstname\":\"Pramod Patil\",\"lastname\":\"\",\"company\":\"abc.com\",\"address_1\":\"pune\",\"address_2\":\"\",\"postcode\":\"411401\",\"city\":\"pune\",\"zone_id\":\"1493\",\"zone\":\"Maharashtra\",\"zone_code\":\"MA\",\"country_id\":\"99\",\"country\":\"India\",\"iso_code_2\":\"IN\",\"iso_code_3\":\"IND\",\"address_format\":\"\",\"custom_field\":[]}}', '2020-10-07 19:29:03'),
('ed313b266727687b3ae2e2cb7a', '{\"api_id\":\"1\",\"language\":\"en-gb\",\"currency\":\"INR\"}', '2020-10-08 21:02:37'),
('ed7ec85bdb082dcb62d5c7a227', '{\"api_id\":\"1\",\"language\":\"en-gb\",\"currency\":\"INR\",\"customer_id\":\"1\",\"customer\":{\"customer_id\":\"1\",\"customer_group_id\":\"1\",\"firstname\":\"Pramod Patil\",\"lastname\":\"\",\"email\":\"pro.pramod.pune@gmail.com\",\"telephone\":\"9730519575\",\"custom_field\":[]},\"shipping_address\":{\"shipping_address\":\"1\",\"firstname\":\"Pramod Patil\",\"lastname\":\"\",\"company\":\"abc.com\",\"address_1\":\"pune\",\"address_2\":\"\",\"postcode\":\"411401\",\"city\":\"pune\",\"zone_id\":\"1493\",\"zone\":\"Maharashtra\",\"zone_code\":\"MA\",\"country_id\":\"99\",\"country\":\"India\",\"iso_code_2\":\"IN\",\"iso_code_3\":\"IND\",\"address_format\":\"\",\"custom_field\":[]},\"payment_address\":{\"payment_address\":\"1\",\"firstname\":\"Pramod Patil\",\"lastname\":\"\",\"company\":\"abc.com\",\"address_1\":\"pune\",\"address_2\":\"\",\"postcode\":\"411401\",\"city\":\"pune\",\"zone_id\":\"1493\",\"zone\":\"Maharashtra\",\"zone_code\":\"MA\",\"country_id\":\"99\",\"country\":\"India\",\"iso_code_2\":\"IN\",\"iso_code_3\":\"IND\",\"address_format\":\"\"},\"payment_methods\":{\"bank_transfer\":{\"code\":\"bank_transfer\",\"title\":\"Bank Transfer\",\"terms\":\"\",\"sort_order\":\"1\"},\"cheque\":{\"code\":\"cheque\",\"title\":\"Cheque \\/ Money Order\",\"terms\":\"\",\"sort_order\":\"3\"},\"cod\":{\"code\":\"cod\",\"title\":\"Cash On Delivery\",\"terms\":\"\",\"sort_order\":\"5\"}},\"payment_method\":{\"code\":\"cod\",\"title\":\"Cash On Delivery\",\"terms\":\"\",\"sort_order\":\"5\"},\"shipping_methods\":{\"flat\":{\"title\":\"Flat Rate\",\"quote\":{\"flat\":{\"code\":\"flat.flat\",\"title\":\"Flat Shipping Rate\",\"cost\":\"5.00\",\"tax_class_id\":\"9\",\"text\":\"6.20Rs.\"}},\"sort_order\":\"1\",\"error\":\"false\"},\"free\":{\"title\":\"Free Shipping\",\"quote\":{\"free\":{\"code\":\"free.free\",\"title\":\"Free Shipping\",\"cost\":\"0\",\"tax_class_id\":\"0\",\"text\":\"0.00Rs.\"}},\"sort_order\":\"2\",\"error\":\"false\"},\"pickup\":{\"title\":\"Pickup\",\"quote\":{\"pickup\":{\"code\":\"pickup.pickup\",\"title\":\"Pickup From Store\",\"cost\":\"0\",\"tax_class_id\":\"0\",\"text\":\"0.00Rs.\"}},\"sort_order\":\"3\",\"error\":\"false\"}},\"shipping_method\":{\"code\":\"flat.flat\",\"title\":\"Flat Shipping Rate\",\"cost\":\"5.00\",\"tax_class_id\":\"9\",\"text\":\"6.20Rs.\"}}', '2020-10-11 05:22:19'),
('ed960a61289c8b879bf2a620c7', '{\"api_id\":\"1\",\"language\":\"en-gb\",\"currency\":\"INR\"}', '2020-10-16 17:35:49'),
('ef4253a8277663e1e3481e7c79', '{\"api_id\":\"1\",\"language\":\"en-gb\",\"currency\":\"INR\"}', '2020-10-14 15:56:18'),
('f2137911861114708a8a0cc127', '{\"api_id\":\"1\",\"language\":\"en-gb\",\"currency\":\"INR\",\"customer_id\":\"1\",\"customer\":{\"customer_id\":\"1\",\"customer_group_id\":\"1\",\"firstname\":\"Pramod Patil\",\"lastname\":\"\",\"email\":\"pro.pramod.pune@gmail.com\",\"telephone\":\"9730519575\",\"custom_field\":[]}}', '2020-10-05 19:48:56'),
('f257624c2febc72ce9010351b5', '{\"api_id\":\"1\",\"language\":\"en-gb\",\"currency\":\"INR\",\"customer_id\":\"1\",\"customer\":{\"customer_id\":\"1\",\"customer_group_id\":\"1\",\"firstname\":\"Pramod Patil\",\"lastname\":\"\",\"email\":\"pro.pramod.pune@gmail.com\",\"telephone\":\"9730519575\",\"custom_field\":[]}}', '2020-10-13 16:06:44'),
('f29fbd52e13ac44a0e40ab58c5', '{\"api_id\":\"1\",\"language\":\"en-gb\",\"currency\":\"INR\",\"customer_id\":\"1\",\"customer\":{\"customer_id\":\"1\",\"customer_group_id\":\"1\",\"firstname\":\"Pramod Patil\",\"lastname\":\"\",\"email\":\"pro.pramod.pune@gmail.com\",\"telephone\":\"9730519575\",\"custom_field\":[]},\"shipping_address\":{\"firstname\":\"Pramod Patil\",\"lastname\":\"\",\"company\":\"abc.com\",\"address_1\":\"pune\",\"address_2\":\"\",\"postcode\":\"411401\",\"city\":\"pune\",\"zone_id\":\"1493\",\"zone\":\"Maharashtra\",\"zone_code\":\"MA\",\"country_id\":\"99\",\"country\":\"India\",\"iso_code_2\":\"IN\",\"iso_code_3\":\"IND\",\"address_format\":\"\",\"custom_field\":[]}}', '2020-10-07 20:05:54'),
('f3461f0f5bb28eba507f761f3e', '{\"api_id\":\"1\"}', '2020-10-16 08:31:18'),
('f372ccb5ab27e2349dd78a80d6', '{\"api_id\":\"1\",\"language\":\"en-gb\",\"currency\":\"INR\"}', '2020-10-13 21:00:37'),
('f39bafcdfbc7fc176485d94d8c', '{\"api_id\":\"1\",\"language\":\"en-gb\",\"currency\":\"INR\",\"customer_id\":\"1\",\"customer\":{\"customer_id\":\"1\",\"customer_group_id\":\"1\",\"firstname\":\"Pramod Patil\",\"lastname\":\"\",\"email\":\"pro.pramod.pune@gmail.com\",\"telephone\":\"9730519575\",\"custom_field\":[]},\"payment_address\":{\"payment_address\":\"0\",\"firstname\":\"Pramod Patil\",\"lastname\":\"\",\"company\":\"abc.com\",\"address_1\":\"pune\",\"address_2\":\"\",\"postcode\":\"411401\",\"city\":\"pune\",\"zone_id\":\"1493\",\"zone\":\"Maharashtra\",\"zone_code\":\"MA\",\"country_id\":\"99\",\"country\":\"India\",\"iso_code_2\":\"IN\",\"iso_code_3\":\"IND\",\"address_format\":\"\"},\"payment_methods\":{\"bank_transfer\":{\"code\":\"bank_transfer\",\"title\":\"Bank Transfer\",\"terms\":\"\",\"sort_order\":\"1\"},\"cheque\":{\"code\":\"cheque\",\"title\":\"Cheque \\/ Money Order\",\"terms\":\"\",\"sort_order\":\"3\"},\"cod\":{\"code\":\"cod\",\"title\":\"Cash On Delivery\",\"terms\":\"\",\"sort_order\":\"5\"}}}', '2020-10-11 04:49:55'),
('f3d662b8d7b84191f92526bd89', '{\"api_id\":\"1\",\"language\":\"en-gb\",\"currency\":\"INR\",\"payment_address\":{\"firstname\":\"Pramod Patil\",\"lastname\":\"\",\"company\":\"abc.com\",\"address_1\":\"pune\",\"address_2\":\"\",\"postcode\":\"411401\",\"city\":\"pune\",\"zone_id\":\"1493\",\"zone\":\"Maharashtra\",\"zone_code\":\"MA\",\"country_id\":\"99\",\"country\":\"India\",\"iso_code_2\":\"IN\",\"iso_code_3\":\"IND\",\"address_format\":\"\",\"custom_field\":[]}}', '2020-10-07 19:33:51'),
('f42e7c7186996c08652f8a30e8', '{\"api_id\":\"1\",\"language\":\"en-gb\",\"currency\":\"INR\"}', '2020-10-08 20:45:27'),
('f5b00d2cd91b34a1a96fc3929a', '{\"api_id\":\"1\"}', '2020-10-14 18:22:09'),
('f6e410d3c9e09b0a1cc96fa4ed', '{\"api_id\":\"1\",\"language\":\"en-gb\",\"currency\":\"INR\",\"customer_id\":\"1\",\"customer\":{\"customer_id\":\"1\",\"customer_group_id\":\"1\",\"firstname\":\"Pramod Patil\",\"lastname\":\"\",\"email\":\"pro.pramod.pune@gmail.com\",\"telephone\":\"9730519575\",\"custom_field\":[]}}', '2020-10-12 18:22:56'),
('f73e4dab054bdbe7f64d1e6ba4', '{\"api_id\":\"1\",\"language\":\"en-gb\",\"currency\":\"INR\"}', '2020-10-12 20:42:51'),
('f87aaa96a68d17898f00561ab9', '{\"api_id\":\"1\"}', '2020-10-15 06:45:32'),
('f894f7be03c5200d55d0a8b6df', '{\"api_id\":\"1\",\"language\":\"en-gb\",\"currency\":\"INR\"}', '2020-10-05 19:26:21'),
('f8f81ab2147d59606e428c90c3', '{\"api_id\":\"1\"}', '2020-10-13 16:06:52'),
('f9d6b6a615b6b082a14e03399c', '{\"api_id\":\"1\",\"language\":\"en-gb\",\"currency\":\"INR\",\"customer_id\":\"1\",\"customer\":{\"customer_id\":\"1\",\"customer_group_id\":\"1\",\"firstname\":\"Pramod Patil\",\"lastname\":\"\",\"email\":\"pro.pramod.pune@gmail.com\",\"telephone\":\"9730519575\",\"custom_field\":[]},\"shipping_address\":{\"shipping_address\":\"1\",\"firstname\":\"Pramod Patil\",\"lastname\":\"\",\"company\":\"abc.com\",\"address_1\":\"pune\",\"address_2\":\"\",\"postcode\":\"411401\",\"city\":\"pune\",\"zone_id\":\"1493\",\"zone\":\"Maharashtra\",\"zone_code\":\"MA\",\"country_id\":\"99\",\"country\":\"India\",\"iso_code_2\":\"IN\",\"iso_code_3\":\"IND\",\"address_format\":\"\",\"custom_field\":[]},\"shipping_methods\":{\"flat\":{\"title\":\"Flat Rate\",\"quote\":{\"flat\":{\"code\":\"flat.flat\",\"title\":\"Flat Shipping Rate\",\"cost\":\"5.00\",\"tax_class_id\":\"9\",\"text\":\"6.20Rs.\"}},\"sort_order\":\"1\",\"error\":false},\"free\":{\"title\":\"Free Shipping\",\"quote\":{\"free\":{\"code\":\"free.free\",\"title\":\"Free Shipping\",\"cost\":0,\"tax_class_id\":0,\"text\":\"0.00Rs.\"}},\"sort_order\":\"2\",\"error\":false},\"pickup\":{\"title\":\"Pickup\",\"quote\":{\"pickup\":{\"code\":\"pickup.pickup\",\"title\":\"Pickup From Store\",\"cost\":0,\"tax_class_id\":0,\"text\":\"0.00Rs.\"}},\"sort_order\":\"3\",\"error\":false}}}', '2020-10-08 21:54:00'),
('fa5bd3f0945399661833935c30', '{\"api_id\":\"1\",\"language\":\"en-gb\",\"currency\":\"INR\",\"customer_id\":\"1\",\"customer\":{\"customer_id\":\"1\",\"customer_group_id\":\"1\",\"firstname\":\"Pramod Patil\",\"lastname\":\"\",\"email\":\"pro.pramod.pune@gmail.com\",\"telephone\":\"9730519575\",\"custom_field\":[]}}', '2020-10-06 18:45:04'),
('fa6db484108148d20e51a6b9be', '{\"api_id\":\"1\"}', '2020-10-11 05:41:30'),
('fb906b33486cf633e5e43fcfdc', '{\"api_id\":\"1\",\"language\":\"en-gb\",\"currency\":\"INR\",\"customer_id\":\"1\",\"customer\":{\"customer_id\":\"1\",\"customer_group_id\":\"1\",\"firstname\":\"Pramod Patil\",\"lastname\":\"\",\"email\":\"pro.pramod.pune@gmail.com\",\"telephone\":\"9730519575\",\"custom_field\":[]}}', '2020-10-09 20:31:21'),
('fbad3bdb266aa250037a88278f', '{\"api_id\":\"1\",\"language\":\"en-gb\",\"currency\":\"INR\",\"customer_id\":\"1\",\"customer\":{\"customer_id\":\"1\",\"customer_group_id\":\"1\",\"firstname\":\"Pramod Patil\",\"lastname\":\"\",\"email\":\"pro.pramod.pune@gmail.com\",\"telephone\":\"9730519575\",\"custom_field\":[]},\"payment_address\":{\"payment_address\":null,\"firstname\":\"Pramod Patil\",\"lastname\":\"\",\"company\":\"abc.com\",\"address_1\":\"pune\",\"address_2\":\"\",\"postcode\":\"411401\",\"city\":\"pune\",\"zone_id\":\"1493\",\"zone\":\"Maharashtra\",\"zone_code\":\"MA\",\"country_id\":\"99\",\"country\":\"India\",\"iso_code_2\":\"IN\",\"iso_code_3\":\"IND\",\"address_format\":\"\",\"custom_field\":[]}}', '2020-10-12 18:12:32'),
('fbbb33e9e7441e444b412cd677', '{\"api_id\":\"1\",\"language\":\"en-gb\",\"currency\":\"INR\"}', '2020-10-16 16:05:11'),
('fbc166428b2deb9bdbe2d630a5', '{\"api_id\":\"1\"}', '2020-10-15 10:20:04'),
('fc074547491e54f62346827d1d', '{\"api_id\":\"1\"}', '2020-10-15 09:55:16'),
('fc4ea0eb5efa9c6ea886df61de', '{\"api_id\":\"1\"}', '2020-10-15 09:36:26'),
('fcb6bc0e980b8b376826c3d252', '{\"api_id\":\"1\",\"language\":\"en-gb\",\"currency\":\"INR\"}', '2020-10-16 17:39:07'),
('fd358c728df29679074ed6061f', '{\"api_id\":\"1\"}', '2020-10-13 16:10:37'),
('fd3809f6fd07a96f1ec214eddd', '{\"api_id\":\"1\",\"language\":\"en-gb\",\"currency\":\"INR\",\"customer_id\":\"1\",\"customer\":{\"customer_id\":\"1\",\"customer_group_id\":\"1\",\"firstname\":\"Pramod Patil\",\"lastname\":\"\",\"email\":\"pro.pramod.pune@gmail.com\",\"telephone\":\"9730519575\",\"custom_field\":[]}}', '2020-10-06 19:11:10'),
('fd86bae3363fe626b6bfa77ac2', '{\"api_id\":\"1\"}', '2020-10-14 18:58:21'),
('fd9acbb729ad4242ed9168e101', '{\"api_id\":\"1\",\"language\":\"en-gb\",\"currency\":\"INR\"}', '2020-10-13 16:10:57'),
('fe1ee20bd30d76d943b5477a69', '{\"api_id\":\"1\"}', '2020-10-05 06:51:37'),
('fe94f7afa6baaf38b6dcde9c6c', '{\"api_id\":\"1\",\"language\":\"en-gb\",\"currency\":\"INR\"}', '2020-10-11 05:32:45'),
('feeb35b4c510a186e400fc14a8', '{\"api_id\":\"1\"}', '2020-10-11 04:46:07'),
('ff425a095aeb22e961fae0ef96', '{\"api_id\":\"1\",\"language\":\"en-gb\",\"currency\":\"INR\"}', '2020-10-07 18:47:26');

-- --------------------------------------------------------

--
